{"id":42,"date":"2017-11-06T16:53:59","date_gmt":"2017-11-06T16:53:59","guid":{"rendered":"http:\/\/help.unhcr.org\/venezuela\/?page_id=42"},"modified":"2022-12-14T14:27:22","modified_gmt":"2022-12-14T14:27:22","slug":"obligaciones-de-refugiados","status":"publish","type":"page","link":"https:\/\/help.unhcr.org\/venezuela\/derechos-y-obligaciones\/obligaciones-de-refugiados\/","title":{"rendered":"Obligaciones de los refugiados"},"content":{"rendered":"<h2>\u00bfCu\u00e1les son tus obligaciones como refugiado o refugiada en Venezuela?<\/h2>\n<ul>\n<li>Respetar la Constituci\u00f3n y las leyes de la Rep\u00fablica Bolivariana de Venezuela (Art. 24 LORRAA).<\/li>\n<li>No intervenir en asuntos pol\u00edticos o de otra \u00edndole que comprometan la seguridad nacional o los intereses internos y\/o externos de Venezuela (Art. 24 LORRAA).<\/li>\n<li>Notificar a la CONARE todo cambio de domicilio dentro del territorio nacional (Art. 25 LORRAA)<\/li>\n<li>Todos las personas refugiadas y solicitantes de esta condici\u00f3n tienen el deber de decir la verdad en sus declaraciones. Esto incluye la obligaci\u00f3n de proveer todos los detalles relevantes para su caso y no omitir informaci\u00f3n, caso contrario podr\u00edan incurrir en fraude, de conformidad con las pol\u00edticas internas de ACNUR.<\/li>\n<\/ul>\n","protected":false},"excerpt":{"rendered":"<p>\u00bfCu\u00e1les son tus obligaciones como refugiado o refugiada en Venezuela? Respetar la Constituci\u00f3n y las leyes de la Rep\u00fablica Bolivariana de Venezuela (Art. 24 LORRAA). No intervenir en asuntos pol\u00edticos o de otra \u00edndole que comprometan la seguridad nacional o los intereses internos y\/o externos de Venezuela (Art. 24 LORRAA). Notificar a la CONARE todo [&hellip;]<\/p>\n","protected":false},"author":1,"featured_media":0,"parent":38,"menu_order":1,"comment_status":"closed","ping_status":"closed","template":"","meta":{"_acf_changed":false,"footnotes":""},"class_list":["post-42","page","type-page","status-publish","hentry"],"acf":[],"_links":{"self":[{"href":"https:\/\/help.unhcr.org\/venezuela\/wp-json\/wp\/v2\/pages\/42","targetHints":{"allow":["GET"]}}],"collection":[{"href":"https:\/\/help.unhcr.org\/venezuela\/wp-json\/wp\/v2\/pages"}],"about":[{"href":"https:\/\/help.unhcr.org\/venezuela\/wp-json\/wp\/v2\/types\/page"}],"author":[{"embeddable":true,"href":"https:\/\/help.unhcr.org\/venezuela\/wp-json\/wp\/v2\/users\/1"}],"replies":[{"embeddable":true,"href":"https:\/\/help.unhcr.org\/venezuela\/wp-json\/wp\/v2\/comments?post=42"}],"version-history":[{"count":4,"href":"https:\/\/help.unhcr.org\/venezuela\/wp-json\/wp\/v2\/pages\/42\/revisions"}],"predecessor-version":[{"id":582,"href":"https:\/\/help.unhcr.org\/venezuela\/wp-json\/wp\/v2\/pages\/42\/revisions\/582"}],"up":[{"embeddable":true,"href":"https:\/\/help.unhcr.org\/venezuela\/wp-json\/wp\/v2\/pages\/38"}],"wp:attachment":[{"href":"https:\/\/help.unhcr.org\/venezuela\/wp-json\/wp\/v2\/media?parent=42"}],"curies":[{"name":"wp","href":"https:\/\/api.w.org\/{rel}","templated":true}]}}