{"id":975,"date":"2026-03-11T20:14:27","date_gmt":"2026-03-11T20:14:27","guid":{"rendered":"https:\/\/help.unhcr.org\/uruguay\/?page_id=975"},"modified":"2026-03-11T20:41:45","modified_gmt":"2026-03-11T20:41:45","slug":"como-solicitar-refugio","status":"publish","type":"page","link":"https:\/\/help.unhcr.org\/uruguay\/como-solicitar-refugio\/","title":{"rendered":"C\u00f3mo solicitar refugio"},"content":{"rendered":"\n<p>Uruguay considera personas refugiadas a quienes se han visto obligados\/as a abandonar su pa\u00eds de origen o de residencia habitual:<\/p>\n\n\n<div class=\"wp-block-image\">\n<figure class=\"alignleft is-resized\"><img decoding=\"async\" src=\"https:\/\/help.unhcr.org\/argentina\/wp-content\/uploads\/sites\/17\/2024\/12\/image.png\" alt=\"This image has an empty alt attribute; its file name is Refugee-1.png\" class=\"wp-image-1362\" style=\"width:172px;height:auto\" \/><\/figure><\/div>\n\n\n<ul class=\"wp-block-list\">\n<li>Por&nbsp;<strong>temor a ser perseguidas<\/strong>&nbsp;por su opini\u00f3n pol\u00edtica, religi\u00f3n, nacionalidad, pertenencia a determinado grupo \u00e9tnico o grupo social,<\/li>\n\n\n\n<li>o bien porque su<strong>&nbsp;vida, seguridad o libertad se vieron amenazadas<\/strong>&nbsp;por la violencia generalizada, la agresi\u00f3n extranjera, los conflictos internos, la violaci\u00f3n masiva de los derechos humanos u otras circunstancias que hayan perturbado gravemente el orden p\u00fablico.<\/li>\n<\/ul>\n\n\n\n<p>Cuando esto sucede, toda persona tiene derecho a solicitar la protecci\u00f3n del pa\u00eds al que arriba como resultado del desplazamiento.<\/p>\n\n\n\n<p><strong>En Uruguay, el reconocimiento y la protecci\u00f3n de las personas refugiadas se encuentran contemplados en la&nbsp;\u202f<a href=\"https:\/\/www.refworld.org.es\/type,LEGISLATION,,,57f7940240,0.html?_gl=1*e6w1g5*_rup_ga*MTA1NTM2MzY2LjE3NDg5ODQzMjQ.*_rup_ga_EVDQTJ4LMY*czE3NzMyNTgwNjgkbzY0JGcxJHQxNzczMjU5Nzc3JGo1OSRsMCRoMA..\" target=\"_blank\" rel=\"noreferrer noopener\">Ley N\u00b018.076.<\/a>&nbsp;<\/strong><\/p>\n\n\n\n<div class=\"wp-block-buttons is-layout-flex wp-block-buttons-is-layout-flex\">\n<div class=\"wp-block-button\"><a class=\"wp-block-button__link has-black-color has-text-color has-background has-link-color wp-element-button\" href=\"https:\/\/help.unhcr.org\/uruguay\/personas-refugiadas-en-uruguay\/derechos-y-obligaciones\/\" style=\"background-color:#faeb00\">\u00bfCu\u00e1les son sus derechos y obligaciones?<\/a><\/div>\n\n\n\n<div class=\"wp-block-button is-style-fill\"><a class=\"wp-block-button__link has-black-color has-text-color has-background has-link-color wp-element-button\" href=\"https:\/\/help.unhcr.org\/uruguay\/como-solicitar-la-condicion-de-refugiado\/\" style=\"background-color:#faeb00\">Proceso de solicitud en Uruguay<\/a><\/div>\n<\/div>\n\n\n\n<p><\/p>\n","protected":false},"excerpt":{"rendered":"<p>Uruguay considera personas refugiadas a quienes se han visto obligados\/as a abandonar su pa\u00eds de origen o de residencia habitual: Cuando esto sucede, toda persona tiene derecho a solicitar la protecci\u00f3n del pa\u00eds al que arriba como resultado del desplazamiento. En Uruguay, el reconocimiento y la protecci\u00f3n de las personas refugiadas se encuentran contemplados en [&hellip;]<\/p>\n","protected":false},"author":472,"featured_media":0,"parent":0,"menu_order":0,"comment_status":"closed","ping_status":"closed","template":"","meta":{"_acf_changed":false,"footnotes":""},"class_list":["post-975","page","type-page","status-publish","hentry"],"acf":[],"_links":{"self":[{"href":"https:\/\/help.unhcr.org\/uruguay\/wp-json\/wp\/v2\/pages\/975","targetHints":{"allow":["GET"]}}],"collection":[{"href":"https:\/\/help.unhcr.org\/uruguay\/wp-json\/wp\/v2\/pages"}],"about":[{"href":"https:\/\/help.unhcr.org\/uruguay\/wp-json\/wp\/v2\/types\/page"}],"author":[{"embeddable":true,"href":"https:\/\/help.unhcr.org\/uruguay\/wp-json\/wp\/v2\/users\/472"}],"replies":[{"embeddable":true,"href":"https:\/\/help.unhcr.org\/uruguay\/wp-json\/wp\/v2\/comments?post=975"}],"version-history":[{"count":2,"href":"https:\/\/help.unhcr.org\/uruguay\/wp-json\/wp\/v2\/pages\/975\/revisions"}],"predecessor-version":[{"id":982,"href":"https:\/\/help.unhcr.org\/uruguay\/wp-json\/wp\/v2\/pages\/975\/revisions\/982"}],"wp:attachment":[{"href":"https:\/\/help.unhcr.org\/uruguay\/wp-json\/wp\/v2\/media?parent=975"}],"curies":[{"name":"wp","href":"https:\/\/api.w.org\/{rel}","templated":true}]}}