{"id":124,"date":"2020-01-28T17:30:08","date_gmt":"2020-01-28T17:30:08","guid":{"rendered":"http:\/\/help.unhcr.org\/uruguay\/?page_id=124"},"modified":"2026-03-16T18:45:43","modified_gmt":"2026-03-16T18:45:43","slug":"derechos-y-obligaciones","status":"publish","type":"page","link":"https:\/\/help.unhcr.org\/uruguay\/como-solicitar-refugio\/derechos-y-obligaciones\/","title":{"rendered":"Derechos y obligaciones"},"content":{"rendered":"\n<p>Las personas refugiadas y solicitantes de refugio en Uruguay tienen los siguientes derechos y obligaciones :<\/p>\n\n\n\n<figure class=\"wp-block-table\"><table class=\"has-white-color has-text-color has-background has-link-color has-fixed-layout\" style=\"background-color:#0072bc\"><tbody><tr><td><strong>DERECHOS<\/strong><\/td><\/tr><tr><td>&#8211; No ser devueltas, expulsadas o extraditadas al pa\u00eds donde su vida, integridad, libertad o seguridad puedan estar en peligro.<br><br>&#8211; No ser sancionadas por ingresar irregularmente al pa\u00eds, si demuestran las razones que les obligaron a tomar esa decisi\u00f3n.<br><br>&#8211; No ser v\u00edctimas de discriminaci\u00f3n o vulneraci\u00f3n de derechos.<br><br>&#8211; Acceder al procedimiento para la determinaci\u00f3n de la condici\u00f3n de refugiado\/a.<br><br>&#8211; Acceder a documentaci\u00f3n provisoria como solicitante de la condici\u00f3n de refugiado\/a mientras se analiza su solicitud.<br><br>&#8211; Permanecer y circular libremente por el territorio nacional mientras se resuelve su solicitud.<br><br>&#8211; Acceder a los sistemas p\u00fablicos de salud, educaci\u00f3n y justicia.<br><br>&#8211; Acceder a un trabajo registrado y\/o emprender un negocio.<br><br>&#8211; Reunificarse con sus familiares en caso de ser reconocidos como refugiado\/as.<br><br>&#8211; Practicar libremente su religi\u00f3n.<br><br>&#8211; Contar con que sus datos y la informaci\u00f3n sobre su caso ser\u00e1n tratados con confidencialidad.<\/td><\/tr><\/tbody><\/table><\/figure>\n\n\n\n<figure class=\"wp-block-table\"><table class=\"has-background has-fixed-layout\" style=\"background-color:#faeb00\"><tbody><tr><td><strong>OBLIGACIONES<\/strong><\/td><\/tr><tr><td>&#8211; Respetar las leyes nacionales.<br><br>&#8211; Respetar a las personas, entidades, organismos p\u00fablicos y privados.<br><br>&#8211; Informar a la CORE sobre sus intenciones de salir del pa\u00eds, expresando los motivos y fechas en que desea viajar.<\/td><\/tr><\/tbody><\/table><\/figure>\n","protected":false},"excerpt":{"rendered":"<p>Las personas refugiadas y solicitantes de refugio en Uruguay tienen los siguientes derechos y obligaciones : DERECHOS &#8211; No ser devueltas, expulsadas o extraditadas al pa\u00eds donde su vida, integridad, libertad o seguridad puedan estar en peligro. &#8211; No ser sancionadas por ingresar irregularmente al pa\u00eds, si demuestran las razones que les obligaron a tomar [&hellip;]<\/p>\n","protected":false},"author":74,"featured_media":0,"parent":975,"menu_order":0,"comment_status":"closed","ping_status":"closed","template":"","meta":{"_acf_changed":false,"footnotes":""},"class_list":["post-124","page","type-page","status-publish","hentry"],"acf":[],"_links":{"self":[{"href":"https:\/\/help.unhcr.org\/uruguay\/wp-json\/wp\/v2\/pages\/124","targetHints":{"allow":["GET"]}}],"collection":[{"href":"https:\/\/help.unhcr.org\/uruguay\/wp-json\/wp\/v2\/pages"}],"about":[{"href":"https:\/\/help.unhcr.org\/uruguay\/wp-json\/wp\/v2\/types\/page"}],"author":[{"embeddable":true,"href":"https:\/\/help.unhcr.org\/uruguay\/wp-json\/wp\/v2\/users\/74"}],"replies":[{"embeddable":true,"href":"https:\/\/help.unhcr.org\/uruguay\/wp-json\/wp\/v2\/comments?post=124"}],"version-history":[{"count":4,"href":"https:\/\/help.unhcr.org\/uruguay\/wp-json\/wp\/v2\/pages\/124\/revisions"}],"predecessor-version":[{"id":984,"href":"https:\/\/help.unhcr.org\/uruguay\/wp-json\/wp\/v2\/pages\/124\/revisions\/984"}],"up":[{"embeddable":true,"href":"https:\/\/help.unhcr.org\/uruguay\/wp-json\/wp\/v2\/pages\/975"}],"wp:attachment":[{"href":"https:\/\/help.unhcr.org\/uruguay\/wp-json\/wp\/v2\/media?parent=124"}],"curies":[{"name":"wp","href":"https:\/\/api.w.org\/{rel}","templated":true}]}}