{"id":2335,"date":"2022-10-04T13:34:16","date_gmt":"2022-10-04T13:34:16","guid":{"rendered":"https:\/\/help.unhcr.org\/spain\/information-on-family-reunification\/"},"modified":"2023-11-01T11:18:10","modified_gmt":"2023-11-01T11:18:10","slug":"information-on-family-reunification","status":"publish","type":"page","link":"https:\/\/help.unhcr.org\/spain\/information-on-family-reunification\/","title":{"rendered":"Reagrupaci\u00f3n Familiar (Protecci\u00f3n Temporal)"},"content":{"rendered":"\n<h2 class=\"wp-block-heading has-medium-font-size\"><strong>\u00bfQui\u00e9n puede solicitar la reagrupaci\u00f3n familiar?<\/strong><\/h2>\n\n\n\n<p>Si tienes protecci\u00f3n temporal en Espa\u00f1a y quieres reagruparte con tus familiares que se encuentran fuera del territorio Schengen, tienes derecho a solicitar la reagrupaci\u00f3n familiar.<\/p>\n\n\n\n<h2 class=\"wp-block-heading has-medium-font-size\"><strong>\u00bfQu\u00e9 familiares es posible reagrupar?<\/strong><strong><\/strong><\/h2>\n\n\n\n<p>Seg\u00fan la normativa espa\u00f1ola sobre protecci\u00f3n temporal, se puede solicitar la reagrupaci\u00f3n familiar para los siguientes familiares de la persona beneficiaria de protecci\u00f3n temporal:<\/p>\n\n\n\n<ul class=\"wp-block-list\">\n<li>C\u00f3nyuge o pareja.<\/li>\n\n\n\n<li>Hijos menores de edad.<\/li>\n\n\n\n<li>Padre o madre que conviv\u00edan con la persona que solicita la reagrupaci\u00f3n familiar fueran dependientes de esta.<\/li>\n<\/ul>\n\n\n\n<h2 class=\"wp-block-heading has-medium-font-size\"><strong>\u00bfC\u00f3mo presentar la solicitud de reagrupaci\u00f3n familiar?<\/strong><\/h2>\n\n\n\n<p>La persona con protecci\u00f3n temporal tiene que dirigir un escrito en espa\u00f1ol a la Oficina de Asilo y Refugio (OAR) solicitando una reagrupaci\u00f3n familiar por protecci\u00f3n temporal. Adem\u00e1s, es necesario adjuntar copias de los siguientes documentos:&nbsp;<\/p>\n\n\n\n<ul class=\"wp-block-list\">\n<li>Pasaporte y documento de protecci\u00f3n temporal de la persona beneficiaria de protecci\u00f3n temporal y que solicita la reagrupaci\u00f3n.<\/li>\n\n\n\n<li>Informaci\u00f3n sobre los familiares para los que pide la reagrupaci\u00f3n: nombre, apellidos, fecha nacimiento, nacionalidad y grado de parentesco.<\/li>\n\n\n\n<li>Documentaci\u00f3n que demuestre el parentesco: certificados de matrimonio, de nacimiento, etc.<\/li>\n\n\n\n<li>Direcci\u00f3n y tel\u00e9fono o correo electr\u00f3nico de contacto en el pa\u00eds donde se encuentren los familiares.<\/li>\n<\/ul>\n\n\n\n<p>La solicitud se presenta por <a href=\"https:\/\/administracion.gob.es\/pagFront\/atencionCiudadana\/oficinas\/encuentraOficina.htm\" target=\"_blank\" rel=\"noreferrer noopener\">Registro Administrativo (puedes encontrar la oficina m\u00e1s cercana en este enlace<\/a>) o en las oficinas de Correos, dirigiendo el escrito a la <strong>Subdirecci\u00f3n General de Protecci\u00f3n Internacional, Direcci\u00f3n General de Pol\u00edtica Interior, Ministerio del Interior<\/strong>. Es importante que indiques en el <strong>asunto del env\u00edo que se trata de una solicitud de reagrupaci\u00f3n familiar de protecci\u00f3n temporal<\/strong>. La oficina registrar\u00e1 tu escrito y te devolver\u00e1 el original junto con el resguardo de presentaci\u00f3n.<\/p>\n\n\n\n<p>Una vez que la solicitud sea valorada por la Oficina de Asilo y Refugio, la Embajada de Espa\u00f1a en el pa\u00eds donde se encuentren tus familiares se pondr\u00e1 en contacto con ellos para hacer las comprobaciones de documentaci\u00f3n necesarias, e indicarles los pasos a seguir para la obtenci\u00f3n del visado para viajar a Espa\u00f1a, en caso de que se conceda la reagrupaci\u00f3n.<\/p>\n\n\n\n<p>Aunque se trata de un tr\u00e1mite que puedes realizar t\u00fa mismo, te aconsejamos pedir ayuda a un abogado especializado. <a href=\"https:\/\/help.unhcr.org\/spain\/donde-encontrar-ayuda-espana\/asistencia-legal\/\" target=\"_blank\" rel=\"noreferrer noopener\">Aqu\u00ed podr\u00e1s encontrar Colegios de Abogados y organizaciones especializadas con servicios de asesoramiento jur\u00eddico gratuito<\/a>.<\/p>\n\n\n\n<h2 class=\"wp-block-heading has-medium-font-size\"><strong>Recomendaciones e informaci\u00f3n sobre reunificaci\u00f3n de familiares separados por la guerra en Ucrania:<\/strong><\/h2>\n\n\n\n<div data-wp-interactive=\"core\/file\" class=\"wp-block-file\"><object data-wp-bind--hidden=\"!state.hasPdfPreview\" hidden class=\"wp-block-file__embed\" data=\"https:\/\/help.unhcr.org\/spain\/wp-content\/uploads\/sites\/61\/2023\/01\/Family-unity-and-family-reunification-Persons-fleeing-URK-Spanish.pdf\" type=\"application\/pdf\" style=\"width:100%;height:600px\" aria-label=\"Embed of Unidad Familiar y Reunificaci\u00f3n Familiar-ESP.\"><\/object><a id=\"wp-block-file--media-849ea278-f7ee-46c9-8563-a46bed3fc6cc\" href=\"https:\/\/help.unhcr.org\/spain\/wp-content\/uploads\/sites\/61\/2023\/01\/Family-unity-and-family-reunification-Persons-fleeing-URK-Spanish.pdf\">Unidad Familiar y Reunificaci\u00f3n Familiar-ESP<\/a><a href=\"https:\/\/help.unhcr.org\/spain\/wp-content\/uploads\/sites\/61\/2023\/01\/Family-unity-and-family-reunification-Persons-fleeing-URK-Spanish.pdf\" class=\"wp-block-file__button wp-element-button\" download aria-describedby=\"wp-block-file--media-849ea278-f7ee-46c9-8563-a46bed3fc6cc\">Download<\/a><\/div>\n","protected":false},"excerpt":{"rendered":"<p>\u00bfQui\u00e9n puede solicitar la reagrupaci\u00f3n familiar? Si tienes protecci\u00f3n temporal en Espa\u00f1a y quieres reagruparte con tus familiares que se encuentran fuera del territorio Schengen, tienes derecho a solicitar la reagrupaci\u00f3n familiar. \u00bfQu\u00e9 familiares es posible reagrupar? Seg\u00fan la normativa espa\u00f1ola sobre protecci\u00f3n temporal, se puede solicitar la reagrupaci\u00f3n familiar para los siguientes familiares de [&hellip;]<\/p>\n","protected":false},"author":137,"featured_media":0,"parent":0,"menu_order":0,"comment_status":"closed","ping_status":"closed","template":"","meta":{"_acf_changed":false,"footnotes":""},"class_list":["post-2335","page","type-page","status-publish","hentry"],"acf":[],"_links":{"self":[{"href":"https:\/\/help.unhcr.org\/spain\/wp-json\/wp\/v2\/pages\/2335","targetHints":{"allow":["GET"]}}],"collection":[{"href":"https:\/\/help.unhcr.org\/spain\/wp-json\/wp\/v2\/pages"}],"about":[{"href":"https:\/\/help.unhcr.org\/spain\/wp-json\/wp\/v2\/types\/page"}],"author":[{"embeddable":true,"href":"https:\/\/help.unhcr.org\/spain\/wp-json\/wp\/v2\/users\/137"}],"replies":[{"embeddable":true,"href":"https:\/\/help.unhcr.org\/spain\/wp-json\/wp\/v2\/comments?post=2335"}],"version-history":[{"count":10,"href":"https:\/\/help.unhcr.org\/spain\/wp-json\/wp\/v2\/pages\/2335\/revisions"}],"predecessor-version":[{"id":2869,"href":"https:\/\/help.unhcr.org\/spain\/wp-json\/wp\/v2\/pages\/2335\/revisions\/2869"}],"wp:attachment":[{"href":"https:\/\/help.unhcr.org\/spain\/wp-json\/wp\/v2\/media?parent=2335"}],"curies":[{"name":"wp","href":"https:\/\/api.w.org\/{rel}","templated":true}]}}

Reagrupación Familiar (Protección Temporal)

<h2 class="wp-block-heading has-medium-font-size"><strong>¿Quién puede solicitar la reagrupación familiar?</strong></h2>



<p>Si tienes protección temporal en España y quieres reagruparte con tus familiares que se encuentran fuera del territorio Schengen, tienes derecho a solicitar la reagrupación familiar.</p>



<h2 class="wp-block-heading has-medium-font-size"><strong>¿Qué familiares es posible reagrupar?</strong><strong></strong></h2>



<p>Según la normativa española sobre protección temporal, se puede solicitar la reagrupación familiar para los siguientes familiares de la persona beneficiaria de protección temporal:</p>



<ul class="wp-block-list">
<li>Cónyuge o pareja.</li>



<li>Hijos menores de edad.</li>



<li>Padre o madre que convivían con la persona que solicita la reagrupación familiar fueran dependientes de esta.</li>
</ul>



<h2 class="wp-block-heading has-medium-font-size"><strong>¿Cómo presentar la solicitud de reagrupación familiar?</strong></h2>



<p>La persona con protección temporal tiene que dirigir un escrito en español a la Oficina de Asilo y Refugio (OAR) solicitando una reagrupación familiar por protección temporal. Además, es necesario adjuntar copias de los siguientes documentos:&nbsp;</p>



<ul class="wp-block-list">
<li>Pasaporte y documento de protección temporal de la persona beneficiaria de protección temporal y que solicita la reagrupación.</li>



<li>Información sobre los familiares para los que pide la reagrupación: nombre, apellidos, fecha nacimiento, nacionalidad y grado de parentesco.</li>



<li>Documentación que demuestre el parentesco: certificados de matrimonio, de nacimiento, etc.</li>



<li>Dirección y teléfono o correo electrónico de contacto en el país donde se encuentren los familiares.</li>
</ul>



<p>La solicitud se presenta por <a href="https://administracion.gob.es/pagFront/atencionCiudadana/oficinas/encuentraOficina.htm" target="_blank" rel="noreferrer noopener">Registro Administrativo (puedes encontrar la oficina más cercana en este enlace</a>) o en las oficinas de Correos, dirigiendo el escrito a la <strong>Subdirección General de Protección Internacional, Dirección General de Política Interior, Ministerio del Interior</strong>. Es importante que indiques en el <strong>asunto del envío que se trata de una solicitud de reagrupación familiar de protección temporal</strong>. La oficina registrará tu escrito y te devolverá el original junto con el resguardo de presentación.</p>



<p>Una vez que la solicitud sea valorada por la Oficina de Asilo y Refugio, la Embajada de España en el país donde se encuentren tus familiares se pondrá en contacto con ellos para hacer las comprobaciones de documentación necesarias, e indicarles los pasos a seguir para la obtención del visado para viajar a España, en caso de que se conceda la reagrupación.</p>



<p>Aunque se trata de un trámite que puedes realizar tú mismo, te aconsejamos pedir ayuda a un abogado especializado. <a href="https://help.unhcr.org/spain/donde-encontrar-ayuda-espana/asistencia-legal/" target="_blank" rel="noreferrer noopener">Aquí podrás encontrar Colegios de Abogados y organizaciones especializadas con servicios de asesoramiento jurídico gratuito</a>.</p>



<h2 class="wp-block-heading has-medium-font-size"><strong>Recomendaciones e información sobre reunificación de familiares separados por la guerra en Ucrania:</strong></h2>



<div data-wp-interactive="core/file" class="wp-block-file"><object data-wp-bind--hidden="!state.hasPdfPreview" hidden class="wp-block-file__embed" data="https://help.unhcr.org/spain/wp-content/uploads/sites/61/2023/01/Family-unity-and-family-reunification-Persons-fleeing-URK-Spanish.pdf" type="application/pdf" style="width:100%;height:600px" aria-label="Embed of Unidad Familiar y Reunificación Familiar-ESP."></object><a id="wp-block-file--media-849ea278-f7ee-46c9-8563-a46bed3fc6cc" href="https://help.unhcr.org/spain/wp-content/uploads/sites/61/2023/01/Family-unity-and-family-reunification-Persons-fleeing-URK-Spanish.pdf">Unidad Familiar y Reunificación Familiar-ESP</a><a href="https://help.unhcr.org/spain/wp-content/uploads/sites/61/2023/01/Family-unity-and-family-reunification-Persons-fleeing-URK-Spanish.pdf" class="wp-block-file__button wp-element-button" download aria-describedby="wp-block-file--media-849ea278-f7ee-46c9-8563-a46bed3fc6cc">Download</a></div>

<p>¿Quién puede solicitar la reagrupación familiar? Si tienes protección temporal en España y quieres reagruparte con tus familiares que se encuentran fuera del territorio Schengen, tienes derecho a solicitar la reagrupación familiar. ¿Qué familiares es posible reagrupar? Según la normativa española sobre protección temporal, se puede solicitar la reagrupación familiar para los siguientes familiares de [&hellip;]</p>
