{"id":1618,"date":"2022-03-22T09:49:02","date_gmt":"2022-03-22T09:49:02","guid":{"rendered":"https:\/\/help.unhcr.org\/spain\/?page_id=1618"},"modified":"2022-07-21T13:03:45","modified_gmt":"2022-07-21T13:03:45","slug":"precauciones-durante-el-viaje","status":"publish","type":"page","link":"https:\/\/help.unhcr.org\/spain\/precauciones-durante-el-viaje\/","title":{"rendered":"Precauciones durante el viaje"},"content":{"rendered":"\n<h2 class=\"wp-block-heading\">Mantente seguro durante el viaje y una vez en Espa\u00f1a <\/h2>\n\n\n\n<p><strong>Hay algunas se\u00f1ales que pueden ayudarte a mantener a tu familia y a ti mismo a salvo.  Por ejemplo, ten cuidado si alguien:<\/strong><\/p>\n\n\n\n<ul class=\"wp-block-list\"><li>Te pide el pasaporte u otros documentos de identificaci\u00f3n (a excepci\u00f3n de las autoridades p\u00fablicas, por ejemplo, en los puestos de control fronterizos).<\/li><li>Te pide tu tel\u00e9fono, port\u00e1til u otro medio de comunicaci\u00f3n.<\/li><li>Quiere alejarte de tu familia o de otras personas con las que viajas.<\/li><li>Te ofrece un trabajo que parece demasiado bueno para ser verdad.<\/li><li>Te presiona para que realices un trabajo, prestes servicios o mantengas relaciones sexuales (incluso para pagar \u201cdeudas\u201d). <\/li><li>Promete ayudarte a registrarte, reubicarte o reasentarte en otro pa\u00eds a cambio de un pago (exceptuando gastos de transporte habituales). <\/li><li>Te contrata, pero no te paga, o bajo condiciones de trabajo inapropiadas o limita tus movimientos, por ejemplo, quit\u00e1ndote tus documentos o cerrando la puerta con llave. <\/li><\/ul>\n\n\n\n<p><strong>Hay medidas que puedes tomar para mantenerte a salvo:<\/strong><\/p>\n\n\n\n<ul class=\"wp-block-list\"><li>Permanece alerta y sigue tu propia intuici\u00f3n sobre las personas que no conoces.<\/li><li>Conserva siempre tus documentos. Haz copias de ellos en tu tel\u00e9fono y env\u00edalos a alguien de confianza.<\/li><li>Mant\u00e9n el contacto con tu familia y otras personas de confianza.<\/li><li>Conoce tus derechos y d\u00f3nde puedes acceder a la ayuda.<\/li><li>Busca informaci\u00f3n fiable de fuentes de confianza.<\/li><\/ul>\n\n\n\n<p><strong>Si buscas un lugar para alojarte:<\/strong><\/p>\n\n\n\n<ul class=\"wp-block-list\"><li>Utiliza los alojamientos gestionados por organizaciones conocidas, si es posible.<\/li><li>Hay muchos centros de acogida, hoteles, albergues y organizaciones no gubernamentales que ofrecen alojamiento.<\/li><li>Si te alojas en casa de particulares, intenta informarte primero de la persona que te hospeda. No aceptes que te alejen de tu familia o de las personas con las que has llegado, y no entregues tus documentos. Pregunta si se espera algo a cambio y acuerda siempre el precio de antemano.<\/li><\/ul>\n\n\n\n<p><strong>Si buscas transporte:<\/strong><\/p>\n\n\n\n<ul class=\"wp-block-list\"><li>Utiliza el transporte organizado por proveedores conocidos, en la medida de lo posible.<\/li><li>Muchas empresas de Europa ofrecen ahora viajes gratuitos para los nacionales ucranianos. Consulta esta p\u00e1gina web para ver las opciones:&nbsp;<a rel=\"noreferrer noopener\" href=\"https:\/\/ec.europa.eu\/free-travel-options\" target=\"_blank\">https:\/\/ec.europa.eu\/free-travel-options<\/a><\/li><li>No aceptes que te alejen de tu familia o de las personas con las que has llegado, y no entregues tus documentos. Acuerda siempre un precio de antemano.<\/li><\/ul>\n\n\n\n<p><strong>D\u00f3nde buscar informaci\u00f3n y apoyo en Espa\u00f1a:<\/strong><\/p>\n\n\n\n<ul class=\"wp-block-list\"><li><strong>Violencia de g\u00e9nero:&nbsp;<\/strong><ul><li>Tel\u00e9fono: 016 (24\/7)<\/li><li>Correo electr\u00f3nico:&nbsp;016-online@igualdad.gob.es <\/li><li>WhatsApp: 600 000 016<\/li><\/ul><\/li><li><strong>Trata de seres humanos:<\/strong>&nbsp;<ul><li>Tel\u00e9fono: 900 10 50 90 (24\/7)<\/li><li>Correo electr\u00f3nico:&nbsp;<a href=\"mailto:trata@policia.es\">trata@policia.es<\/a><\/li><\/ul><\/li><\/ul>\n\n\n\n<p><strong>Otras l\u00edneas de emergencia:<\/strong><\/p>\n\n\n\n<ul class=\"wp-block-list\"><li><strong>Emergencias generales:<\/strong>&nbsp;Tel\u00e9fono: 112 (24\/7)<\/li><li><strong>Polic\u00eda Nacional:<\/strong>&nbsp;Tel\u00e9fono: 091 (24\/7)<\/li><li><strong>Guardia Civil:<\/strong>&nbsp;Tel\u00e9fono: 092 (24\/7)<\/li><\/ul>\n","protected":false},"excerpt":{"rendered":"<p>Mantente seguro durante el viaje y una vez en Espa\u00f1a Hay algunas se\u00f1ales que pueden ayudarte a mantener a tu familia y a ti mismo a salvo. Por ejemplo, ten cuidado si alguien: Te pide el pasaporte u otros documentos de identificaci\u00f3n (a excepci\u00f3n de las autoridades p\u00fablicas, por ejemplo, en los puestos de control [&hellip;]<\/p>\n","protected":false},"author":137,"featured_media":0,"parent":0,"menu_order":0,"comment_status":"closed","ping_status":"closed","template":"","meta":{"_acf_changed":false,"footnotes":""},"class_list":["post-1618","page","type-page","status-publish","hentry"],"acf":[],"_links":{"self":[{"href":"https:\/\/help.unhcr.org\/spain\/wp-json\/wp\/v2\/pages\/1618","targetHints":{"allow":["GET"]}}],"collection":[{"href":"https:\/\/help.unhcr.org\/spain\/wp-json\/wp\/v2\/pages"}],"about":[{"href":"https:\/\/help.unhcr.org\/spain\/wp-json\/wp\/v2\/types\/page"}],"author":[{"embeddable":true,"href":"https:\/\/help.unhcr.org\/spain\/wp-json\/wp\/v2\/users\/137"}],"replies":[{"embeddable":true,"href":"https:\/\/help.unhcr.org\/spain\/wp-json\/wp\/v2\/comments?post=1618"}],"version-history":[{"count":7,"href":"https:\/\/help.unhcr.org\/spain\/wp-json\/wp\/v2\/pages\/1618\/revisions"}],"predecessor-version":[{"id":1974,"href":"https:\/\/help.unhcr.org\/spain\/wp-json\/wp\/v2\/pages\/1618\/revisions\/1974"}],"wp:attachment":[{"href":"https:\/\/help.unhcr.org\/spain\/wp-json\/wp\/v2\/media?parent=1618"}],"curies":[{"name":"wp","href":"https:\/\/api.w.org\/{rel}","templated":true}]}}