{"id":616,"date":"2024-04-19T09:44:24","date_gmt":"2024-04-19T09:44:24","guid":{"rendered":"https:\/\/help.unhcr.org\/serbia\/living-in-serbia\/"},"modified":"2026-08-21T13:10:20","modified_gmt":"2026-08-21T13:10:20","slug":"living-in-serbia","status":"publish","type":"page","link":"https:\/\/help.unhcr.org\/serbia\/es\/living-in-serbia\/","title":{"rendered":"Vivir en Serbia"},"content":{"rendered":"\n<div class=\"wp-block-columns is-layout-flex wp-container-core-columns-is-layout-9d6595d7 wp-block-columns-is-layout-flex\">\n<div class=\"wp-block-column is-layout-flow wp-block-column-is-layout-flow\">\n<p class=\"has-black-color has-text-color has-link-color has-medium-font-size wp-elements-5817b2fea04575fc6e6bad603fca4ad4\">Para obtener informaci\u00f3n y apoyo relacionados con la integraci\u00f3n o el empleo en Serbia, p\u00f3ngase en contacto con la unidad de integraci\u00f3n de ACNUR en el +381 63 432 566 por tel\u00e9fono, WhatsApp o Viber, de lunes a viernes, de 9:00 a 15:00.<br>Para obtener informaci\u00f3n general y orientaci\u00f3n en cualquier momento, env\u00ede un mensaje al chatbot de WhatsApp de ACNUR en el +381 63 432 776 (servicio para personas refugiadas y solicitantes de asilo).<br><strong><strong>Haga clic a continuaci\u00f3n para obtener m\u00e1s informaci\u00f3n sobre asilo y protecci\u00f3n en Serbia:<\/strong><\/strong><\/p>\n<\/div>\n<\/div>\n","protected":false},"excerpt":{"rendered":"<p>Para obtener informaci\u00f3n y apoyo relacionados con la integraci\u00f3n o el empleo en Serbia, p\u00f3ngase en contacto con la unidad de integraci\u00f3n de ACNUR en el +381 63 432 566 por tel\u00e9fono, WhatsApp o Viber, de lunes a viernes, de 9:00 a 15:00.Para obtener informaci\u00f3n general y orientaci\u00f3n en cualquier momento, env\u00ede un mensaje al [&hellip;]<\/p>\n","protected":false},"author":283,"featured_media":0,"parent":0,"menu_order":0,"comment_status":"closed","ping_status":"closed","template":"page-templates\/sectioned.php","meta":{"_acf_changed":false,"footnotes":""},"class_list":["post-616","page","type-page","status-publish","hentry"],"acf":[],"_links":{"self":[{"href":"https:\/\/help.unhcr.org\/serbia\/es\/wp-json\/wp\/v2\/pages\/616","targetHints":{"allow":["GET"]}}],"collection":[{"href":"https:\/\/help.unhcr.org\/serbia\/es\/wp-json\/wp\/v2\/pages"}],"about":[{"href":"https:\/\/help.unhcr.org\/serbia\/es\/wp-json\/wp\/v2\/types\/page"}],"author":[{"embeddable":true,"href":"https:\/\/help.unhcr.org\/serbia\/es\/wp-json\/wp\/v2\/users\/283"}],"replies":[{"embeddable":true,"href":"https:\/\/help.unhcr.org\/serbia\/es\/wp-json\/wp\/v2\/comments?post=616"}],"version-history":[{"count":8,"href":"https:\/\/help.unhcr.org\/serbia\/es\/wp-json\/wp\/v2\/pages\/616\/revisions"}],"predecessor-version":[{"id":1471,"href":"https:\/\/help.unhcr.org\/serbia\/es\/wp-json\/wp\/v2\/pages\/616\/revisions\/1471"}],"wp:attachment":[{"href":"https:\/\/help.unhcr.org\/serbia\/es\/wp-json\/wp\/v2\/media?parent=616"}],"curies":[{"name":"wp","href":"https:\/\/api.w.org\/{rel}","templated":true}]}}

<div class="wp-block-columns is-layout-flex wp-container-core-columns-is-layout-9d6595d7 wp-block-columns-is-layout-flex">
<div class="wp-block-column is-layout-flow wp-block-column-is-layout-flow">
<p class="has-black-color has-text-color has-link-color has-medium-font-size wp-elements-5817b2fea04575fc6e6bad603fca4ad4">Para obtener información y apoyo relacionados con la integración o el empleo en Serbia, póngase en contacto con la unidad de integración de ACNUR en el +381 63 432 566 por teléfono, WhatsApp o Viber, de lunes a viernes, de 9:00 a 15:00.<br>Para obtener información general y orientación en cualquier momento, envíe un mensaje al chatbot de WhatsApp de ACNUR en el +381 63 432 776 (servicio para personas refugiadas y solicitantes de asilo).<br><strong><strong>Haga clic a continuación para obtener más información sobre asilo y protección en Serbia:</strong></strong></p>
</div>
</div>

<p>Para obtener información y apoyo relacionados con la integración o el empleo en Serbia, póngase en contacto con la unidad de integración de ACNUR en el +381 63 432 566 por teléfono, WhatsApp o Viber, de lunes a viernes, de 9:00 a 15:00.Para obtener información general y orientación en cualquier momento, envíe un mensaje al [&hellip;]</p>
