{"id":120,"date":"2021-10-26T12:28:48","date_gmt":"2021-10-26T12:28:48","guid":{"rendered":"https:\/\/help.unhcr.org\/senegal\/?page_id=120"},"modified":"2023-05-30T14:35:29","modified_gmt":"2023-05-30T14:35:29","slug":"bienvenue","status":"publish","type":"page","link":"https:\/\/help.unhcr.org\/senegal\/","title":{"rendered":"Bienvenue"},"content":{"rendered":"\n<p>Le Haut-Commissariat des Nations Unies pour les R\u00e9fugi\u00e9s (HCR), a cr\u00e9\u00e9 le site web HELP pour offrir son soutien aux r\u00e9fugi\u00e9s, aux demandeurs d\u2019asile et aux personnes ayant besoin de protection internationale au S\u00e9n\u00e9gal.<\/p>\n\n\n\n<h3 class=\"wp-block-heading has-white-color has-text-color has-background\" style=\"background-color:#0072bc\">Ce site web vous permettra de trouver des informations sur les sujets suivants :<\/h3>\n\n\n\n<p class=\"has-background\" style=\"background-color:#abb7c230\">\u27a1\ufe0f <strong><a href=\"https:\/\/help.unhcr.org\/senegal\/asile\/\" data-type=\"URL\" data-id=\"https:\/\/help.unhcr.org\/senegal\/asile\/\">Demande d\u2019asile au S\u00e9n\u00e9gal<\/a>&nbsp;<\/strong><br>\u27a1\ufe0f<strong><a href=\"https:\/\/help.unhcr.org\/senegal\/assistance\/\" data-type=\"URL\" data-id=\"https:\/\/help.unhcr.org\/senegal\/assistance\/\">Assistance accord\u00e9e aux r\u00e9fugi\u00e9s et demandeurs d\u2019asile<\/a><\/strong><br>\u27a1\ufe0f<strong><a href=\"https:\/\/help.unhcr.org\/senegal\/droits\/\" data-type=\"URL\" data-id=\"https:\/\/help.unhcr.org\/senegal\/droits\/\">Droits et devoirs des r\u00e9fugi\u00e9s et demandeurs d\u2019asile<\/a><\/strong><br>\u27a1\ufe0f <strong><a href=\"https:\/\/help.unhcr.org\/senegal\/contact\/\" data-type=\"URL\" data-id=\"https:\/\/help.unhcr.org\/senegal\/contact\/\">Comment nous contacter<\/a><\/strong><br><a href=\"https:\/\/help.unhcr.org\/senegal\/comment-signaler-les-cas-dexploitation-et-dabus-sexuels\/\" data-type=\"URL\" data-id=\"https:\/\/help.unhcr.org\/senegal\/comment-signaler-les-cas-dexploitation-et-dabus-sexuels\/\">\u27a1\ufe0f <strong>Comment signaler les cas d&rsquo;exploitation et d&rsquo;abus sexuels<\/strong><\/a><br>\u27a1\ufe0f <strong><a href=\"https:\/\/help.unhcr.org\/senegal\/questions-frequemment-posees\/\" data-type=\"URL\" data-id=\"https:\/\/help.unhcr.org\/senegal\/questions-frequemment-posees\/\">Questions fr\u00e9quemment pos\u00e9es<\/a><\/strong><\/p>\n\n\n\n<p><strong>Vous \u00eates hors du S\u00e9n\u00e9gal?<\/strong> Vous cherchez de l&rsquo;aide pour vos proches \u00e0 l&rsquo;\u00e9tranger ? Veuillez s\u00e9lectionner le pays pour lequel vous souhaitez obtenir des informations sur la <a href=\"https:\/\/help.unhcr.org\/\"><strong>page d&rsquo;accueil HELP du HCR.<\/strong><\/a><\/p>\n","protected":false},"excerpt":{"rendered":"<p>Le Haut-Commissariat des Nations Unies pour les R\u00e9fugi\u00e9s (HCR), a cr\u00e9\u00e9 le site web HELP pour offrir son soutien aux r\u00e9fugi\u00e9s, aux demandeurs d\u2019asile et aux personnes ayant besoin de protection internationale au S\u00e9n\u00e9gal. Ce site web vous permettra de trouver des informations sur les sujets suivants : \u27a1\ufe0f Demande d\u2019asile au S\u00e9n\u00e9gal&nbsp;\u27a1\ufe0fAssistance accord\u00e9e aux [&hellip;]<\/p>\n","protected":false},"author":1,"featured_media":0,"parent":0,"menu_order":0,"comment_status":"closed","ping_status":"closed","template":"","meta":{"_acf_changed":false,"footnotes":""},"class_list":["post-120","page","type-page","status-publish","hentry"],"acf":[],"_links":{"self":[{"href":"https:\/\/help.unhcr.org\/senegal\/wp-json\/wp\/v2\/pages\/120","targetHints":{"allow":["GET"]}}],"collection":[{"href":"https:\/\/help.unhcr.org\/senegal\/wp-json\/wp\/v2\/pages"}],"about":[{"href":"https:\/\/help.unhcr.org\/senegal\/wp-json\/wp\/v2\/types\/page"}],"author":[{"embeddable":true,"href":"https:\/\/help.unhcr.org\/senegal\/wp-json\/wp\/v2\/users\/1"}],"replies":[{"embeddable":true,"href":"https:\/\/help.unhcr.org\/senegal\/wp-json\/wp\/v2\/comments?post=120"}],"version-history":[{"count":11,"href":"https:\/\/help.unhcr.org\/senegal\/wp-json\/wp\/v2\/pages\/120\/revisions"}],"predecessor-version":[{"id":237,"href":"https:\/\/help.unhcr.org\/senegal\/wp-json\/wp\/v2\/pages\/120\/revisions\/237"}],"wp:attachment":[{"href":"https:\/\/help.unhcr.org\/senegal\/wp-json\/wp\/v2\/media?parent=120"}],"curies":[{"name":"wp","href":"https:\/\/api.w.org\/{rel}","templated":true}]}}