{"id":97,"date":"2018-04-11T09:30:34","date_gmt":"2018-04-11T09:30:34","guid":{"rendered":"http:\/\/help.unhcr.org\/peru\/?page_id=97"},"modified":"2025-06-13T14:41:36","modified_gmt":"2025-06-13T14:41:36","slug":"acnur-en-peru","status":"publish","type":"page","link":"https:\/\/help.unhcr.org\/peru\/bienvenido-a\/acnur-en-peru\/","title":{"rendered":"ACNUR en Per\u00fa"},"content":{"rendered":"\n<figure class=\"wp-block-image size-large is-resized is-style-default\"><img loading=\"lazy\" decoding=\"async\" width=\"1024\" height=\"683\" src=\"https:\/\/help.unhcr.org\/peru\/wp-content\/uploads\/sites\/27\/2023\/11\/ACNUR-Peru-en-terreno-2023-2-1024x683.jpg\" alt=\"Foto: ACNUR Per\u00fa.\" class=\"wp-image-1280\" style=\"aspect-ratio:1.499267935578331;width:839px;height:auto\" srcset=\"https:\/\/help.unhcr.org\/peru\/wp-content\/uploads\/sites\/27\/2023\/11\/ACNUR-Peru-en-terreno-2023-2-1024x683.jpg 1024w, https:\/\/help.unhcr.org\/peru\/wp-content\/uploads\/sites\/27\/2023\/11\/ACNUR-Peru-en-terreno-2023-2-300x200.jpg 300w, https:\/\/help.unhcr.org\/peru\/wp-content\/uploads\/sites\/27\/2023\/11\/ACNUR-Peru-en-terreno-2023-2-768x512.jpg 768w, https:\/\/help.unhcr.org\/peru\/wp-content\/uploads\/sites\/27\/2023\/11\/ACNUR-Peru-en-terreno-2023-2-1536x1024.jpg 1536w, https:\/\/help.unhcr.org\/peru\/wp-content\/uploads\/sites\/27\/2023\/11\/ACNUR-Peru-en-terreno-2023-2-2048x1365.jpg 2048w\" sizes=\"auto, (max-width: 1024px) 100vw, 1024px\" \/><figcaption class=\"wp-element-caption\">El equipo de ACNUR Per\u00fa en terreno brindando asistencia a personas solicitantes de la condici\u00f3n de refugiado.<br><em>Foto: ACNUR Per\u00fa.<\/em><\/figcaption><\/figure>\n\n\n<p><a href=\"https:\/\/help.unhcr.org\/peru\/donde-encontrar-ayuda\/oficina-del-acnur\/\">ACNUR<\/a>, la Agencia de la ONU para los Refugiados ayuda a millones de personas alrededor del mundo que han sido obligadas a dejar su pa\u00eds para proteger su vida. La agencia promueve la protecci\u00f3n de sus derechos humanos y promueve soluciones duraderas a su situaci\u00f3n.<\/p>\n<h2>El trabajo del ACNUR en Per\u00fa<\/h2>\n<ul>\n<li><strong>Brindamos asistencia t\u00e9cnica <\/strong>para fortalecer el marco normativo de protecci\u00f3n internacional, en l\u00ednea con los est\u00e1ndares internacionales de protecci\u00f3n de refugiados y ap\u00e1tridas.\u00a0<\/li>\n<li>Promovemos <strong>el establecimiento de procesos de protecci\u00f3n justos<\/strong> brindando apoyo t\u00e9cnico y asesoramiento a la <a href=\"https:\/\/help.unhcr.org\/peru\/donde-encontrar-ayuda\/instituciones-publicas\/\">Comisi\u00f3n Especial para los Refugiados<\/a> a fin de fortalecer sus capacidades para la toma de decisiones efectivas y apropiadas.<\/li>\n<li>Promovemos el <strong>acceso <\/strong>de los solicitantes de la condici\u00f3n de refugiado<strong> a procedimientos adecuados de documentaci\u00f3n y registro.\u00a0<\/strong><\/li>\n<li>Promovemos el acceso de solicitantes de la condici\u00f3n de refugiado y refugiados al territorio, y <strong>la no devoluci\u00f3n a sus pa\u00edses de origen,<\/strong> a trav\u00e9s de la implementaci\u00f3n de iniciativas de capacitaci\u00f3n dirigidas a oficiales de inmigraci\u00f3n y fuerzas de seguridad que trabajan en \u00e1reas fronterizas.<strong>\u00a0<\/strong><\/li>\n<li><strong>Apoyamos la participaci\u00f3n de funcionarios de gobierno<\/strong> en reuniones regionales de formaci\u00f3n y capacitaci\u00f3n <strong>en temas de derecho internacional de refugiados y apatridia<\/strong>.<\/li>\n<li>Ayudamos a la <strong>b\u00fasqueda de soluciones duraderas,<\/strong> en particular, el acceso de los refugiados y solicitantes de la condici\u00f3n de refugiado a programas que permitan su autosuficiencia y promuevan su integraci\u00f3n local.\u00a0<\/li>\n<li><strong>Apoyamos la realizaci\u00f3n de diagn\u00f3sticos participativos<\/strong> con grupos de solicitantes de la condici\u00f3n de refugiado a fin de conocer sus necesidades y prioridades, y hacerlos part\u00edcipes de la b\u00fasqueda de soluciones.<\/li>\n<li>Promovemos el <strong>establecimiento de Protocolos Operativos para prevenir y responder a la violencia sexual y por motivos de g\u00e9nero<\/strong> que afecta a los solicitantes de la condici\u00f3n de refugiado.<\/li>\n<li>Trabajamos en conjunto con medios de comunicaci\u00f3n, formadores de opini\u00f3n y sociedad civil para <strong>fortalecer la sensibilizaci\u00f3n<\/strong> sobre la situaci\u00f3n de solicitantes de la condici\u00f3n de refugiado y promover su integraci\u00f3n local.\u00a0<\/li>\n<li>Contribuimos al trabajo interagencial con entidades del Sistema de las Naciones Unidas.\u00a0<\/li>\n<\/ul>\n\n\n<p><strong>En caso tenga alguna duda, consulta, queja o sugerencia puede contactarse a:<\/strong>&nbsp;<\/p>\n\n\n\n<p class=\"has-text-color\" style=\"color:#0072bc\"><strong>InfoACNUR : L\u00ednea telef\u00f3nica de atenci\u00f3n. <\/strong><\/p>\n\n\n\n<p>Atenci\u00f3n de lunes a viernes de 8:00 a.m. a 5:00 p.m.<\/p>\n\n\n\n<p>(+51) (01) 0800-71929<\/p>\n\n\n\n<p class=\"has-text-color\" style=\"color:#3cb9c7\"><strong>Chatbot de WhatsApp<\/strong><\/p>\n\n\n\n<p>(+51) (01) 6419396. Disponible las 24 horas&nbsp;<\/p>\n\n\n\n<p class=\"has-text-align-left has-black-color has-text-color\"><strong>E-mail<\/strong>: proteccion.peru@unhcr.org<\/p>\n\n\n\n<p class=\"has-text-align-left has-black-color has-text-color\"><a href=\"https:\/\/www.acnur.org\/pais\/peru\"><strong>Visita aqu\u00ed el sitio web de ACNUR Per\u00fa<\/strong><\/a><\/p>\n\n\n\n<p><\/p>\n","protected":false},"excerpt":{"rendered":"<p>ACNUR, la Agencia de la ONU para los Refugiados ayuda a millones de personas alrededor del mundo que han sido obligadas a dejar su pa\u00eds para proteger su vida. La agencia promueve la protecci\u00f3n de sus derechos humanos y promueve soluciones duraderas a su situaci\u00f3n. El trabajo del ACNUR en Per\u00fa Brindamos asistencia t\u00e9cnica para [&hellip;]<\/p>\n","protected":false},"author":398,"featured_media":0,"parent":4,"menu_order":1,"comment_status":"closed","ping_status":"closed","template":"page-templates\/listing_page.php","meta":{"_acf_changed":false,"footnotes":""},"class_list":["post-97","page","type-page","status-publish","hentry"],"acf":[],"_links":{"self":[{"href":"https:\/\/help.unhcr.org\/peru\/wp-json\/wp\/v2\/pages\/97","targetHints":{"allow":["GET"]}}],"collection":[{"href":"https:\/\/help.unhcr.org\/peru\/wp-json\/wp\/v2\/pages"}],"about":[{"href":"https:\/\/help.unhcr.org\/peru\/wp-json\/wp\/v2\/types\/page"}],"author":[{"embeddable":true,"href":"https:\/\/help.unhcr.org\/peru\/wp-json\/wp\/v2\/users\/398"}],"replies":[{"embeddable":true,"href":"https:\/\/help.unhcr.org\/peru\/wp-json\/wp\/v2\/comments?post=97"}],"version-history":[{"count":38,"href":"https:\/\/help.unhcr.org\/peru\/wp-json\/wp\/v2\/pages\/97\/revisions"}],"predecessor-version":[{"id":2313,"href":"https:\/\/help.unhcr.org\/peru\/wp-json\/wp\/v2\/pages\/97\/revisions\/2313"}],"up":[{"embeddable":true,"href":"https:\/\/help.unhcr.org\/peru\/wp-json\/wp\/v2\/pages\/4"}],"wp:attachment":[{"href":"https:\/\/help.unhcr.org\/peru\/wp-json\/wp\/v2\/media?parent=97"}],"curies":[{"name":"wp","href":"https:\/\/api.w.org\/{rel}","templated":true}]}}