{"id":1214,"date":"2023-11-04T00:45:40","date_gmt":"2023-11-04T00:45:40","guid":{"rendered":"https:\/\/help.unhcr.org\/peru\/?page_id=1214"},"modified":"2024-11-26T22:03:13","modified_gmt":"2024-11-26T22:03:13","slug":"blog-ayuda-acnur-peru-notas-importantes","status":"publish","type":"page","link":"https:\/\/help.unhcr.org\/peru\/blog-ayuda-acnur-peru-notas-importantes\/","title":{"rendered":"Blog Ayuda ACNUR Per\u00fa &#8211; Notas Importantes"},"content":{"rendered":"\n<div class=\"wp-block-query is-layout-flow wp-block-query-is-layout-flow\"><ul style=\"font-size:9px;text-transform:none;\" class=\"wp-block-post-template is-layout-flow wp-block-post-template-is-layout-flow\"><li class=\"wp-block-post post-1842 post type-post status-publish format-standard has-post-thumbnail hentry category-sin-categorizar\">\n\n<div class=\"wp-block-columns alignwide is-layout-flex wp-container-core-columns-is-layout-9d6595d7 wp-block-columns-is-layout-flex\">\n<div class=\"wp-block-column is-vertically-aligned-center is-layout-flow wp-block-column-is-layout-flow\" style=\"flex-basis:60%\"><figure class=\"wp-block-post-featured-image\"><a href=\"https:\/\/help.unhcr.org\/peru\/2024\/05\/21\/actualizacion-de-solicitud-de-refugio-2024\/\" target=\"_blank\"  ><img loading=\"lazy\" decoding=\"async\" width=\"640\" height=\"405\" src=\"https:\/\/help.unhcr.org\/peru\/wp-content\/uploads\/sites\/27\/2024\/05\/Post-1-e1721390854598-1024x648.png\" class=\"attachment-large size-large wp-post-image\" alt=\"Actualizaci\u00f3n de solicitud de refugio 2024\u00a0\" style=\"object-fit:cover;\" srcset=\"https:\/\/help.unhcr.org\/peru\/wp-content\/uploads\/sites\/27\/2024\/05\/Post-1-e1721390854598-1024x648.png 1024w, https:\/\/help.unhcr.org\/peru\/wp-content\/uploads\/sites\/27\/2024\/05\/Post-1-e1721390854598-300x190.png 300w, https:\/\/help.unhcr.org\/peru\/wp-content\/uploads\/sites\/27\/2024\/05\/Post-1-e1721390854598-768x486.png 768w, https:\/\/help.unhcr.org\/peru\/wp-content\/uploads\/sites\/27\/2024\/05\/Post-1-e1721390854598.png 1080w\" sizes=\"auto, (max-width: 640px) 100vw, 640px\" \/><\/a><\/figure><\/div>\n\n\n\n<div class=\"wp-block-column is-vertically-aligned-top is-layout-flow wp-block-column-is-layout-flow\" style=\"flex-basis:100%\"><h2 class=\"wp-block-post-title has-medium-font-size\"><a href=\"https:\/\/help.unhcr.org\/peru\/2024\/05\/21\/actualizacion-de-solicitud-de-refugio-2024\/\" target=\"_blank\" >Actualizaci\u00f3n de solicitud de refugio 2024\u00a0<\/a><\/h2>\n\n<div style=\"font-size:15px;font-style:italic;font-weight:400;\" class=\"wp-block-post-date\"><time datetime=\"2024-05-21T14:15:39+00:00\">mayo 21, 2024<\/time><\/div>\n\n<div style=\"font-size:14px;\" class=\"wp-block-post-excerpt\"><p class=\"wp-block-post-excerpt__excerpt\">? IMPORTANTE&nbsp; La campa\u00f1a de actualizaci\u00f3n de solicitud de refugio 2024\u00a0termin\u00f3 el 1 de octubre de 2024. ________________________________________________________________________________________________________________ Si eres una persona extranjera que se encuentra en el Per\u00fa y presentaste una solicitud de refugio&nbsp;antes del 31 de diciembre de 2023 esta informaci\u00f3n es importante para ti.&nbsp; La Comisi\u00f3n Especial para los Refugiados (CEPR) del [&hellip;] <\/p><\/div><\/div>\n<\/div>\n\n<\/li><li class=\"wp-block-post post-1820 post type-post status-publish format-standard has-post-thumbnail hentry category-sin-categorizar\">\n\n<div class=\"wp-block-columns alignwide is-layout-flex wp-container-core-columns-is-layout-9d6595d7 wp-block-columns-is-layout-flex\">\n<div class=\"wp-block-column is-vertically-aligned-center is-layout-flow wp-block-column-is-layout-flow\" style=\"flex-basis:60%\"><figure class=\"wp-block-post-featured-image\"><a href=\"https:\/\/help.unhcr.org\/peru\/2024\/05\/02\/acuerdo-de-usuario-del-servicio-de-whatsapp-de-acnur-peru\/\" target=\"_blank\"  ><img loading=\"lazy\" decoding=\"async\" width=\"640\" height=\"433\" src=\"https:\/\/help.unhcr.org\/peru\/wp-content\/uploads\/sites\/27\/2023\/11\/Logo-InfoContigo-Peru-1-e1716308729528.png\" class=\"attachment-large size-large wp-post-image\" alt=\"Acuerdo de Usuario del Servicio de WhatsApp de ACNUR Per\u00fa\" style=\"object-fit:cover;\" srcset=\"https:\/\/help.unhcr.org\/peru\/wp-content\/uploads\/sites\/27\/2023\/11\/Logo-InfoContigo-Peru-1-e1716308729528.png 1007w, https:\/\/help.unhcr.org\/peru\/wp-content\/uploads\/sites\/27\/2023\/11\/Logo-InfoContigo-Peru-1-e1716308729528-300x203.png 300w, https:\/\/help.unhcr.org\/peru\/wp-content\/uploads\/sites\/27\/2023\/11\/Logo-InfoContigo-Peru-1-e1716308729528-768x519.png 768w\" sizes=\"auto, (max-width: 640px) 100vw, 640px\" \/><\/a><\/figure><\/div>\n\n\n\n<div class=\"wp-block-column is-vertically-aligned-top is-layout-flow wp-block-column-is-layout-flow\" style=\"flex-basis:100%\"><h2 class=\"wp-block-post-title has-medium-font-size\"><a href=\"https:\/\/help.unhcr.org\/peru\/2024\/05\/02\/acuerdo-de-usuario-del-servicio-de-whatsapp-de-acnur-peru\/\" target=\"_blank\" >Acuerdo de Usuario del Servicio de WhatsApp de ACNUR Per\u00fa<\/a><\/h2>\n\n<div style=\"font-size:15px;font-style:italic;font-weight:400;\" class=\"wp-block-post-date\"><time datetime=\"2024-05-02T19:32:59+00:00\">mayo 2, 2024<\/time><\/div>\n\n<div style=\"font-size:14px;\" class=\"wp-block-post-excerpt\"><p class=\"wp-block-post-excerpt__excerpt\">Para interactuar y hacer uso del Servicio de WhatsApp de la plataforma de InfoContigo por primera vez, se le pedir\u00e1 que acepte este Acuerdo de Usuario y los t\u00e9rminos y condiciones asociados cuando se le solicite a trav\u00e9s de la Interfaz de WhatsApp, y al confirmarla y enviar mensajes al servicio entrar\u00e1 en un acuerdo [&hellip;] <\/p><\/div><\/div>\n<\/div>\n\n<\/li><li class=\"wp-block-post post-1523 post type-post status-publish format-standard has-post-thumbnail hentry category-sin-categorizar\">\n\n<div class=\"wp-block-columns alignwide is-layout-flex wp-container-core-columns-is-layout-9d6595d7 wp-block-columns-is-layout-flex\">\n<div class=\"wp-block-column is-vertically-aligned-center is-layout-flow wp-block-column-is-layout-flow\" style=\"flex-basis:60%\"><figure class=\"wp-block-post-featured-image\"><a href=\"https:\/\/help.unhcr.org\/peru\/2024\/01\/17\/matricula-escolar-2024-directorio-de-especialistas-de-matricula\/\" target=\"_blank\"  ><img loading=\"lazy\" decoding=\"async\" width=\"640\" height=\"480\" src=\"https:\/\/help.unhcr.org\/peru\/wp-content\/uploads\/sites\/27\/2024\/01\/Portada-Directorio-de-Especialista-de-Matricula-Lima-Metropolitana_Mesa-de-trabajo-1-1024x768.png\" class=\"attachment-large size-large wp-post-image\" alt=\"Matr\u00edcula Escolar 2024: Directorio de Especialistas de Matr\u00edcula\" style=\"object-fit:cover;\" srcset=\"https:\/\/help.unhcr.org\/peru\/wp-content\/uploads\/sites\/27\/2024\/01\/Portada-Directorio-de-Especialista-de-Matricula-Lima-Metropolitana_Mesa-de-trabajo-1-1024x768.png 1024w, https:\/\/help.unhcr.org\/peru\/wp-content\/uploads\/sites\/27\/2024\/01\/Portada-Directorio-de-Especialista-de-Matricula-Lima-Metropolitana_Mesa-de-trabajo-1-300x225.png 300w, https:\/\/help.unhcr.org\/peru\/wp-content\/uploads\/sites\/27\/2024\/01\/Portada-Directorio-de-Especialista-de-Matricula-Lima-Metropolitana_Mesa-de-trabajo-1-768x576.png 768w, https:\/\/help.unhcr.org\/peru\/wp-content\/uploads\/sites\/27\/2024\/01\/Portada-Directorio-de-Especialista-de-Matricula-Lima-Metropolitana_Mesa-de-trabajo-1.png 1200w\" sizes=\"auto, (max-width: 640px) 100vw, 640px\" \/><\/a><\/figure><\/div>\n\n\n\n<div class=\"wp-block-column is-vertically-aligned-top is-layout-flow wp-block-column-is-layout-flow\" style=\"flex-basis:100%\"><h2 class=\"wp-block-post-title has-medium-font-size\"><a href=\"https:\/\/help.unhcr.org\/peru\/2024\/01\/17\/matricula-escolar-2024-directorio-de-especialistas-de-matricula\/\" target=\"_blank\" >Matr\u00edcula Escolar 2024: Directorio de Especialistas de Matr\u00edcula<\/a><\/h2>\n\n<div style=\"font-size:15px;font-style:italic;font-weight:400;\" class=\"wp-block-post-date\"><time datetime=\"2024-01-17T20:38:44+00:00\">enero 17, 2024<\/time><\/div>\n\n<div style=\"font-size:14px;\" class=\"wp-block-post-excerpt\"><p class=\"wp-block-post-excerpt__excerpt\">Si tienes dudas y necesitas orientaci\u00f3n sobre el adecuado acceso a una Matr\u00edcula Escolar en Lima Metropolitana, en esta nota te compartimos los contactos de profesionales especialistas que pueden ayudarte por Unidad de Gesti\u00f3n Educativa Local (UGEL) y distrito. <\/p><\/div><\/div>\n<\/div>\n\n<\/li><li class=\"wp-block-post post-1402 post type-post status-publish format-standard has-post-thumbnail hentry category-sin-categorizar\">\n\n<div class=\"wp-block-columns alignwide is-layout-flex wp-container-core-columns-is-layout-9d6595d7 wp-block-columns-is-layout-flex\">\n<div class=\"wp-block-column is-vertically-aligned-center is-layout-flow wp-block-column-is-layout-flow\" style=\"flex-basis:60%\"><figure class=\"wp-block-post-featured-image\"><a href=\"https:\/\/help.unhcr.org\/peru\/2023\/11\/21\/como-identificarte-en-caso-de-una-intervencion-policial-si-eres-una-persona-refugiada-o-migrante-en-el-peru\/\" target=\"_blank\"  ><img loading=\"lazy\" decoding=\"async\" width=\"640\" height=\"427\" src=\"https:\/\/help.unhcr.org\/peru\/wp-content\/uploads\/sites\/27\/2023\/11\/Adulta-mayor-con-su-carne-de-extranjeria-SAMMIR-Peru-Ayuda-Help-Peru-1024x683.jpg\" class=\"attachment-large size-large wp-post-image\" alt=\"\u00bfC\u00f3mo identificarte en caso de una intervenci\u00f3n\u00a0policial si eres una persona refugiada o migrante en el Per\u00fa?\u00a0\" style=\"object-fit:cover;\" srcset=\"https:\/\/help.unhcr.org\/peru\/wp-content\/uploads\/sites\/27\/2023\/11\/Adulta-mayor-con-su-carne-de-extranjeria-SAMMIR-Peru-Ayuda-Help-Peru-1024x683.jpg 1024w, https:\/\/help.unhcr.org\/peru\/wp-content\/uploads\/sites\/27\/2023\/11\/Adulta-mayor-con-su-carne-de-extranjeria-SAMMIR-Peru-Ayuda-Help-Peru-300x200.jpg 300w, https:\/\/help.unhcr.org\/peru\/wp-content\/uploads\/sites\/27\/2023\/11\/Adulta-mayor-con-su-carne-de-extranjeria-SAMMIR-Peru-Ayuda-Help-Peru-768x512.jpg 768w, https:\/\/help.unhcr.org\/peru\/wp-content\/uploads\/sites\/27\/2023\/11\/Adulta-mayor-con-su-carne-de-extranjeria-SAMMIR-Peru-Ayuda-Help-Peru-1536x1024.jpg 1536w, https:\/\/help.unhcr.org\/peru\/wp-content\/uploads\/sites\/27\/2023\/11\/Adulta-mayor-con-su-carne-de-extranjeria-SAMMIR-Peru-Ayuda-Help-Peru-2048x1365.jpg 2048w\" sizes=\"auto, (max-width: 640px) 100vw, 640px\" \/><\/a><\/figure><\/div>\n\n\n\n<div class=\"wp-block-column is-vertically-aligned-top is-layout-flow wp-block-column-is-layout-flow\" style=\"flex-basis:100%\"><h2 class=\"wp-block-post-title has-medium-font-size\"><a href=\"https:\/\/help.unhcr.org\/peru\/2023\/11\/21\/como-identificarte-en-caso-de-una-intervencion-policial-si-eres-una-persona-refugiada-o-migrante-en-el-peru\/\" target=\"_blank\" >\u00bfC\u00f3mo identificarte en caso de una intervenci\u00f3n\u00a0policial si eres una persona refugiada o migrante en el Per\u00fa?\u00a0<\/a><\/h2>\n\n<div style=\"font-size:15px;font-style:italic;font-weight:400;\" class=\"wp-block-post-date\"><time datetime=\"2023-11-21T16:09:57+00:00\">noviembre 21, 2023<\/time><\/div>\n\n<div style=\"font-size:14px;\" class=\"wp-block-post-excerpt\"><p class=\"wp-block-post-excerpt__excerpt\">Ante las \u00faltimas medidas migratorias dispuestas por el gobierno peruano, la polic\u00eda\u00a0tendr\u00e1 la facultad de realizar controles para determinar la situaci\u00f3n migratoria de las personas extranjeras en el pa\u00eds. En ese contexto, es importante que al transitar por la v\u00eda p\u00fablica a nivel nacional lleves contigo los documentos que te permitir\u00e1n identificarte ante la autoridad.\u00a0 <\/p><\/div><\/div>\n<\/div>\n\n<\/li><li class=\"wp-block-post post-1212 post type-post status-publish format-aside has-post-thumbnail hentry category-sin-categorizar post_format-post-format-aside\">\n\n<div class=\"wp-block-columns alignwide is-layout-flex wp-container-core-columns-is-layout-9d6595d7 wp-block-columns-is-layout-flex\">\n<div class=\"wp-block-column is-vertically-aligned-center is-layout-flow wp-block-column-is-layout-flow\" style=\"flex-basis:60%\"><figure class=\"wp-block-post-featured-image\"><a href=\"https:\/\/help.unhcr.org\/peru\/2023\/11\/15\/5-cosas-que-debes-conocer-sobre-el-procedimiento-administrativo-sancionador-especial-excepcional-pasee\/\" target=\"_blank\"  ><img loading=\"lazy\" decoding=\"async\" width=\"640\" height=\"427\" src=\"https:\/\/help.unhcr.org\/peru\/wp-content\/uploads\/sites\/27\/2023\/11\/Personas-desplazadas-en-Peru-2-1024x683.jpg\" class=\"attachment-large size-large wp-post-image\" alt=\"5 cosas que debes conocer sobre el Procedimiento administrativo sancionador especial excepcional (PASEE)\u00a0\u00a0\" style=\"object-fit:cover;\" srcset=\"https:\/\/help.unhcr.org\/peru\/wp-content\/uploads\/sites\/27\/2023\/11\/Personas-desplazadas-en-Peru-2-1024x683.jpg 1024w, https:\/\/help.unhcr.org\/peru\/wp-content\/uploads\/sites\/27\/2023\/11\/Personas-desplazadas-en-Peru-2-300x200.jpg 300w, https:\/\/help.unhcr.org\/peru\/wp-content\/uploads\/sites\/27\/2023\/11\/Personas-desplazadas-en-Peru-2-768x512.jpg 768w, https:\/\/help.unhcr.org\/peru\/wp-content\/uploads\/sites\/27\/2023\/11\/Personas-desplazadas-en-Peru-2-1536x1024.jpg 1536w, https:\/\/help.unhcr.org\/peru\/wp-content\/uploads\/sites\/27\/2023\/11\/Personas-desplazadas-en-Peru-2-2048x1365.jpg 2048w\" sizes=\"auto, (max-width: 640px) 100vw, 640px\" \/><\/a><\/figure><\/div>\n\n\n\n<div class=\"wp-block-column is-vertically-aligned-top is-layout-flow wp-block-column-is-layout-flow\" style=\"flex-basis:100%\"><h2 class=\"wp-block-post-title has-medium-font-size\"><a href=\"https:\/\/help.unhcr.org\/peru\/2023\/11\/15\/5-cosas-que-debes-conocer-sobre-el-procedimiento-administrativo-sancionador-especial-excepcional-pasee\/\" target=\"_blank\" >5 cosas que debes conocer sobre el Procedimiento administrativo sancionador especial excepcional (PASEE)\u00a0\u00a0<\/a><\/h2>\n\n<div style=\"font-size:15px;font-style:italic;font-weight:400;\" class=\"wp-block-post-date\"><time datetime=\"2023-11-15T00:41:11+00:00\">noviembre 15, 2023<\/time><\/div>\n\n<div style=\"font-size:14px;\" class=\"wp-block-post-excerpt\"><p class=\"wp-block-post-excerpt__excerpt\">El pasado 10 de noviembre finaliz\u00f3 el plazo para solicitar la regularizaci\u00f3n migratoria a trav\u00e9s del Carn\u00e9 de Permiso Temporal de Permanencia (CPP) en el Per\u00fa. Desde entonces, el gobierno peruano implementar\u00e1 medidas sancionadoras.\u00a0En esta nota conocer\u00e1s diez cosas que debes tomar en cuenta si tu situaci\u00f3n es irregular en el Per\u00fa. <\/p><\/div><\/div>\n<\/div>\n\n<\/li><li class=\"wp-block-post post-1497 post type-post status-publish format-standard has-post-thumbnail hentry category-sin-categorizar\">\n\n<div class=\"wp-block-columns alignwide is-layout-flex wp-container-core-columns-is-layout-9d6595d7 wp-block-columns-is-layout-flex\">\n<div class=\"wp-block-column is-vertically-aligned-center is-layout-flow wp-block-column-is-layout-flow\" style=\"flex-basis:60%\"><figure class=\"wp-block-post-featured-image\"><a href=\"https:\/\/help.unhcr.org\/peru\/2023\/11\/01\/riesgos-que-enfrenta-una-persona-refugiada-y-migrante-al-cruzar-hacia-otros-paises-de-la-region\/\" target=\"_blank\"  ><img loading=\"lazy\" decoding=\"async\" width=\"640\" height=\"426\" src=\"https:\/\/help.unhcr.org\/peru\/wp-content\/uploads\/sites\/27\/2023\/12\/Personas-desplazadas-en-Peru-\u00a9ACNUR-baja-1024x682.jpg\" class=\"attachment-large size-large wp-post-image\" alt=\"Riesgos que enfrenta una persona refugiada y migrante al cruzar hacia otros pa\u00edses de la regi\u00f3n\" style=\"object-fit:cover;\" srcset=\"https:\/\/help.unhcr.org\/peru\/wp-content\/uploads\/sites\/27\/2023\/12\/Personas-desplazadas-en-Peru-\u00a9ACNUR-baja-1024x682.jpg 1024w, https:\/\/help.unhcr.org\/peru\/wp-content\/uploads\/sites\/27\/2023\/12\/Personas-desplazadas-en-Peru-\u00a9ACNUR-baja-300x200.jpg 300w, https:\/\/help.unhcr.org\/peru\/wp-content\/uploads\/sites\/27\/2023\/12\/Personas-desplazadas-en-Peru-\u00a9ACNUR-baja-768x511.jpg 768w, https:\/\/help.unhcr.org\/peru\/wp-content\/uploads\/sites\/27\/2023\/12\/Personas-desplazadas-en-Peru-\u00a9ACNUR-baja.jpg 1500w\" sizes=\"auto, (max-width: 640px) 100vw, 640px\" \/><\/a><\/figure><\/div>\n\n\n\n<div class=\"wp-block-column is-vertically-aligned-top is-layout-flow wp-block-column-is-layout-flow\" style=\"flex-basis:100%\"><h2 class=\"wp-block-post-title has-medium-font-size\"><a href=\"https:\/\/help.unhcr.org\/peru\/2023\/11\/01\/riesgos-que-enfrenta-una-persona-refugiada-y-migrante-al-cruzar-hacia-otros-paises-de-la-region\/\" target=\"_blank\" >Riesgos que enfrenta una persona refugiada y migrante al cruzar hacia otros pa\u00edses de la regi\u00f3n<\/a><\/h2>\n\n<div style=\"font-size:15px;font-style:italic;font-weight:400;\" class=\"wp-block-post-date\"><time datetime=\"2023-11-01T16:50:09+00:00\">noviembre 1, 2023<\/time><\/div>\n\n<div style=\"font-size:14px;\" class=\"wp-block-post-excerpt\"><p class=\"wp-block-post-excerpt__excerpt\">Como persona refugiada y migrante cuando te encaminas hacia un nuevo destino y cruzas por accesos no regulares, debes saber que te expones a trayectos dif\u00edciles y peligrosos y son muchos los riesgos a los que te puedes enfrentar. En esta nota te contamos cu\u00e1les. <\/p><\/div><\/div>\n<\/div>\n\n<\/li><\/ul><\/div>\n\n\n\n<p><\/p>\n","protected":false},"excerpt":{"rendered":"","protected":false},"author":398,"featured_media":0,"parent":0,"menu_order":3,"comment_status":"closed","ping_status":"closed","template":"","meta":{"_acf_changed":false,"footnotes":""},"class_list":["post-1214","page","type-page","status-publish","hentry"],"acf":[],"_links":{"self":[{"href":"https:\/\/help.unhcr.org\/peru\/wp-json\/wp\/v2\/pages\/1214","targetHints":{"allow":["GET"]}}],"collection":[{"href":"https:\/\/help.unhcr.org\/peru\/wp-json\/wp\/v2\/pages"}],"about":[{"href":"https:\/\/help.unhcr.org\/peru\/wp-json\/wp\/v2\/types\/page"}],"author":[{"embeddable":true,"href":"https:\/\/help.unhcr.org\/peru\/wp-json\/wp\/v2\/users\/398"}],"replies":[{"embeddable":true,"href":"https:\/\/help.unhcr.org\/peru\/wp-json\/wp\/v2\/comments?post=1214"}],"version-history":[{"count":62,"href":"https:\/\/help.unhcr.org\/peru\/wp-json\/wp\/v2\/pages\/1214\/revisions"}],"predecessor-version":[{"id":2220,"href":"https:\/\/help.unhcr.org\/peru\/wp-json\/wp\/v2\/pages\/1214\/revisions\/2220"}],"wp:attachment":[{"href":"https:\/\/help.unhcr.org\/peru\/wp-json\/wp\/v2\/media?parent=1214"}],"curies":[{"name":"wp","href":"https:\/\/api.w.org\/{rel}","templated":true}]}}