{"id":7424,"date":"2025-12-08T23:26:38","date_gmt":"2025-12-08T23:26:38","guid":{"rendered":"https:\/\/help.unhcr.org\/mexico\/?page_id=7424"},"modified":"2026-02-16T21:29:42","modified_gmt":"2026-02-16T21:29:42","slug":"requisitos","status":"publish","type":"page","link":"https:\/\/help.unhcr.org\/mexico\/naturalizacion\/requisitos\/","title":{"rendered":"Requisitos"},"content":{"rendered":"\n<p>Para solicitar la naturalizaci\u00f3n, <strong>debes tener 18 a\u00f1os<\/strong> y contar con estos requisitos:<\/p>\n\n\n\n<h3 class=\"wp-block-heading has-background\" style=\"background-color:#cce2f3\"><strong>1. Tiempo de residencia en M\u00e9xico<\/strong><\/h3>\n\n\n\n<ul class=\"wp-block-list\">\n<li><strong>2 a\u00f1os<\/strong>&nbsp;si eres de un pa\u00eds latinoamericano.<\/li>\n\n\n\n<li><strong>5 a\u00f1os<\/strong>&nbsp;si eres de otro pa\u00eds o si eres ap\u00e1trida.<\/li>\n<\/ul>\n\n\n\n<h3 class=\"wp-block-heading has-background\" style=\"background-color:#cce2f3\"><strong>2. Documentos<\/strong><\/h3>\n\n\n\n<ul class=\"wp-block-list\">\n<li><strong>Tarjeta de residencia permanente.<\/strong><\/li>\n\n\n\n<li><strong>Acta de nacimiento.<\/strong>&nbsp;<em>(Si no la tienes, necesitas el oficio de recomendaci\u00f3n de la COMAR).<\/em><\/li>\n\n\n\n<li><strong>Pasaporte original<\/strong> <strong>(m\u00ednimo con 6 meses de vigencia)<\/strong>&nbsp;o&nbsp;<strong>Documento de identidad y viaje (DIV).<\/strong>&nbsp;\n<ul class=\"wp-block-list\">\n<li><em>Si tu pasaporte tiene menos de 2 a\u00f1os de expedici\u00f3n, pide el documento de Flujos Migratorios en el INM).<\/em><\/li>\n<\/ul>\n<\/li>\n\n\n\n<li><strong>CURP vigente impresa<\/strong>&nbsp;desde el <a href=\"https:\/\/www.gob.mx\/curp\/\" data-type=\"link\" data-id=\"https:\/\/www.gob.mx\/curp\/\" target=\"_blank\" rel=\"noreferrer noopener\">sitio web de RENAPO.<\/a><\/li>\n\n\n\n<li><strong>Carta de entradas y salidas<\/strong>&nbsp;del tiempo que has vivido en M\u00e9xico.<\/li>\n\n\n\n<li><a href=\"https:\/\/youtu.be\/bjTmU5HljuE?si=dohyWj-CVkoByPTe\" data-type=\"link\" data-id=\"https:\/\/www.youtube.com\/watch?v=bjTmU5HljuE&amp;t=23s\" target=\"_blank\" rel=\"noreferrer noopener\"><strong>Constancia de antecedentes penales<\/strong>&nbsp;federales y locales.<\/a><\/li>\n\n\n\n<li><strong>Oficio de recomendaci\u00f3n de COMAR<\/strong>&nbsp;para naturalizaci\u00f3n.<\/li>\n\n\n\n<li><strong>Comprobante de pago<\/strong>&nbsp;a la Secretar\u00eda de Relaciones Exteriores.<\/li>\n<\/ul>\n\n\n\n<h3 class=\"wp-block-heading has-background\" style=\"background-color:#cce2f3\"><strong>3. Ex\u00e1menes<\/strong><\/h3>\n\n\n\n<ul class=\"wp-block-list\">\n<li><strong>Historia de M\u00e9xico <\/strong>(solo personas con protecci\u00f3n complementaria o ap\u00e1tridas) &nbsp;\n<ul class=\"wp-block-list\">\n<li><em>Las personas refugiadas no necesitan este examen.<\/em><\/li>\n<\/ul>\n<\/li>\n\n\n\n<li><strong>Espa\u00f1ol<\/strong>&nbsp;si en tu pa\u00eds no se habla espa\u00f1ol.<\/li>\n<\/ul>\n\n\n\n<h3 class=\"wp-block-heading has-background\" style=\"background-color:#cce2f3\"><strong>4. Fotograf\u00edas<\/strong><\/h3>\n\n\n\n<ul class=\"wp-block-list\">\n<li><strong>2 fotos tama\u00f1o pasaporte<\/strong>&nbsp;(4.5 x 3.5 cm):\n<ul class=\"wp-block-list\">\n<li>A color, papel mate, fondo blanco.<\/li>\n\n\n\n<li>Sin aretes, sin lentes, cabeza descubierta.<\/li>\n<\/ul>\n<\/li>\n<\/ul>\n\n\n\n<hr class=\"wp-block-separator has-alpha-channel-opacity\" \/>\n\n\n\n<p>\u2705 Si ya cumples con todos los requisitos: <\/p>\n\n\n\n<ul class=\"wp-block-list\">\n<li><strong>Ingresa al sitio web<\/strong> del <a href=\"https:\/\/reipv6.sre.gob.mx\/sinna\/\" data-type=\"link\" data-id=\"https:\/\/reipv6.sre.gob.mx\/sinna\/\" target=\"_blank\" rel=\"noreferrer noopener\">Sistema Integral de Nacionalidad y Naturalizaci\u00f3n (SINNA)<\/a><\/li>\n\n\n\n<li><strong>Haz tu pre-registro:<\/strong> Llena tus datos y <a href=\"https:\/\/youtu.be\/KCN0usm4Iw0?si=P6foqsOWvAVM3UYL\" data-type=\"link\" data-id=\"https:\/\/youtu.be\/KCN0usm4Iw0?si=P6foqsOWvAVM3UYL\" target=\"_blank\" rel=\"noreferrer noopener\">completa la solicitud <strong>DNN-3<\/strong>.<\/a><\/li>\n\n\n\n<li><strong>Selecciona el d\u00eda de tu cita<\/strong>.<\/li>\n<\/ul>\n\n\n\n<p class=\"has-background\" style=\"background-color:#fdf799\"><strong>En ACNUR te podemos orientar gratis en todo tu tr\u00e1mite de naturalizaci\u00f3n<\/strong>.<\/p>\n\n\n\n<p>\ud83d\udcde\u00a0<strong>Tel\u00e9fonos gratuitos:<\/strong>\u00a0<a href=\"tel:+528002268769\">800 226 8769<\/a>\u00a0o al\u00a0<a href=\"tel:+528002832718\">800 283 2718<\/a>\u00a0<em>(Fuera de M\u00e9xico marca antes +52)<\/em><br>\ud83d\udcf1\u00a0<strong>WhatsApp:<\/strong>\u00a0<a href=\"https:\/\/wa.me\/+525570055950\">+52 55 7005 5950<\/a>\u00a0y\u00a0<a href=\"https:\/\/wa.me\/+525525352950\">+52 55 2535 2950<\/a><br>\ud83d\udce7\u00a0<strong>Correo electr\u00f3nico:<\/strong>\u00a0<a href=\"mailto:mexmeatencion@unhcr.org\" target=\"_blank\" rel=\"noreferrer noopener\">mexmeatencion@unhcr.org<\/a><\/p>\n\n\n\n<p><a href=\"https:\/\/help.unhcr.org\/mexico\/naturalizacion\/\" data-type=\"page\" data-id=\"7421\">&lt;&lt; Naturalizaci\u00f3n<\/a><\/p>\n\n\n\n<p><\/p>\n","protected":false},"excerpt":{"rendered":"<p>Para solicitar la naturalizaci\u00f3n, debes tener 18 a\u00f1os y contar con estos requisitos: 1. Tiempo de residencia en M\u00e9xico 2. Documentos 3. Ex\u00e1menes 4. Fotograf\u00edas \u2705 Si ya cumples con todos los requisitos: En ACNUR te podemos orientar gratis en todo tu tr\u00e1mite de naturalizaci\u00f3n. \ud83d\udcde\u00a0Tel\u00e9fonos gratuitos:\u00a0800 226 8769\u00a0o al\u00a0800 283 2718\u00a0(Fuera de M\u00e9xico marca [&hellip;]<\/p>\n","protected":false},"author":243,"featured_media":0,"parent":7421,"menu_order":0,"comment_status":"closed","ping_status":"closed","template":"","meta":{"_acf_changed":false,"footnotes":""},"class_list":["post-7424","page","type-page","status-publish","hentry"],"acf":[],"_links":{"self":[{"href":"https:\/\/help.unhcr.org\/mexico\/wp-json\/wp\/v2\/pages\/7424","targetHints":{"allow":["GET"]}}],"collection":[{"href":"https:\/\/help.unhcr.org\/mexico\/wp-json\/wp\/v2\/pages"}],"about":[{"href":"https:\/\/help.unhcr.org\/mexico\/wp-json\/wp\/v2\/types\/page"}],"author":[{"embeddable":true,"href":"https:\/\/help.unhcr.org\/mexico\/wp-json\/wp\/v2\/users\/243"}],"replies":[{"embeddable":true,"href":"https:\/\/help.unhcr.org\/mexico\/wp-json\/wp\/v2\/comments?post=7424"}],"version-history":[{"count":14,"href":"https:\/\/help.unhcr.org\/mexico\/wp-json\/wp\/v2\/pages\/7424\/revisions"}],"predecessor-version":[{"id":7538,"href":"https:\/\/help.unhcr.org\/mexico\/wp-json\/wp\/v2\/pages\/7424\/revisions\/7538"}],"up":[{"embeddable":true,"href":"https:\/\/help.unhcr.org\/mexico\/wp-json\/wp\/v2\/pages\/7421"}],"wp:attachment":[{"href":"https:\/\/help.unhcr.org\/mexico\/wp-json\/wp\/v2\/media?parent=7424"}],"curies":[{"name":"wp","href":"https:\/\/api.w.org\/{rel}","templated":true}]}}