{"id":5377,"date":"2024-02-15T22:29:40","date_gmt":"2024-02-15T22:29:40","guid":{"rendered":"https:\/\/help.unhcr.org\/mexico\/?page_id=5377"},"modified":"2026-03-26T16:53:04","modified_gmt":"2026-03-26T16:53:04","slug":"villahermosa","status":"publish","type":"page","link":"https:\/\/help.unhcr.org\/mexico\/donde-encontrar-ayuda\/mapas-de-servicios-2\/villahermosa\/","title":{"rendered":"Villahermosa"},"content":{"rendered":"\n<p>Si est\u00e1s en ciudad de Villahermosa, estado de Tabasco, nuestro mapa te ser\u00e1 de ayuda.<\/p>\n\n\n\n<p>ACNUR en colaboraci\u00f3n con socios y aliados han preparado el mapa que te muestra los principales servicios en la ciudad.<\/p>\n\n\n\n<p>\ud83d\udcf2\u00a0<a href=\"https:\/\/help.unhcr.org\/mexico\/wp-content\/uploads\/sites\/22\/2024\/10\/241030_MAPA-Villahermosa_web.pdf\" data-type=\"link\" data-id=\"https:\/\/help.unhcr.org\/mexico\/wp-content\/uploads\/sites\/22\/2024\/10\/241030_MAPA-Villahermosa_web.pdf\">Desc\u00e1rgalo en tu tel\u00e9fono<\/a>\u00a0y ll\u00e9valo contigo.<\/p>\n\n\n\n<p>\ud83c\udf0e <a href=\"https:\/\/www.google.com\/maps\/d\/viewer?mid=16T7a8EsxqIxwyfY18lfXJgYOca6BnNs&amp;ll=18.002434529255257%2C-92.94719615&amp;z=14\" data-type=\"link\" data-id=\"https:\/\/www.google.com\/maps\/d\/viewer?mid=16T7a8EsxqIxwyfY18lfXJgYOca6BnNs&amp;ll=18.002434529255257%2C-92.94719615&amp;z=14\" target=\"_blank\" rel=\"noreferrer noopener\">Encuentra los servicios en\u00a0Google Maps<\/a><\/p>\n\n\n\n<p><a href=\"https:\/\/help.unhcr.org\/mexico\/donde-encontrar-ayuda\/mapas-de-servicios-2\/\">&lt;&lt; Mapas de servicios<\/a><\/p>\n","protected":false},"excerpt":{"rendered":"<p>Si est\u00e1s en ciudad de Villahermosa, estado de Tabasco, nuestro mapa te ser\u00e1 de ayuda. ACNUR en colaboraci\u00f3n con socios y aliados han preparado el mapa que te muestra los principales servicios en la ciudad. \ud83d\udcf2\u00a0Desc\u00e1rgalo en tu tel\u00e9fono\u00a0y ll\u00e9valo contigo. \ud83c\udf0e Encuentra los servicios en\u00a0Google Maps &lt;&lt; Mapas de servicios<\/p>\n","protected":false},"author":71,"featured_media":0,"parent":1089,"menu_order":23,"comment_status":"closed","ping_status":"closed","template":"","meta":{"_acf_changed":false,"footnotes":""},"class_list":["post-5377","page","type-page","status-publish","hentry"],"acf":[],"_links":{"self":[{"href":"https:\/\/help.unhcr.org\/mexico\/wp-json\/wp\/v2\/pages\/5377","targetHints":{"allow":["GET"]}}],"collection":[{"href":"https:\/\/help.unhcr.org\/mexico\/wp-json\/wp\/v2\/pages"}],"about":[{"href":"https:\/\/help.unhcr.org\/mexico\/wp-json\/wp\/v2\/types\/page"}],"author":[{"embeddable":true,"href":"https:\/\/help.unhcr.org\/mexico\/wp-json\/wp\/v2\/users\/71"}],"replies":[{"embeddable":true,"href":"https:\/\/help.unhcr.org\/mexico\/wp-json\/wp\/v2\/comments?post=5377"}],"version-history":[{"count":8,"href":"https:\/\/help.unhcr.org\/mexico\/wp-json\/wp\/v2\/pages\/5377\/revisions"}],"predecessor-version":[{"id":7779,"href":"https:\/\/help.unhcr.org\/mexico\/wp-json\/wp\/v2\/pages\/5377\/revisions\/7779"}],"up":[{"embeddable":true,"href":"https:\/\/help.unhcr.org\/mexico\/wp-json\/wp\/v2\/pages\/1089"}],"wp:attachment":[{"href":"https:\/\/help.unhcr.org\/mexico\/wp-json\/wp\/v2\/media?parent=5377"}],"curies":[{"name":"wp","href":"https:\/\/api.w.org\/{rel}","templated":true}]}}