{"id":122,"date":"2018-01-23T15:49:26","date_gmt":"2018-01-23T15:49:26","guid":{"rendered":"http:\/\/help.unhcr.org\/mexico\/?page_id=122"},"modified":"2026-03-11T17:37:56","modified_gmt":"2026-03-11T17:37:56","slug":"confia-en-el-jaguar","status":"publish","type":"page","link":"https:\/\/help.unhcr.org\/mexico\/donde-encontrar-ayuda\/confia-en-el-jaguar\/","title":{"rendered":"@Conf\u00edaEnElJaguar"},"content":{"rendered":"\n<p class=\"has-background\" style=\"background-color:#fdf799\">Si eres una persona que sali\u00f3 de su pa\u00eds y necesitas orientaci\u00f3n, <strong>puedes confiar en El Jaguar.<\/strong><\/p>\n\n\n\n<p>En su p\u00e1gina de Facebook <a href=\"https:\/\/www.facebook.com\/ConfiaEnElJaguar\" target=\"_blank\" rel=\"noreferrer noopener\">Conf\u00eda en El Jaguar<\/a> se comparten a diario mensajes de informaci\u00f3n y protecci\u00f3n.<\/p>\n\n\n<div class=\"wp-block-image\">\n<figure class=\"aligncenter size-full is-resized\"><a href=\"https:\/\/www.facebook.com\/watch\/?v=742858662873674&amp;t=1\" target=\"_blank\" rel=\"noopener\"><img loading=\"lazy\" decoding=\"async\" width=\"927\" height=\"516\" src=\"https:\/\/help.unhcr.org\/mexico\/wp-content\/uploads\/sites\/22\/2022\/08\/220830_EL-JAGUAR1.png\" alt=\"\" class=\"wp-image-4275\" style=\"aspect-ratio:1.7985074626865671;width:362px;height:auto\" srcset=\"https:\/\/help.unhcr.org\/mexico\/wp-content\/uploads\/sites\/22\/2022\/08\/220830_EL-JAGUAR1.png 927w, https:\/\/help.unhcr.org\/mexico\/wp-content\/uploads\/sites\/22\/2022\/08\/220830_EL-JAGUAR1-300x167.png 300w, https:\/\/help.unhcr.org\/mexico\/wp-content\/uploads\/sites\/22\/2022\/08\/220830_EL-JAGUAR1-768x427.png 768w\" sizes=\"auto, (max-width: 927px) 100vw, 927px\" \/><\/a><figcaption class=\"wp-element-caption\">En este video conoce a El Jaguar<\/figcaption><\/figure><\/div>\n\n\n<p>\u2705 En su sitio Facebook encontrar\u00e1s:<\/p>\n\n\n\n<ul class=\"wp-block-list\">\n<li>De qu\u00e9 debes cuidarte.<\/li>\n\n\n\n<li>D\u00f3nde puedes encontrar ayuda.<\/li>\n\n\n\n<li>Cu\u00e1les son tus derechos.<\/li>\n\n\n\n<li>El paso a paso para solicitar protecci\u00f3n como refugiado.<\/li>\n\n\n\n<li>Experiencia de personas en tu misma situaci\u00f3n.<\/li>\n\n\n\n<li>Informaci\u00f3n de c\u00f3mo puedes regularizar tu condici\u00f3n migratoria.<\/li>\n\n\n\n<li>Albergues y organizaciones que pueden ayudarte.<\/li>\n\n\n\n<li>Tips para ni\u00f1as, ni\u00f1os y adolescentes.<\/li>\n\n\n\n<li>Mensajes dirigidos a personas LGBTIQ+.<\/li>\n<\/ul>\n\n\n\n<p>\ud83d\udde3\ufe0f Tambi\u00e9n puedes preguntar a trav\u00e9s de <a href=\"http:\/\/m.me\/ConfiaEnElJaguar\" data-type=\"link\" data-id=\"http:\/\/m.me\/ConfiaEnElJaguar\" target=\"_blank\" rel=\"noreferrer noopener\">Messenger de Facebook<\/a> a El Jaguar cualquier duda que tengas y te contestar\u00e1 directamente.<\/p>\n\n\n\n<p><a href=\"https:\/\/help.unhcr.org\/mexico\/donde-encontrar-ayuda\/\">&lt;&lt; \u00bfQui\u00e9n me puede ayudar?<\/a><\/p>\n\n\n\n<p><\/p>\n","protected":false},"excerpt":{"rendered":"<p>Si eres una persona que sali\u00f3 de su pa\u00eds y necesitas orientaci\u00f3n, puedes confiar en El Jaguar. En su p\u00e1gina de Facebook Conf\u00eda en El Jaguar se comparten a diario mensajes de informaci\u00f3n y protecci\u00f3n. \u2705 En su sitio Facebook encontrar\u00e1s: \ud83d\udde3\ufe0f Tambi\u00e9n puedes preguntar a trav\u00e9s de Messenger de Facebook a El Jaguar cualquier [&hellip;]<\/p>\n","protected":false},"author":1,"featured_media":0,"parent":14,"menu_order":2,"comment_status":"closed","ping_status":"closed","template":"","meta":{"_acf_changed":false,"footnotes":""},"class_list":["post-122","page","type-page","status-publish","hentry"],"acf":[],"_links":{"self":[{"href":"https:\/\/help.unhcr.org\/mexico\/wp-json\/wp\/v2\/pages\/122","targetHints":{"allow":["GET"]}}],"collection":[{"href":"https:\/\/help.unhcr.org\/mexico\/wp-json\/wp\/v2\/pages"}],"about":[{"href":"https:\/\/help.unhcr.org\/mexico\/wp-json\/wp\/v2\/types\/page"}],"author":[{"embeddable":true,"href":"https:\/\/help.unhcr.org\/mexico\/wp-json\/wp\/v2\/users\/1"}],"replies":[{"embeddable":true,"href":"https:\/\/help.unhcr.org\/mexico\/wp-json\/wp\/v2\/comments?post=122"}],"version-history":[{"count":23,"href":"https:\/\/help.unhcr.org\/mexico\/wp-json\/wp\/v2\/pages\/122\/revisions"}],"predecessor-version":[{"id":7644,"href":"https:\/\/help.unhcr.org\/mexico\/wp-json\/wp\/v2\/pages\/122\/revisions\/7644"}],"up":[{"embeddable":true,"href":"https:\/\/help.unhcr.org\/mexico\/wp-json\/wp\/v2\/pages\/14"}],"wp:attachment":[{"href":"https:\/\/help.unhcr.org\/mexico\/wp-json\/wp\/v2\/media?parent=122"}],"curies":[{"name":"wp","href":"https:\/\/api.w.org\/{rel}","templated":true}]}}