{"id":18690,"date":"2024-06-05T17:26:56","date_gmt":"2024-06-05T17:26:56","guid":{"rendered":"https:\/\/help.unhcr.org\/hungary\/?page_id=18690"},"modified":"2025-07-10T13:01:58","modified_gmt":"2025-07-10T13:01:58","slug":"death","status":"publish","type":"page","link":"https:\/\/help.unhcr.org\/hungary\/death\/","title":{"rendered":"Death of a family member"},"content":{"rendered":"\n<div class=\"wp-block-group\"><div class=\"wp-block-group__inner-container is-layout-constrained wp-block-group-is-layout-constrained\">\n<a href=\"https:\/\/help.unhcr.org\/hungary\/asylum\" style=\"text-decoration: none\">\n\n\n\n<div style=\"background-color:#FCF366;color:white;border-radius:10px;padding: 30px 24px 1px\">\n\n\n\n<p class=\"has-black-color has-text-color has-link-color has-medium-font-size wp-elements-72183a99265c5278b4d2aadfe10b01a0\"><strong>This page is designed for people fleeing from Ukraine to Hungary.<\/strong> If you are seeking asylum from another country, please click here for more information.<\/p>\n\n\n\n<\/div><\/a>\n<\/div><\/div>\n\n\n\n<p><\/p>\n\n\n<p class=\"has-medium-font-size\"><strong>ON THIS PAGE YOU CAN LEARN ABOUT:<\/strong><br>\n<strong>\u2022 <a href=\"#when-the-death-of-a-family-member-occurs\">When the death of a family member occurs<\/a><\/strong><br><strong>\u2022 <a href=\"#documents-to-arrange-a-funeral\">Documents to arrange a funeral<\/a><\/strong><br><strong>\u2022 <a href=\"#burial-in-hungary\">Burial in Hungary<\/a><\/strong><br><strong>\u2022 <a href=\"#burial-in-ukraine\">Burial in Ukraine<\/a><\/strong><br><strong>\u2022 <a href=\"#transferring-the-ashes-to-ukraine\">Transferring the ashes to Ukraine<\/a><\/strong><br><strong>\u2022 <a href=\"#consulting-the-ukrainian-authorities\">Consulting the Ukrainian authorities<\/a><\/strong><br><strong>\u2022 <a href=\"#financial-support-for-the-funeral\">Financial support for the funeral<\/a><\/strong><br><strong>\u2022 <a href=\"#if-you-are-in-no-position-to-organise-a-funeral\">If you are in no position to organise a funeral<\/a><\/strong><br>\n<\/p>\n\n <hr class=\"has-alpha-channel-opacity is-style-default\" \/>\n\n<h2 id=\"when-the-death-of-a-family-member-occurs\" class=\"wp-block-heading\"><strong>When the death of a family member occurs<\/strong><\/h2>\n\n\n<p class=\"has-medium-font-size\">According to Hungarian laws, the fact of death must be confirmed through a formal procedure. The aim of this procedure is to determine all the relevant details of the death (e.g. the cause, time, manner of the death). It is conducted by a competent doctor.<\/p>\n\n\n<p class=\"has-medium-font-size\">If the death occurs at the hospital, the doctor who treated the deceased will perform the determination.<\/p>\n\n\n<p class=\"has-medium-font-size\">If the death occurs at home, the general practitioner will complete the procedure with the assistance of paramedics. It is very important to report the death to the general practitioner or the ambulance service (by calling 112) as soon as possible. <\/p>\n\n\n<p class=\"has-medium-font-size\">After the procedure has been completed, an official document (&#8220;halottvizsg\u00e1lati bizony\u00edtv\u00e1ny\u201d) testifying all the relevant facts regarding the death will be issued. This is an important document which will be needed for the burial or transportation of the deceased.<\/p>\n\n\n<p class=\"has-medium-font-size\">The attending doctor will arrange for the temporary transportation of the body. You have the option to choose the funeral service provider to be used for the transportation, otherwise, the attending doctor will decide on the service provider and notify you. The costs of transportation generally have to be covered by the family members.<\/p>\n\n\n<p class=\"has-medium-font-size\"><a href=\"https:\/\/app.powerbi.com\/view?r=eyJrIjoiMTkwOWI0MTctZDY1NS00YmQwLTg3OGEtYWJmYjBlNmExYzk3IiwidCI6ImU1YzM3OTgxLTY2NjQtNDEzNC04YTBjLTY1NDNkMmFmODBiZSIsImMiOjh9\">To find your general practitioner, please visit our search site.<\/a><\/p>\n\n\n<h2 id=\"documents-to-arrange-a-funeral\" class=\"wp-block-heading\"><strong>Documents to arrange a funeral<\/strong><\/h2>\n\n\n<p class=\"has-medium-font-size\">To arrange for the burial or the transport of the deceased back to Ukraine, you only need the previously mentioned document.<\/p>\n\n\n<p class=\"has-medium-font-size\">However, another official document will be issued after the death (\u201chalotti anyak\u00f6nyvi kivonat\u201d). This certifies that the death has occurred and can be used as official confirmation before authorities and service providers (e.g. closing bank accounts or opening insurance claims). It is issued by the registrar\u2019s office (\u201canyak\u00f6nyvi hivatal\u201d) of the place of death. Please note that you do not need to notify the registrar to start the legal procedure, as the attending doctor is required to do so after finishing the examination. <\/p>\n\n\n<p class=\"has-medium-font-size\">You are required to hand over any document previously issued by the Hungarian authorities to the deceased person (e.g. residence permit), and \u2013 if you have them \u2013 present any documents pertaining to the deceased\u2019s family status (e.g. marriage certificate) to the registrar.<\/p>\n\n\n<p class=\"has-medium-font-size\">You do not need to pay for the issue of the certificate, as it is exempted from procedural fees by law.<\/p>\n\n\n<h2 id=\"burial-in-hungary\" class=\"wp-block-heading\"><strong>Burial in Hungary<\/strong><\/h2>\n\n\n<p class=\"has-medium-font-size\">Currently, there are no special regulations in place for the burial of foreign nationals in Hungary. This means that you can choose the type of burial (i.e. without cremation or with cremation), the cemetery and whether to have a religious ceremony or not.<\/p>\n\n\n<p class=\"has-medium-font-size\">However, if you choose burial with cremation, you will need additional documents. Firstly, you will need to obtain a permit from the embassy\/consulate of Ukraine in Hungary. Secondly, you will need to procure the authorization for cremation from the local government office. You do not need to pay for the latter, as it is exempted from procedural fees by law.<\/p>\n\n\n<p class=\"has-medium-font-size\">If you commission a funeral service provider, they will take care of all the necessary administrative issues before the authorities and arrange for the funeral itself as well.<\/p>\n\n\n<h2 id=\"burial-in-ukraine\" class=\"wp-block-heading\"><strong>Burial in Ukraine<\/strong><\/h2>\n\n\n<p class=\"has-medium-font-size\">If you choose to bury the deceased in Ukraine, you will need two additional permits.<\/p>\n\n\n<p class=\"has-medium-font-size\">Firstly, authorisation is required from the Ukrainian authorities. Secondly, you will need to obtain a permit from the local government office. You do not need to pay for the issue of the latter, as it is exempted from procedural fees by law.<\/p>\n\n\n<p class=\"has-medium-font-size\">Please note that there are a number of funeral service providers in Hungary who offer international funeral services as well.<\/p>\n\n\n<h2 id=\"transferring-the-ashes-to-ukraine\" class=\"wp-block-heading\"><strong>Transferring the ashes to Ukraine<\/strong><\/h2>\n\n\n<p class=\"has-medium-font-size\">The ashes of the deceased can be transferred from Hungary to Ukraine without any authorisation or permit required from the Hungarian authorities.<\/p>\n\n\n<h2 id=\"consulting-the-ukrainian-authorities\" class=\"wp-block-heading\"><strong>Consulting the Ukrainian authorities<\/strong><\/h2>\n\n\n<p class=\"has-medium-font-size\">You should also contact the authorities in Ukraine, as Ukrainian law might impose additional requirements. If a Ukrainian national dies in Hungary, the consular section of the Embassy of Ukraine in Hungary can give information about the necessary procedures for repatriating the remains and obtaining a burial permit in Ukraine. They can also inform you of the procedure for opening the inheritance and about measures to protect the property of the deceased.<\/p>\n\n\n<p class=\"has-medium-font-size\"><a href=\"https:\/\/mfa.gov.ua\/npas\/poryadok-diy-konsula-u-vipadku-smerti-gromadyanina-ukraini-za-kordonom\">For more information, please visit the website of the Embassy of Ukraine.<\/a><\/p>\n\n\n<h2 id=\"financial-support-for-the-funeral\" class=\"wp-block-heading\"><strong>Financial support for the funeral<\/strong><\/h2>\n\n\n<p class=\"has-medium-font-size\">Unfortunately, there is no general aid introduced in Hungary to this end. However, municipalities (\u201c\u00f6nkorm\u00e1nyzat\u201d) have the option to establish local funeral aids on a social need basis. Each municipality regulates the conditions of such support, if available. Therefore, the exact criteria for receiving local funeral aid varies by municipality. It is advisable that you contact your local municipality for more information.<\/p>\n\n\n<h2 id=\"if-you-are-in-no-position-to-organise-a-funeral\" class=\"wp-block-heading\"><strong>If you are in no position to organise a funeral<\/strong><\/h2>\n\n\n<p class=\"has-medium-font-size\">Under Hungarian law, the following persons, in the order they are mentioned, are obliged to arrange the funeral: (a) who is bound by a contract to do so (e.g. a funeral service provider), (b) who is bound by the will of the deceased, (c) spouse or partner living with the deceased before their death and (d) other close relatives.<\/p>\n\n\n<p class=\"has-medium-font-size\">If there is no such person, or they reside in an unknown place or if they fail to fulfil this obligation, the mayor of the municipality of the place of death will arrange the burial.<\/p>\n\n\n<p class=\"has-medium-font-size\">Please note that if the deceased had temporary protection or the death happens before the deceased\u2019s application for protection (for refugee status or temporary protection) has been decided, the Hungarian state will bear the costs of the funeral. Otherwise, the municipality has the right to seek compensation from the above persons.<\/p>\n\n","protected":false},"excerpt":{"rendered":"<p>ON THIS PAGE YOU CAN LEARN ABOUT: \u2022 When the death of a family member occurs\u2022 Documents to arrange a funeral\u2022 Burial in Hungary\u2022 Burial in Ukraine\u2022 Transferring the ashes to Ukraine\u2022 Consulting the Ukrainian authorities\u2022 Financial support for the funeral\u2022 If you are in no position to organise a funeral When the death of [&hellip;]<\/p>\n","protected":false},"author":347,"featured_media":0,"parent":0,"menu_order":9,"comment_status":"closed","ping_status":"closed","template":"","meta":{"_acf_changed":false,"footnotes":""},"class_list":["post-18690","page","type-page","status-publish","hentry"],"acf":[],"_links":{"self":[{"href":"https:\/\/help.unhcr.org\/hungary\/wp-json\/wp\/v2\/pages\/18690","targetHints":{"allow":["GET"]}}],"collection":[{"href":"https:\/\/help.unhcr.org\/hungary\/wp-json\/wp\/v2\/pages"}],"about":[{"href":"https:\/\/help.unhcr.org\/hungary\/wp-json\/wp\/v2\/types\/page"}],"author":[{"embeddable":true,"href":"https:\/\/help.unhcr.org\/hungary\/wp-json\/wp\/v2\/users\/347"}],"replies":[{"embeddable":true,"href":"https:\/\/help.unhcr.org\/hungary\/wp-json\/wp\/v2\/comments?post=18690"}],"version-history":[{"count":184,"href":"https:\/\/help.unhcr.org\/hungary\/wp-json\/wp\/v2\/pages\/18690\/revisions"}],"predecessor-version":[{"id":44999,"href":"https:\/\/help.unhcr.org\/hungary\/wp-json\/wp\/v2\/pages\/18690\/revisions\/44999"}],"wp:attachment":[{"href":"https:\/\/help.unhcr.org\/hungary\/wp-json\/wp\/v2\/media?parent=18690"}],"curies":[{"name":"wp","href":"https:\/\/api.w.org\/{rel}","templated":true}]}}