{"id":12615,"date":"2024-05-08T13:22:42","date_gmt":"2024-05-08T13:22:42","guid":{"rendered":"https:\/\/help.unhcr.org\/hungary\/?page_id=12615"},"modified":"2025-12-24T09:38:18","modified_gmt":"2025-12-24T09:38:18","slug":"unity","status":"publish","type":"page","link":"https:\/\/help.unhcr.org\/hungary\/partners\/unity\/","title":{"rendered":"UNITY"},"content":{"rendered":"\n\n<div class=\"wp-block-columns is-layout-flex wp-container-core-columns-is-layout-9d6595d7 wp-block-columns-is-layout-flex\">\n\n<div class=\"wp-block-column is-layout-flow wp-block-column-is-layout-flow\">\n\n<h2 class=\"wp-block-heading\"><strong>Contact Information<\/strong><\/h2>\n\n\n\n<p class=\"has-medium-font-size\"><strong>E-mail<\/strong><br \/><a href=\"mailto:jednisty@jednisty.org\">jednisty@jednisty.org<\/a><\/p>\n\n\n\n<p class=\"has-medium-font-size\"><strong>Facebook<\/strong><br \/><a href=\"https:\/\/www.facebook.com\/jednisty\" target=\"_blank\">https:\/\/www.facebook.com\/jednisty<\/a><\/p>\n\n\n\n<p class=\"has-medium-font-size\"><strong>Telegram<\/strong><br \/><a href=\"https:\/\/t.me\/jednisty\" target=\"_blank\">https:\/\/t.me\/jednisty<\/a><\/p>\n\n\n\n<p class=\"has-medium-font-size\"><strong>Other<\/strong><br \/><a href=\"https:\/\/www.instagram.com\/Jednisty\" target=\"_blank\">https:\/\/www.instagram.com\/Jednisty<\/a><\/p>\n\n<\/div>\n\n\n\n<div class=\"wp-block-column is-layout-flow wp-block-column-is-layout-flow\">\n\n<h2 class=\"wp-block-heading\"><strong>Offered Services<\/strong><\/h2>\n\n\n\n<p class=\"has-medium-font-size\"><strong>Child Protection<\/strong><br \/>\u2022 Capacity building \/ training to respond to child protection concerns<br \/>\u2022 Child-friendly spaces<br \/>\u2022 Community-based child protection<br \/>\u2022 Recreational activities for children<\/p>\n\n\n\n<p class=\"has-medium-font-size\"><strong>Education<\/strong><br \/>\u2022 Catch-up classes and learning support<br \/>\u2022 Enrolment in formal education<br \/>\u2022 Language classes<br \/>\u2022 Learning materials<br \/>\u2022 Recreational education services<br \/>\u2022 Training or support of education personnel<\/p>\n\n\n\n<p class=\"has-medium-font-size\"><strong>Employment<\/strong><br \/>\u2022 Family, childcare and kindergarten support<br \/>\u2022 Professional \/ skill training<\/p>\n\n\n\n<p class=\"has-medium-font-size\"><strong>Health &amp; MHPSS<\/strong><br \/>\u2022 Community-based psychosocial and family support activities<\/p>\n\n<\/div>\n\n<\/div>\n\n\n\n<hr class=\"wp-block-separator has-text-color has-cyan-bluish-gray-color has-alpha-channel-opacity is-style-default\" style=\"border-top:0px !important\" \/>\n\n\n\n<h2 class=\"wp-block-heading\"><strong>1077 Budapest, Wessel\u00e9nyi utca 44 (Maszoret Avot \u00d3voda \u00e9s \u00c1ltal\u00e1nos Iskola)<\/strong><\/h2>\n\n\n\n<p class=\"has-medium-font-size\">Office\/institution (with assistance on site)\u00a0\u2022\u00a0<a href=\"https:\/\/www.google.com\/maps\/search\/1077%20Budapest%2C%20Wessel%C3%A9nyi%20utca%2044\" target=\"_blank\">View on Google Maps<\/a><\/p>\n\n\n\n<div class=\"wp-block-columns is-layout-flex wp-container-core-columns-is-layout-9d6595d7 wp-block-columns-is-layout-flex\">\n\n<div class=\"wp-block-column is-layout-flow wp-block-column-is-layout-flow\">\n\n<p class=\"has-medium-font-size\"><strong>Contact information<\/strong><br \/><a href=\"mailto:info@ecospace.org\">info@ecospace.org<\/a><\/p>\n\n\n\n<p class=\"has-medium-font-size\"><strong>Operating hours<\/strong><br \/>Monday: 8:00-16:30<br \/>Tuesday: 8:00-16:30<br \/>Wednesday: 8:00-16:30<br \/>Thursday: 8:00-16:30<br \/>Friday: 8:00-16:30<\/p>\n\n\n\n<p class=\"has-medium-font-size\"><strong>Services at location<\/strong><br \/>\u2022 Education (6)<br \/>\u2022 Employment (2)<br \/>\u2022 Child Protection (4)<\/p>\n\n<\/div>\n\n\n\n<div class=\"wp-block-column is-layout-flow wp-block-column-is-layout-flow\">\n\n<p class=\"has-medium-font-size\"><strong>Eligibility<\/strong><br \/>\u2022 Refugee from Ukraine<\/p>\n\n\n\n<p class=\"has-medium-font-size\"><strong>Languages<\/strong><br \/>\u2022 ?? Hungarian<br \/>\u2022 ?? Ukrainian<br \/>\u2022 ?? English<\/p>\n\n\n\n<p class=\"has-medium-font-size\"><strong>Service area<\/strong><br \/>\u2022 Budapest<\/p>\n\n<\/div>\n\n<\/div>\n\n\n\n<hr class=\"wp-block-separator has-text-color has-cyan-bluish-gray-color has-alpha-channel-opacity is-style-default\" style=\"border-top:0px !important\" \/>\n\n\n\n<h2 class=\"wp-block-heading\"><strong>1031 Budapest Z\u00e1hony utca 7, U2 (REAL School Budapest)<\/strong><\/h2>\n\n\n\n<p class=\"has-medium-font-size\">Office\/institution (with assistance on site)\u00a0\u2022\u00a0<a href=\"https:\/\/www.google.com\/maps\/search\/1031%20Budapest%20Z%C3%A1hony%20utca%207%2C%20U2\" target=\"_blank\">View on Google Maps<\/a><\/p>\n\n\n\n<div class=\"wp-block-columns is-layout-flex wp-container-core-columns-is-layout-9d6595d7 wp-block-columns-is-layout-flex\">\n\n<div class=\"wp-block-column is-layout-flow wp-block-column-is-layout-flow\">\n\n<p class=\"has-medium-font-size\"><strong>Contact information<\/strong><br \/>Barancsikova Marta (<a href=\"mailto:centr@jednisty.org\">centr@jednisty.org<\/a>)<\/p>\n\n\n\n<p class=\"has-medium-font-size\"><strong>Operating hours<\/strong><br \/>Saturday: 10:00-14:00<\/p>\n\n\n\n<p class=\"has-medium-font-size\"><strong>Services at location<\/strong><br \/>\u2022 Education (5)<br \/>\u2022 Child Protection (4)<\/p>\n\n<\/div>\n\n\n\n<div class=\"wp-block-column is-layout-flow wp-block-column-is-layout-flow\">\n\n<p class=\"has-medium-font-size\"><strong>Eligibility<\/strong><br \/>\u2022 Refugee from Ukraine<\/p>\n\n\n\n<p class=\"has-medium-font-size\"><strong>Languages<\/strong><br \/>\u2022 ?? Ukrainian<\/p>\n\n\n\n<p class=\"has-medium-font-size\"><strong>Service area<\/strong><br \/>\u2022 Budapest<\/p>\n\n<\/div>\n\n<\/div>\n\n\n\n<hr class=\"wp-block-separator has-text-color has-cyan-bluish-gray-color has-alpha-channel-opacity is-style-default\" style=\"border-top:0px !important\" \/>\n\n\n<div class=\"wp-block-group\"><div class=\"wp-block-group__inner-container is-layout-constrained wp-block-group-is-layout-constrained\">\n<div style=\"background-color:#b9dfff;color:white;border-radius:10px;padding: 24px 24px 4px\">\n\n\n\n<figure class=\"wp-block-image size-full is-resized\"><img loading=\"lazy\" decoding=\"async\" width=\"100\" height=\"100\" src=\"https:\/\/help.unhcr.org\/hungary\/wp-content\/uploads\/sites\/86\/2024\/06\/callout_rcc-1.png\" alt=\"\" class=\"wp-image-18970\" style=\"width:70px\" \/><\/figure>\n\n\n\n<div style=\"height:14px\" aria-hidden=\"true\" class=\"wp-block-spacer\"><\/div>\n\n\n\n<p class=\"has-black-color has-text-color has-link-color has-medium-font-size wp-elements-41ce2414641dbfa10a869784448b8b11\">For more information, feedback, or complaints, call the <strong>UNHCR Refugee Helpline<\/strong> on <strong><a href=\"tel:+36 80 984 583\">+36 80 984 583<\/a>\u200b<\/strong> between Monday \u2013 Friday, 08:00 \u2013 17:00, in Ukrainian, Russian, Hungarian or English, or send an email to <a href=\"mailto:hunbucontact@unhcr.org\">hunbucontact@unhcr.org<\/a>. <\/p>\n\n\n<p class=\"hcr-help-webrtc-block-wrapper\"><button onclick=\"hcrHelpWebRTCOpenModal()\" class=\"hcr-help-webrtc-trigger-modal-button hcr-help-webrtc-trigger-modal-button-blue\">Click here to call UNHCR<\/button><\/p>\n\n\n<\/div>\n<\/div><\/div>\n\n\n\n<p><\/p>\n\n\n<p class=\"has-medium-font-size\"><a href=\"\/hungary\/partners\">Back to all organisations<\/a><\/p>\n\n\n\n<hr class=\"wp-block-separator has-text-color has-cyan-bluish-gray-color has-alpha-channel-opacity is-style-default\" style=\"border-top:0px !important\" \/>\n\n\n\n<p class=\"has-medium-font-size\"><strong>Disclaimer<\/strong><br \/>Please be advised that the data presented on this page is based on submissions received from partners. If you notice any inaccuracies, kindly reach out to <a href=\"mailto:hunbuim@unhcr.org\">hunbuim@unhcr.org<\/a> so we can review and update the information accordingly.<\/p>\n\n","protected":false},"excerpt":{"rendered":"<p>Contact Information E-mailjednisty@jednisty.org Facebookhttps:\/\/www.facebook.com\/jednisty Telegramhttps:\/\/t.me\/jednisty Otherhttps:\/\/www.instagram.com\/Jednisty Offered Services Child Protection\u2022 Capacity building \/ training to respond to child protection concerns\u2022 Child-friendly spaces\u2022 Community-based child protection\u2022 Recreational activities for children Education\u2022 Catch-up classes and learning support\u2022 Enrolment in formal education\u2022 Language classes\u2022 Learning materials\u2022 Recreational education services\u2022 Training or support of education personnel Employment\u2022 Family, childcare [&hellip;]<\/p>\n","protected":false},"author":575,"featured_media":0,"parent":12270,"menu_order":62,"comment_status":"closed","ping_status":"closed","template":"","meta":{"_acf_changed":false,"footnotes":""},"class_list":["post-12615","page","type-page","status-publish","hentry"],"acf":[],"_links":{"self":[{"href":"https:\/\/help.unhcr.org\/hungary\/wp-json\/wp\/v2\/pages\/12615","targetHints":{"allow":["GET"]}}],"collection":[{"href":"https:\/\/help.unhcr.org\/hungary\/wp-json\/wp\/v2\/pages"}],"about":[{"href":"https:\/\/help.unhcr.org\/hungary\/wp-json\/wp\/v2\/types\/page"}],"author":[{"embeddable":true,"href":"https:\/\/help.unhcr.org\/hungary\/wp-json\/wp\/v2\/users\/575"}],"replies":[{"embeddable":true,"href":"https:\/\/help.unhcr.org\/hungary\/wp-json\/wp\/v2\/comments?post=12615"}],"version-history":[{"count":129,"href":"https:\/\/help.unhcr.org\/hungary\/wp-json\/wp\/v2\/pages\/12615\/revisions"}],"predecessor-version":[{"id":49010,"href":"https:\/\/help.unhcr.org\/hungary\/wp-json\/wp\/v2\/pages\/12615\/revisions\/49010"}],"up":[{"embeddable":true,"href":"https:\/\/help.unhcr.org\/hungary\/wp-json\/wp\/v2\/pages\/12270"}],"wp:attachment":[{"href":"https:\/\/help.unhcr.org\/hungary\/wp-json\/wp\/v2\/media?parent=12615"}],"curies":[{"name":"wp","href":"https:\/\/api.w.org\/{rel}","templated":true}]}}