{"id":20554,"date":"2024-06-05T17:27:10","date_gmt":"2024-06-05T17:27:10","guid":{"rendered":"https:\/\/help.unhcr.org\/hungary\/new\/asylum\/status-review\/"},"modified":"2025-07-10T13:02:51","modified_gmt":"2025-07-10T13:02:51","slug":"status-review","status":"publish","type":"page","link":"https:\/\/help.unhcr.org\/hungary\/hu\/asylum\/status-review\/","title":{"rendered":"St\u00e1tusz fel\u00fclvizsg\u00e1lata"},"content":{"rendered":"\n\n<p class=\"has-medium-font-size\"><strong>EZEN AZ OLDALON:<\/strong><br>\n<strong>\u2022 <a href=\"#a-menekultek-es-oltalmazottak-statuszanak-felulvizsgalata\">A menek\u00fcltek \u00e9s oltalmazottak st\u00e1tusz\u00e1nak fel\u00fclvizsg\u00e1lata<\/a><\/strong><br>\n<\/p>\n\n <hr class=\"has-alpha-channel-opacity is-style-default\" \/>\n\n<h2 id=\"a-menekultek-es-oltalmazottak-statuszanak-felulvizsgalata\" class=\"wp-block-heading\"><strong>A menek\u00fcltek \u00e9s oltalmazottak st\u00e1tusz\u00e1nak fel\u00fclvizsg\u00e1lata <\/strong><\/h2>\n\n\n<p class=\"has-medium-font-size\">Ha \u00d6n 2016. j\u00fanius 1. ut\u00e1n kapott menek\u00fclt vagy oltalmazott st\u00e1tuszt Magyarorsz\u00e1gon, az Orsz\u00e1gos Idegenrend\u00e9szeti F\u0151igazgat\u00f3s\u00e1g (OIF) h\u00e1rom\u00e9vente fel\u00fclvizsg\u00e1lhatja st\u00e1tusz\u00e1t. Ez azt jelenti, hogy a hat\u00f3s\u00e1g \u00fajra megvizsg\u00e1lja, hogy a v\u00e9delem megad\u00e1s\u00e1nak felt\u00e9telei tov\u00e1bbra is fenn\u00e1llnak-e. A st\u00e1tuszfel\u00fclvizsg\u00e1lat eredm\u00e9nye a v\u00e9dett \u00e1llapot fenntart\u00e1s\u00e1t vagy visszavon\u00e1s\u00e1t eredm\u00e9nyezheti. K\u00e9rj\u00fck, vegye figyelembe, hogy  st\u00e1tusz\u00e1t akkor is fel\u00fclvizsg\u00e1lhatj\u00e1k, ha \u00d6n ellen kiadat\u00e1si k\u00e9relem \u00e9rkezik.<\/p>\n\n\n<h3 class=\"wp-block-heading\"><strong>A st\u00e1tuszfel\u00fclvizsg\u00e1lati elj\u00e1r\u00e1s<\/strong><\/h3>\n\n\n<p class=\"has-medium-font-size\">St\u00e1tuszvizsg\u00e1lat kezdem\u00e9nyez\u00e9se eset\u00e9n az OIF-nak err\u0151l \u00edr\u00e1sban \u00e9rtes\u00edtenie kell \u00d6nt. Fontos, hogy aktu\u00e1lis lakc\u00edm\u00e9r\u0151l t\u00e1j\u00e9koztassa a hat\u00f3s\u00e1got, mert oda k\u00fcldik a hivatalos \u00e9rtes\u00edt\u00e9seket. Az \u00e9rtes\u00edt\u00e9s elmarad\u00e1sa (mert m\u00e1shol lakik) nem mentes\u00edt az elj\u00e1r\u00e1s \u00e9s a hat\u00e1rid\u0151k betart\u00e1sa al\u00f3l. Ha nem jelenik meg id\u0151ben a hat\u00f3s\u00e1g \u00e1ltal k\u00e9rt meghallgat\u00e1son, fenn\u00e1ll annak a vesz\u00e9lye, hogy st\u00e1tusz\u00e1r\u00f3l elutas\u00edt\u00f3 d\u00f6nt\u00e9s sz\u00fcletik.<\/p>\n\n\n<p class=\"has-medium-font-size\">A hat\u00f3s\u00e1g felk\u00e9ri \u00d6nt, hogy indokolja meg, mi\u00e9rt kell fenntartani a st\u00e1tusz\u00e1t, \u00e9s igazolja, hogy nincs kiz\u00e1r\u00f3 ok. Szem\u00e9lyes interj\u00fara is el kell mennie. Az elj\u00e1r\u00e1s nem tarthat tov\u00e1bb 60 napn\u00e1l. Ha a hat\u00f3s\u00e1g a st\u00e1tusz\u00e1nak visszavon\u00e1s\u00e1r\u00f3l d\u00f6nt, 8 napja van arra, hogy a hat\u00e1rozat ellen szem\u00e9lyesen fellebbez\u00e9st ny\u00fajtson be a hat\u00f3s\u00e1gn\u00e1l, amelyet ezt k\u00f6vet\u0151en tov\u00e1bb\u00edtanak a b\u00edr\u00f3s\u00e1ghoz. Amikor a b\u00edr\u00f3s\u00e1g d\u00f6nt a fellebbez\u00e9sr\u0151l, szem\u00e9lyes meg kell hallgatnia \u00d6nt, \u00e9s 60 napon bel\u00fcl meg kell hoznia d\u00f6nt\u00e9s\u00e9t.<\/p>\n\n\n<h3 class=\"wp-block-heading\"><strong>A st\u00e1tusz visszavon\u00e1s\u00e1nak okai<\/strong><\/h3>\n\n\n<p class=\"has-medium-font-size\">A t\u00f6rv\u00e9ny r\u00e9szletesen felsorolja azokat az indokokat, amelyek miatt az OIF visszavonhatja a v\u00e9dett st\u00e1tuszt:<\/p>\n\n\n<ul class=\"has-medium-font-size wp-block-list\">\n<li class=\"has-medium-font-size\">\u00d6n \u00f6nk\u00e9nt t\u00e9r vissza, \u00e9s a sz\u00e1rmaz\u00e1si orsz\u00e1g\u00e1ban vagy abban az orsz\u00e1gban marad, ahonnan menek\u00fclt (ami arra utal, hogy ism\u00e9t v\u00e9delm\u00e9t \u00e9lvez az orsz\u00e1g\u00e1ban).<\/li>\n\n<li class=\"has-medium-font-size\">Visszaszerzi eredeti \u00e1llampolg\u00e1rs\u00e1g\u00e1t, vagy \u00faj \u00e1llampolg\u00e1rs\u00e1got kap, \u00e9s az adott orsz\u00e1g v\u00e9delm\u00e9t \u00e9lvezi.<\/li>\n<\/ul>\n\n<p class=\"has-medium-font-size\">Az \u00d6n st\u00e1tusza akkor is visszavonhat\u00f3, ha \u00edr\u00e1sban \u00fagy d\u00f6nt, hogy lemond st\u00e1tusz\u00e1r\u00f3l, vagy a hat\u00f3s\u00e1g meg\u00e1llap\u00edtja, hogy a v\u00e9delem megad\u00e1s\u00e1nak felt\u00e9telei m\u00e1r nem \u00e1llnak fenn, vagy a k\u00e9relem beny\u00fajt\u00e1sakor nem is l\u00e9teztek.<\/p>\n\n\n<p class=\"has-medium-font-size\">Hasonl\u00f3k\u00e9ppen, ha a hat\u00f3s\u00e1g \u00fagy \u00edt\u00e9li meg, hogy \u00d6n elmulasztotta fontos inform\u00e1ci\u00f3 k\u00f6zl\u00e9s\u00e9t, vagy ezzel kapcsolatban f\u00e9lrevezette a hat\u00f3s\u00e1got, vagy hamis dokumentumokat haszn\u00e1lt, visszavonhatj\u00e1k v\u00e9dett st\u00e1tusz\u00e1t.<\/p>\n\n\n<h3 class=\"wp-block-heading\"><strong>A befogadottat st\u00e1tusz\u00e1nak fel\u00fclvizsg\u00e1lata   <\/strong><\/h3>\n\n\n<p class=\"has-medium-font-size\">Ha \u00d6nnek befogadott st\u00e1tusza van, azt a hat\u00f3s\u00e1g \u00e9vente fel\u00fclvizsg\u00e1lhatja. Ha \u00d6n az \u00e9rtes\u00edt\u00e9st k\u00f6vet\u0151en nem jelenik meg a hat\u00f3s\u00e1g el\u0151tt, a hat\u00f3s\u00e1g automatikusan visszavonhatja a st\u00e1tusz\u00e1t.<\/p>\n\n\n<p class=\"has-medium-font-size\">Felh\u00edvjuk figyelm\u00e9t, hogy ha a hat\u00f3s\u00e1g visszavonja az \u00d6n befogadott st\u00e1tusz\u00e1t, \u00e9s \u00d6n fellebbez\u00e9st ny\u00fajt be, hogy megt\u00e1madja a hat\u00e1rozatot, a b\u00edr\u00f3s\u00e1g csak akkor tart szem\u00e9lyes meghallgat\u00e1st \u00d6nnel, ha \u00fagy d\u00f6nt, hogy ez sz\u00fcks\u00e9ges. <\/p>\n\n\n<div class=\"wp-block-group\"><div class=\"wp-block-group__inner-container is-layout-constrained wp-block-group-is-layout-constrained\">\n<a href=\"https:\/\/help.unhcr.org\/hungary\/hu\/partners\/hungarian-helsinki-committee\/\" style=\"text-decoration: none\">\n\n\n\n<div style=\"background-color:#E8E8E8;color:white;border-radius:10px;padding: 24px 24px 1px\">\n\n\n\n<figure class=\"wp-block-image size-full is-resized\"><img loading=\"lazy\" decoding=\"async\" width=\"100\" height=\"100\" src=\"https:\/\/help.unhcr.org\/hungary\/wp-content\/uploads\/sites\/86\/2024\/07\/callout_hhc.png\" alt=\"\" class=\"wp-image-20671\" style=\"width:70px\" \/><\/figure>\n\n\n\n<div style=\"height:14px\" aria-hidden=\"true\" class=\"wp-block-spacer\"><\/div>\n\n\n\n<p class=\"has-black-color has-text-color has-link-color has-medium-font-size wp-elements-0e3d7cfcf9bf39b6fe9efe7c1c596034\"><strong>Ide kattintva l\u00e9phet kapcsolatba a Magyar Helsinki Bizotts\u00e1ggal<\/strong>, akik az Ukrajn\u00e1b\u00f3l menek\u00fclt szem\u00e9lyek v\u00e9delm\u00e9vel kapcsolatban, bele\u00e9rtve a Magyarorsz\u00e1gra val\u00f3 beutaz\u00e1st \u00e9s az ideiglenes v\u00e9delem megszerz\u00e9s\u00e9t; a csal\u00e1degyes\u00edt\u00e9sben; a rossz b\u00e1n\u00e1sm\u00f3d, er\u0151szak vagy vissza\u00e9l\u00e9s bejelent\u00e9s\u00e9ben; \u00e9s a gy\u0171l\u00f6let-b\u0171ncselekm\u00e9nyek kezel\u00e9s\u00e9ben tudnak seg\u00edts\u00e9get ny\u00fajtani.<\/p>\n\n\n\n<\/div><\/a>\n<\/div><\/div>\n\n\n\n<p><\/p>\n","protected":false},"excerpt":{"rendered":"<p>EZEN AZ OLDALON: \u2022 A menek\u00fcltek \u00e9s oltalmazottak st\u00e1tusz\u00e1nak fel\u00fclvizsg\u00e1lata A menek\u00fcltek \u00e9s oltalmazottak st\u00e1tusz\u00e1nak fel\u00fclvizsg\u00e1lata Ha \u00d6n 2016. j\u00fanius 1. ut\u00e1n kapott menek\u00fclt vagy oltalmazott st\u00e1tuszt Magyarorsz\u00e1gon, az Orsz\u00e1gos Idegenrend\u00e9szeti F\u0151igazgat\u00f3s\u00e1g (OIF) h\u00e1rom\u00e9vente fel\u00fclvizsg\u00e1lhatja st\u00e1tusz\u00e1t. Ez azt jelenti, hogy a hat\u00f3s\u00e1g \u00fajra megvizsg\u00e1lja, hogy a v\u00e9delem megad\u00e1s\u00e1nak felt\u00e9telei tov\u00e1bbra is fenn\u00e1llnak-e. A st\u00e1tuszfel\u00fclvizsg\u00e1lat eredm\u00e9nye [&hellip;]<\/p>\n","protected":false},"author":347,"featured_media":0,"parent":20544,"menu_order":2,"comment_status":"closed","ping_status":"closed","template":"","meta":{"_acf_changed":false,"footnotes":""},"class_list":["post-20554","page","type-page","status-publish","hentry"],"acf":[],"_links":{"self":[{"href":"https:\/\/help.unhcr.org\/hungary\/hu\/wp-json\/wp\/v2\/pages\/20554","targetHints":{"allow":["GET"]}}],"collection":[{"href":"https:\/\/help.unhcr.org\/hungary\/hu\/wp-json\/wp\/v2\/pages"}],"about":[{"href":"https:\/\/help.unhcr.org\/hungary\/hu\/wp-json\/wp\/v2\/types\/page"}],"author":[{"embeddable":true,"href":"https:\/\/help.unhcr.org\/hungary\/hu\/wp-json\/wp\/v2\/users\/347"}],"replies":[{"embeddable":true,"href":"https:\/\/help.unhcr.org\/hungary\/hu\/wp-json\/wp\/v2\/comments?post=20554"}],"version-history":[{"count":158,"href":"https:\/\/help.unhcr.org\/hungary\/hu\/wp-json\/wp\/v2\/pages\/20554\/revisions"}],"predecessor-version":[{"id":45039,"href":"https:\/\/help.unhcr.org\/hungary\/hu\/wp-json\/wp\/v2\/pages\/20554\/revisions\/45039"}],"up":[{"embeddable":true,"href":"https:\/\/help.unhcr.org\/hungary\/hu\/wp-json\/wp\/v2\/pages\/20544"}],"wp:attachment":[{"href":"https:\/\/help.unhcr.org\/hungary\/hu\/wp-json\/wp\/v2\/media?parent=20554"}],"curies":[{"name":"wp","href":"https:\/\/api.w.org\/{rel}","templated":true}]}}

Státusz felülvizsgálata

<p class="has-medium-font-size"><strong>EZEN AZ OLDALON:</strong><br>
<strong>• <a href="#a-menekultek-es-oltalmazottak-statuszanak-felulvizsgalata">A menekültek és oltalmazottak státuszának felülvizsgálata</a></strong><br>
</p>

 <hr class="has-alpha-channel-opacity is-style-default" />

<h2 id="a-menekultek-es-oltalmazottak-statuszanak-felulvizsgalata" class="wp-block-heading"><strong>A menekültek és oltalmazottak státuszának felülvizsgálata </strong></h2>


<p class="has-medium-font-size">Ha Ön 2016. június 1. után kapott menekült vagy oltalmazott státuszt Magyarországon, az Országos Idegenrendészeti Főigazgatóság (OIF) háromévente felülvizsgálhatja státuszát. Ez azt jelenti, hogy a hatóság újra megvizsgálja, hogy a védelem megadásának feltételei továbbra is fennállnak-e. A státuszfelülvizsgálat eredménye a védett állapot fenntartását vagy visszavonását eredményezheti. Kérjük, vegye figyelembe, hogy  státuszát akkor is felülvizsgálhatják, ha Ön ellen kiadatási kérelem érkezik.</p>


<h3 class="wp-block-heading"><strong>A státuszfelülvizsgálati eljárás</strong></h3>


<p class="has-medium-font-size">Státuszvizsgálat kezdeményezése esetén az OIF-nak erről írásban értesítenie kell Önt. Fontos, hogy aktuális lakcíméről tájékoztassa a hatóságot, mert oda küldik a hivatalos értesítéseket. Az értesítés elmaradása (mert máshol lakik) nem mentesít az eljárás és a határidők betartása alól. Ha nem jelenik meg időben a hatóság által kért meghallgatáson, fennáll annak a veszélye, hogy státuszáról elutasító döntés születik.</p>


<p class="has-medium-font-size">A hatóság felkéri Önt, hogy indokolja meg, miért kell fenntartani a státuszát, és igazolja, hogy nincs kizáró ok. Személyes interjúra is el kell mennie. Az eljárás nem tarthat tovább 60 napnál. Ha a hatóság a státuszának visszavonásáról dönt, 8 napja van arra, hogy a határozat ellen személyesen fellebbezést nyújtson be a hatóságnál, amelyet ezt követően továbbítanak a bírósághoz. Amikor a bíróság dönt a fellebbezésről, személyes meg kell hallgatnia Önt, és 60 napon belül meg kell hoznia döntését.</p>


<h3 class="wp-block-heading"><strong>A státusz visszavonásának okai</strong></h3>


<p class="has-medium-font-size">A törvény részletesen felsorolja azokat az indokokat, amelyek miatt az OIF visszavonhatja a védett státuszt:</p>


<ul class="has-medium-font-size wp-block-list">
<li class="has-medium-font-size">Ön önként tér vissza, és a származási országában vagy abban az országban marad, ahonnan menekült (ami arra utal, hogy ismét védelmét élvez az országában).</li>

<li class="has-medium-font-size">Visszaszerzi eredeti állampolgárságát, vagy új állampolgárságot kap, és az adott ország védelmét élvezi.</li>
</ul>

<p class="has-medium-font-size">Az Ön státusza akkor is visszavonható, ha írásban úgy dönt, hogy lemond státuszáról, vagy a hatóság megállapítja, hogy a védelem megadásának feltételei már nem állnak fenn, vagy a kérelem benyújtásakor nem is léteztek.</p>


<p class="has-medium-font-size">Hasonlóképpen, ha a hatóság úgy ítéli meg, hogy Ön elmulasztotta fontos információ közlését, vagy ezzel kapcsolatban félrevezette a hatóságot, vagy hamis dokumentumokat használt, visszavonhatják védett státuszát.</p>


<h3 class="wp-block-heading"><strong>A befogadottat státuszának felülvizsgálata   </strong></h3>


<p class="has-medium-font-size">Ha Önnek befogadott státusza van, azt a hatóság évente felülvizsgálhatja. Ha Ön az értesítést követően nem jelenik meg a hatóság előtt, a hatóság automatikusan visszavonhatja a státuszát.</p>


<p class="has-medium-font-size">Felhívjuk figyelmét, hogy ha a hatóság visszavonja az Ön befogadott státuszát, és Ön fellebbezést nyújt be, hogy megtámadja a határozatot, a bíróság csak akkor tart személyes meghallgatást Önnel, ha úgy dönt, hogy ez szükséges. </p>


<div class="wp-block-group"><div class="wp-block-group__inner-container is-layout-constrained wp-block-group-is-layout-constrained">
<a href="https://help.unhcr.org/hungary/hu/partners/hungarian-helsinki-committee/" style="text-decoration: none">



<div style="background-color:#E8E8E8;color:white;border-radius:10px;padding: 24px 24px 1px">



<figure class="wp-block-image size-full is-resized"><img loading="lazy" decoding="async" width="100" height="100" src="https://help.unhcr.org/hungary/wp-content/uploads/sites/86/2024/07/callout_hhc.png" alt="" class="wp-image-20671" style="width:70px" /></figure>



<div style="height:14px" aria-hidden="true" class="wp-block-spacer"></div>



<p class="has-black-color has-text-color has-link-color has-medium-font-size wp-elements-0e3d7cfcf9bf39b6fe9efe7c1c596034"><strong>Ide kattintva léphet kapcsolatba a Magyar Helsinki Bizottsággal</strong>, akik az Ukrajnából menekült személyek védelmével kapcsolatban, beleértve a Magyarországra való beutazást és az ideiglenes védelem megszerzését; a családegyesítésben; a rossz bánásmód, erőszak vagy visszaélés bejelentésében; és a gyűlölet-bűncselekmények kezelésében tudnak segítséget nyújtani.</p>



</div></a>
</div></div>



<p></p>

<p>EZEN AZ OLDALON: • A menekültek és oltalmazottak státuszának felülvizsgálata A menekültek és oltalmazottak státuszának felülvizsgálata Ha Ön 2016. június 1. után kapott menekült vagy oltalmazott státuszt Magyarországon, az Országos Idegenrendészeti Főigazgatóság (OIF) háromévente felülvizsgálhatja státuszát. Ez azt jelenti, hogy a hatóság újra megvizsgálja, hogy a védelem megadásának feltételei továbbra is fennállnak-e. A státuszfelülvizsgálat eredménye [&hellip;]</p>
