{"id":20084,"date":"2024-05-08T13:24:03","date_gmt":"2024-05-08T13:24:03","guid":{"rendered":"https:\/\/help.unhcr.org\/hungary\/partners\/menekultek-online-segito-tarsasaga-refugee-help-digital-network\/"},"modified":"2025-12-24T09:41:12","modified_gmt":"2025-12-24T09:41:12","slug":"menekultek-online-segito-tarsasaga-refugee-help-digital-network","status":"publish","type":"page","link":"https:\/\/help.unhcr.org\/hungary\/hu\/partners\/menekultek-online-segito-tarsasaga-refugee-help-digital-network\/","title":{"rendered":"Menek\u00fcltek Online Seg\u00edt\u0151 T\u00e1rsas\u00e1ga (Refugee Help Digital Network)"},"content":{"rendered":"\n\n<div class=\"wp-block-columns is-layout-flex wp-container-core-columns-is-layout-9d6595d7 wp-block-columns-is-layout-flex\">\n\n<div class=\"wp-block-column is-layout-flow wp-block-column-is-layout-flow\">\n\n<h2 class=\"wp-block-heading\"><strong>El\u00e9rhet\u0151s\u00e9gi adatok<\/strong><\/h2>\n\n\n\n<p class=\"has-medium-font-size\"><strong>E-mail<\/strong><br \/><a href=\"mailto:infocenter.segitsegnyujtas@gmail.com\">infocenter.segitsegnyujtas@gmail.com<\/a><\/p>\n\n\n\n<p class=\"has-medium-font-size\"><strong>Weboldal<\/strong><br \/><a href=\"https:\/\/mostinfohungary.online\/\" target=\"_blank\">https:\/\/mostinfohungary.online\/<\/a><\/p>\n\n\n\n<p class=\"has-medium-font-size\"><strong>Facebook<\/strong><br \/><a href=\"http:\/\/www.facebook.com\/groups\/994143548136400\/\" target=\"_blank\">http:\/\/www.facebook.com\/groups\/994143548136400\/<\/a><\/p>\n\n<\/div>\n\n\n\n<div class=\"wp-block-column is-layout-flow wp-block-column-is-layout-flow\">\n\n<h2 class=\"wp-block-heading\"><strong>Ny\u00fajtott szolg\u00e1ltat\u00e1sok<\/strong><\/h2>\n\n\n\n<p class=\"has-medium-font-size\"><strong>Eg\u00e9szs\u00e9g \u00e9s ment\u00e1lhigi\u00e9n\u00e9s szolg\u00e1ltat\u00e1sok<\/strong><br \/>\u2022 Hozz\u00e1f\u00e9r\u00e9s az eg\u00e9szs\u00e9g\u00fcgyi szolg\u00e1ltat\u00e1sokhoz<br \/>\u2022 Hozz\u00e1f\u00e9r\u00e9s szexu\u00e1lis \u00e9s reprodukci\u00f3s eg\u00e9szs\u00e9g\u00fcgyi szolg\u00e1ltat\u00e1sokhoz (SRHC)<br \/>\u2022 Speci\u00e1lis t\u00e1mogat\u00e1sra vonatkoz\u00f3 aj\u00e1nl\u00e1sok<\/p>\n\n\n\n<p class=\"has-medium-font-size\"><strong>Foglalkoztat\u00e1s<\/strong><br \/>\u2022 Foglalkoztat\u00e1si \u00e9s munkajogi tan\u00e1csad\u00e1s<br \/>\u2022 Kultur\u00e1lis k\u00f6zvet\u00edt\u00e9s \u00e9s integr\u00e1ci\u00f3 t\u00e1mogat\u00e1sa<\/p>\n\n\n\n<p class=\"has-medium-font-size\"><strong>Gyermekv\u00e9delem<\/strong><br \/>\u2022 Kommunik\u00e1ci\u00f3s \u00e9s \u00e9rdekk\u00e9pviseleti kamp\u00e1nyok<br \/>\u2022 A vesz\u00e9lyeztetett gyermekek szakszolg\u00e1latokhoz val\u00f3 beutal\u00e1sa<\/p>\n\n\n\n<p class=\"has-medium-font-size\"><strong>Lakhat\u00e1s<\/strong><br \/>\u2022 Inform\u00e1ci\u00f3ny\u00fajt\u00e1s \u00e9s figyelemfelkelt\u00e9s<\/p>\n\n\n\n<p class=\"has-medium-font-size\"><strong>Oktat\u00e1s<\/strong><br \/>\u2022 Tananyagok<br \/>\u2022 Oktat\u00e1si szem\u00e9lyzet k\u00e9pz\u00e9se vagy t\u00e1mogat\u00e1sa<\/p>\n\n\n\n<p class=\"has-medium-font-size\"><strong>V\u00e9delem<\/strong><br \/>\u2022 Hozz\u00e1f\u00e9r\u00e9s szem\u00e9lyazonos\u00edt\u00f3 okm\u00e1nyokhoz<br \/>\u2022 K\u00f6z\u00f6ss\u00e9gi figyelemfelh\u00edv\u00e1s<br \/>\u2022 K\u00f6z\u00f6ss\u00e9gi alap\u00fa, v\u00e9delmi c\u00e9l\u00fa k\u00f6zbel\u00e9p\u00e9s<br \/>\u2022 Jogi tudatoss\u00e1gn\u00f6vel\u0151 foglalkoz\u00e1sok<br \/>\u2022 A vesz\u00e9lyeztetett feln\u0151ttek beutal\u00e1sa szakszolg\u00e1latokhoz<\/p>\n\n<\/div>\n\n<\/div>\n\n\n\n<hr class=\"wp-block-separator has-text-color has-cyan-bluish-gray-color has-alpha-channel-opacity is-style-default\" style=\"border-top:0px !important\" \/>\n\n\n<div class=\"wp-block-group\"><div class=\"wp-block-group__inner-container is-layout-constrained wp-block-group-is-layout-constrained\">\n<div style=\"background-color:#b9dfff;color:white;border-radius:10px;padding: 24px 24px 4px\">\n\n\n\n<figure class=\"wp-block-image size-full is-resized\"><img loading=\"lazy\" decoding=\"async\" width=\"100\" height=\"100\" src=\"https:\/\/help.unhcr.org\/hungary\/wp-content\/uploads\/sites\/86\/2024\/06\/callout_rcc-1.png\" alt=\"\" class=\"wp-image-18970\" style=\"width:70px\" \/><\/figure>\n\n\n\n<div style=\"height:14px\" aria-hidden=\"true\" class=\"wp-block-spacer\"><\/div>\n\n\n\n<p class=\"has-black-color has-text-color has-link-color has-medium-font-size wp-elements-e1e1581f5ef08b553a198e2f5feea1cb\">Tov\u00e1bbi inform\u00e1ci\u00f3k\u00e9rt, valamint visszajelz\u00e9s\u00e9vel vagy panasz\u00e1val h\u00edvja a <strong>UNHCR Menek\u00fclt\u00fcgyi Seg\u00e9lyvonal\u00e1t<\/strong> a <strong><a href=\"tel:+36 80 984 583\">+36 80 984 583<\/a>\u200b<\/strong> telefonsz\u00e1mon (h\u00e9tf\u0151t\u0151l p\u00e9ntekig, 08:00 \u2013 17:00 k\u00f6z\u00f6tt) ukr\u00e1n, orosz, magyar \u00e9s angol nyelven, vagy keressen minket e-mailen a <a href=\"mailto:hunbucontact@unhcr.org\">hunbucontact@unhcr.org<\/a> c\u00edmen.<\/p>\n\n\n\n<\/div>\n<\/div><\/div>\n\n\n<p class=\"has-medium-font-size\"><a href=\"https:\/\/help.unhcr.org\/hungary\/hu\/partners\/\">Vissza az \u00f6sszes szervezethez<\/a><\/p>\n\n\n\n<hr class=\"wp-block-separator has-text-color has-cyan-bluish-gray-color has-alpha-channel-opacity is-style-default\" style=\"border-top:0px !important\" \/>\n\n\n\n<p class=\"has-medium-font-size\"><strong>Jogi nyilatkozat<\/strong><br \/>Felh\u00edvjuk figyelm\u00e9t, hogy az ezen az oldalon szerepl\u0151 adatok a partnereinkt\u0151l kapott inform\u00e1ci\u00f3kon alapulnak. Amennyiben pontatlans\u00e1got tapasztal, k\u00e9rj\u00fck, jelezze a <a href=\"hunbuim@unhcr.org&#x27;\">hunbuim@unhcr.org<\/a> e-mail c\u00edmen, hogy fel\u00fclvizsg\u00e1lhassuk \u00e9s sz\u00fcks\u00e9g eset\u00e9n friss\u00edthess\u00fck azokat.<\/p>\n\n","protected":false},"excerpt":{"rendered":"<p>El\u00e9rhet\u0151s\u00e9gi adatok E-mailinfocenter.segitsegnyujtas@gmail.com Weboldalhttps:\/\/mostinfohungary.online\/ Facebookhttp:\/\/www.facebook.com\/groups\/994143548136400\/ Ny\u00fajtott szolg\u00e1ltat\u00e1sok Eg\u00e9szs\u00e9g \u00e9s ment\u00e1lhigi\u00e9n\u00e9s szolg\u00e1ltat\u00e1sok\u2022 Hozz\u00e1f\u00e9r\u00e9s az eg\u00e9szs\u00e9g\u00fcgyi szolg\u00e1ltat\u00e1sokhoz\u2022 Hozz\u00e1f\u00e9r\u00e9s szexu\u00e1lis \u00e9s reprodukci\u00f3s eg\u00e9szs\u00e9g\u00fcgyi szolg\u00e1ltat\u00e1sokhoz (SRHC)\u2022 Speci\u00e1lis t\u00e1mogat\u00e1sra vonatkoz\u00f3 aj\u00e1nl\u00e1sok Foglalkoztat\u00e1s\u2022 Foglalkoztat\u00e1si \u00e9s munkajogi tan\u00e1csad\u00e1s\u2022 Kultur\u00e1lis k\u00f6zvet\u00edt\u00e9s \u00e9s integr\u00e1ci\u00f3 t\u00e1mogat\u00e1sa Gyermekv\u00e9delem\u2022 Kommunik\u00e1ci\u00f3s \u00e9s \u00e9rdekk\u00e9pviseleti kamp\u00e1nyok\u2022 A vesz\u00e9lyeztetett gyermekek szakszolg\u00e1latokhoz val\u00f3 beutal\u00e1sa Lakhat\u00e1s\u2022 Inform\u00e1ci\u00f3ny\u00fajt\u00e1s \u00e9s figyelemfelkelt\u00e9s Oktat\u00e1s\u2022 Tananyagok\u2022 Oktat\u00e1si szem\u00e9lyzet [&hellip;]<\/p>\n","protected":false},"author":575,"featured_media":0,"parent":18998,"menu_order":36,"comment_status":"closed","ping_status":"closed","template":"","meta":{"_acf_changed":false,"footnotes":""},"class_list":["post-20084","page","type-page","status-publish","hentry"],"acf":[],"_links":{"self":[{"href":"https:\/\/help.unhcr.org\/hungary\/hu\/wp-json\/wp\/v2\/pages\/20084","targetHints":{"allow":["GET"]}}],"collection":[{"href":"https:\/\/help.unhcr.org\/hungary\/hu\/wp-json\/wp\/v2\/pages"}],"about":[{"href":"https:\/\/help.unhcr.org\/hungary\/hu\/wp-json\/wp\/v2\/types\/page"}],"author":[{"embeddable":true,"href":"https:\/\/help.unhcr.org\/hungary\/hu\/wp-json\/wp\/v2\/users\/575"}],"replies":[{"embeddable":true,"href":"https:\/\/help.unhcr.org\/hungary\/hu\/wp-json\/wp\/v2\/comments?post=20084"}],"version-history":[{"count":38,"href":"https:\/\/help.unhcr.org\/hungary\/hu\/wp-json\/wp\/v2\/pages\/20084\/revisions"}],"predecessor-version":[{"id":49150,"href":"https:\/\/help.unhcr.org\/hungary\/hu\/wp-json\/wp\/v2\/pages\/20084\/revisions\/49150"}],"up":[{"embeddable":true,"href":"https:\/\/help.unhcr.org\/hungary\/hu\/wp-json\/wp\/v2\/pages\/18998"}],"wp:attachment":[{"href":"https:\/\/help.unhcr.org\/hungary\/hu\/wp-json\/wp\/v2\/media?parent=20084"}],"curies":[{"name":"wp","href":"https:\/\/api.w.org\/{rel}","templated":true}]}}

Menekültek Online Segítő Társasága (Refugee Help Digital Network)

<div class="wp-block-columns is-layout-flex wp-container-core-columns-is-layout-9d6595d7 wp-block-columns-is-layout-flex">

<div class="wp-block-column is-layout-flow wp-block-column-is-layout-flow">

<h2 class="wp-block-heading"><strong>Elérhetőségi adatok</strong></h2>



<p class="has-medium-font-size"><strong>E-mail</strong><br /><a href="mailto:infocenter.segitsegnyujtas@gmail.com">infocenter.segitsegnyujtas@gmail.com</a></p>



<p class="has-medium-font-size"><strong>Weboldal</strong><br /><a href="https://mostinfohungary.online/" target="_blank">https://mostinfohungary.online/</a></p>



<p class="has-medium-font-size"><strong>Facebook</strong><br /><a href="http://www.facebook.com/groups/994143548136400/" target="_blank">http://www.facebook.com/groups/994143548136400/</a></p>

</div>



<div class="wp-block-column is-layout-flow wp-block-column-is-layout-flow">

<h2 class="wp-block-heading"><strong>Nyújtott szolgáltatások</strong></h2>



<p class="has-medium-font-size"><strong>Egészség és mentálhigiénés szolgáltatások</strong><br />• Hozzáférés az egészségügyi szolgáltatásokhoz<br />• Hozzáférés szexuális és reprodukciós egészségügyi szolgáltatásokhoz (SRHC)<br />• Speciális támogatásra vonatkozó ajánlások</p>



<p class="has-medium-font-size"><strong>Foglalkoztatás</strong><br />• Foglalkoztatási és munkajogi tanácsadás<br />• Kulturális közvetítés és integráció támogatása</p>



<p class="has-medium-font-size"><strong>Gyermekvédelem</strong><br />• Kommunikációs és érdekképviseleti kampányok<br />• A veszélyeztetett gyermekek szakszolgálatokhoz való beutalása</p>



<p class="has-medium-font-size"><strong>Lakhatás</strong><br />• Információnyújtás és figyelemfelkeltés</p>



<p class="has-medium-font-size"><strong>Oktatás</strong><br />• Tananyagok<br />• Oktatási személyzet képzése vagy támogatása</p>



<p class="has-medium-font-size"><strong>Védelem</strong><br />• Hozzáférés személyazonosító okmányokhoz<br />• Közösségi figyelemfelhívás<br />• Közösségi alapú, védelmi célú közbelépés<br />• Jogi tudatosságnövelő foglalkozások<br />• A veszélyeztetett felnőttek beutalása szakszolgálatokhoz</p>

</div>

</div>



<hr class="wp-block-separator has-text-color has-cyan-bluish-gray-color has-alpha-channel-opacity is-style-default" style="border-top:0px !important" />


<div class="wp-block-group"><div class="wp-block-group__inner-container is-layout-constrained wp-block-group-is-layout-constrained">
<div style="background-color:#b9dfff;color:white;border-radius:10px;padding: 24px 24px 4px">



<figure class="wp-block-image size-full is-resized"><img loading="lazy" decoding="async" width="100" height="100" src="https://help.unhcr.org/hungary/wp-content/uploads/sites/86/2024/06/callout_rcc-1.png" alt="" class="wp-image-18970" style="width:70px" /></figure>



<div style="height:14px" aria-hidden="true" class="wp-block-spacer"></div>



<p class="has-black-color has-text-color has-link-color has-medium-font-size wp-elements-e1e1581f5ef08b553a198e2f5feea1cb">További információkért, valamint visszajelzésével vagy panaszával hívja a <strong>UNHCR Menekültügyi Segélyvonalát</strong> a <strong><a href="tel:+36 80 984 583">+36 80 984 583</a>​</strong> telefonszámon (hétfőtől péntekig, 08:00 – 17:00 között) ukrán, orosz, magyar és angol nyelven, vagy keressen minket e-mailen a <a href="mailto:hunbucontact@unhcr.org">hunbucontact@unhcr.org</a> címen.</p>



</div>
</div></div>


<p class="has-medium-font-size"><a href="https://help.unhcr.org/hungary/hu/partners/">Vissza az összes szervezethez</a></p>



<hr class="wp-block-separator has-text-color has-cyan-bluish-gray-color has-alpha-channel-opacity is-style-default" style="border-top:0px !important" />



<p class="has-medium-font-size"><strong>Jogi nyilatkozat</strong><br />Felhívjuk figyelmét, hogy az ezen az oldalon szereplő adatok a partnereinktől kapott információkon alapulnak. Amennyiben pontatlanságot tapasztal, kérjük, jelezze a <a href="hunbuim@unhcr.org&#x27;">hunbuim@unhcr.org</a> e-mail címen, hogy felülvizsgálhassuk és szükség esetén frissíthessük azokat.</p>

<p>Elérhetőségi adatok E-mailinfocenter.segitsegnyujtas@gmail.com Weboldalhttps://mostinfohungary.online/ Facebookhttp://www.facebook.com/groups/994143548136400/ Nyújtott szolgáltatások Egészség és mentálhigiénés szolgáltatások• Hozzáférés az egészségügyi szolgáltatásokhoz• Hozzáférés szexuális és reprodukciós egészségügyi szolgáltatásokhoz (SRHC)• Speciális támogatásra vonatkozó ajánlások Foglalkoztatás• Foglalkoztatási és munkajogi tanácsadás• Kulturális közvetítés és integráció támogatása Gyermekvédelem• Kommunikációs és érdekképviseleti kampányok• A veszélyeztetett gyermekek szakszolgálatokhoz való beutalása Lakhatás• Információnyújtás és figyelemfelkeltés Oktatás• Tananyagok• Oktatási személyzet [&hellip;]</p>
