{"id":20042,"date":"2024-05-08T13:23:18","date_gmt":"2024-05-08T13:23:18","guid":{"rendered":"https:\/\/help.unhcr.org\/hungary\/partners\/united-nations-high-commissioner-for-refugees\/"},"modified":"2025-12-24T09:42:04","modified_gmt":"2025-12-24T09:42:04","slug":"united-nations-high-commissioner-for-refugees","status":"publish","type":"page","link":"https:\/\/help.unhcr.org\/hungary\/hu\/partners\/united-nations-high-commissioner-for-refugees\/","title":{"rendered":"UNHCR, az ENSZ Menek\u00fclt\u00fcgyi F\u0151biztoss\u00e1ga"},"content":{"rendered":"\n\n<div class=\"wp-block-columns is-layout-flex wp-container-core-columns-is-layout-9d6595d7 wp-block-columns-is-layout-flex\">\n\n<div class=\"wp-block-column is-layout-flow wp-block-column-is-layout-flow\">\n\n<h2 class=\"wp-block-heading\"><strong>El\u00e9rhet\u0151s\u00e9gi adatok<\/strong><\/h2>\n\n\n\n<p class=\"has-medium-font-size\"><strong>E-mail<\/strong><br \/><a href=\"mailto:hunbucontact@unhcr.org\">hunbucontact@unhcr.org<\/a><\/p>\n\n\n\n<p class=\"has-medium-font-size\"><strong>Telefon<\/strong><br \/><a href=\"tel:+3613363060\">+36 1 336 3060<\/a><\/p>\n\n\n\n<p class=\"has-medium-font-size\"><strong>Seg\u00e9lyvonal \/ Seg\u00e9lyoldal<\/strong><br \/><a href=\"tel:+3680984583\">+36 80 984 583<\/a>, <a href=\"https:\/\/help.unhcr.org\/hungary\/hu\/\" target=\"_blank\">https:\/\/help.unhcr.org\/hungary\/<\/a><\/p>\n\n\n\n<p class=\"has-medium-font-size\"><strong>Weboldal<\/strong><br \/><a href=\"https:\/\/help.unhcr.org\/hungary\/hu\/\" target=\"_blank\">https:\/\/help.unhcr.org\/hungary\/<\/a><\/p>\n\n\n\n<p class=\"has-medium-font-size\"><strong>Facebook<\/strong><br \/><a href=\"https:\/\/www.facebook.com\/UNHCRMagyarorszag\" target=\"_blank\">https:\/\/www.facebook.com\/UNHCRMagyarorszag<\/a><\/p>\n\n<\/div>\n\n\n\n<div class=\"wp-block-column is-layout-flow wp-block-column-is-layout-flow\">\n\n<h2 class=\"wp-block-heading\"><strong>Ny\u00fajtott szolg\u00e1ltat\u00e1sok<\/strong><\/h2>\n\n\n\n<p class=\"has-medium-font-size\"><strong>V\u00e9delem<\/strong><br \/>\u2022 Hozz\u00e1f\u00e9r\u00e9s szem\u00e9lyazonos\u00edt\u00f3 okm\u00e1nyokhoz<br \/>\u2022 Kapacit\u00e1sfejleszt\u00e9s jogi k\u00e9rd\u00e9sekben<br \/>\u2022 K\u00e9szp\u00e9nzes seg\u00edts\u00e9g v\u00e9delemet ny\u00fajt\u00f3 szolg\u00e1ltat\u00e1sokhoz<br \/>\u2022 K\u00f6z\u00f6ss\u00e9gi figyelemfelh\u00edv\u00e1s<br \/>\u2022 K\u00f6z\u00f6ss\u00e9gi alap\u00fa, v\u00e9delmi c\u00e9l\u00fa k\u00f6zbel\u00e9p\u00e9s<br \/>\u2022 Beilleszked\u00e9ssel kapcsolatos tan\u00e1csad\u00e1si alkalmak<br \/>\u2022 Csal\u00e1dkeres\u00e9s \u00e9s csal\u00e1di kapcsolatok helyre\u00e1ll\u00edt\u00e1sa (feln\u0151tteknek)<br \/>\u2022 Integr\u00e1lt\/\u00e1tfog\u00f3 v\u00e9delemmel kapcsolatos esetkezel\u00e9s<br \/>\u2022 Jogi seg\u00edts\u00e9g<br \/>\u2022 Jogi tudatoss\u00e1gn\u00f6vel\u0151 foglalkoz\u00e1sok<br \/>\u2022 A vesz\u00e9lyeztetett feln\u0151ttek beutal\u00e1sa szakszolg\u00e1latokhoz<br \/>\u2022 V\u00e9delemmel kapcsolatos seg\u00edts\u00e9gny\u00fajt\u00e1s c\u00e9lzottan speci\u00e1lis ig\u00e9ny\u0171 szem\u00e9lyeknek<\/p>\n\n<\/div>\n\n<\/div>\n\n\n\n<hr class=\"wp-block-separator has-text-color has-cyan-bluish-gray-color has-alpha-channel-opacity is-style-default\" style=\"border-top:0px !important\" \/>\n\n\n<div class=\"wp-block-group\"><div class=\"wp-block-group__inner-container is-layout-constrained wp-block-group-is-layout-constrained\">\n<div style=\"background-color:#b9dfff;color:white;border-radius:10px;padding: 24px 24px 4px\">\n\n\n\n<figure class=\"wp-block-image size-full is-resized\"><img loading=\"lazy\" decoding=\"async\" width=\"100\" height=\"100\" src=\"https:\/\/help.unhcr.org\/hungary\/wp-content\/uploads\/sites\/86\/2024\/06\/callout_rcc-1.png\" alt=\"\" class=\"wp-image-18970\" style=\"width:70px\" \/><\/figure>\n\n\n\n<div style=\"height:14px\" aria-hidden=\"true\" class=\"wp-block-spacer\"><\/div>\n\n\n\n<p class=\"has-black-color has-text-color has-link-color has-medium-font-size wp-elements-e1e1581f5ef08b553a198e2f5feea1cb\">Tov\u00e1bbi inform\u00e1ci\u00f3k\u00e9rt, valamint visszajelz\u00e9s\u00e9vel vagy panasz\u00e1val h\u00edvja a <strong>UNHCR Menek\u00fclt\u00fcgyi Seg\u00e9lyvonal\u00e1t<\/strong> a <strong><a href=\"tel:+36 80 984 583\">+36 80 984 583<\/a>\u200b<\/strong> telefonsz\u00e1mon (h\u00e9tf\u0151t\u0151l p\u00e9ntekig, 08:00 \u2013 17:00 k\u00f6z\u00f6tt) ukr\u00e1n, orosz, magyar \u00e9s angol nyelven, vagy keressen minket e-mailen a <a href=\"mailto:hunbucontact@unhcr.org\">hunbucontact@unhcr.org<\/a> c\u00edmen.<\/p>\n\n\n\n<\/div>\n<\/div><\/div>\n\n\n<p class=\"has-medium-font-size\"><a href=\"https:\/\/help.unhcr.org\/hungary\/hu\/partners\/\">Vissza az \u00f6sszes szervezethez<\/a><\/p>\n\n\n\n<hr class=\"wp-block-separator has-text-color has-cyan-bluish-gray-color has-alpha-channel-opacity is-style-default\" style=\"border-top:0px !important\" \/>\n\n\n\n<p class=\"has-medium-font-size\"><strong>Jogi nyilatkozat<\/strong><br \/>Felh\u00edvjuk figyelm\u00e9t, hogy az ezen az oldalon szerepl\u0151 adatok a partnereinkt\u0151l kapott inform\u00e1ci\u00f3kon alapulnak. Amennyiben pontatlans\u00e1got tapasztal, k\u00e9rj\u00fck, jelezze a <a href=\"hunbuim@unhcr.org&#x27;\">hunbuim@unhcr.org<\/a> e-mail c\u00edmen, hogy fel\u00fclvizsg\u00e1lhassuk \u00e9s sz\u00fcks\u00e9g eset\u00e9n friss\u00edthess\u00fck azokat.<\/p>\n\n","protected":false},"excerpt":{"rendered":"<p>El\u00e9rhet\u0151s\u00e9gi adatok E-mailhunbucontact@unhcr.org Telefon+36 1 336 3060 Seg\u00e9lyvonal \/ Seg\u00e9lyoldal+36 80 984 583, https:\/\/help.unhcr.org\/hungary\/ Weboldalhttps:\/\/help.unhcr.org\/hungary\/ Facebookhttps:\/\/www.facebook.com\/UNHCRMagyarorszag Ny\u00fajtott szolg\u00e1ltat\u00e1sok V\u00e9delem\u2022 Hozz\u00e1f\u00e9r\u00e9s szem\u00e9lyazonos\u00edt\u00f3 okm\u00e1nyokhoz\u2022 Kapacit\u00e1sfejleszt\u00e9s jogi k\u00e9rd\u00e9sekben\u2022 K\u00e9szp\u00e9nzes seg\u00edts\u00e9g v\u00e9delemet ny\u00fajt\u00f3 szolg\u00e1ltat\u00e1sokhoz\u2022 K\u00f6z\u00f6ss\u00e9gi figyelemfelh\u00edv\u00e1s\u2022 K\u00f6z\u00f6ss\u00e9gi alap\u00fa, v\u00e9delmi c\u00e9l\u00fa k\u00f6zbel\u00e9p\u00e9s\u2022 Beilleszked\u00e9ssel kapcsolatos tan\u00e1csad\u00e1si alkalmak\u2022 Csal\u00e1dkeres\u00e9s \u00e9s csal\u00e1di kapcsolatok helyre\u00e1ll\u00edt\u00e1sa (feln\u0151tteknek)\u2022 Integr\u00e1lt\/\u00e1tfog\u00f3 v\u00e9delemmel kapcsolatos esetkezel\u00e9s\u2022 Jogi seg\u00edts\u00e9g\u2022 Jogi tudatoss\u00e1gn\u00f6vel\u0151 [&hellip;]<\/p>\n","protected":false},"author":575,"featured_media":0,"parent":18998,"menu_order":60,"comment_status":"closed","ping_status":"closed","template":"","meta":{"_acf_changed":false,"footnotes":""},"class_list":["post-20042","page","type-page","status-publish","hentry"],"acf":[],"_links":{"self":[{"href":"https:\/\/help.unhcr.org\/hungary\/hu\/wp-json\/wp\/v2\/pages\/20042","targetHints":{"allow":["GET"]}}],"collection":[{"href":"https:\/\/help.unhcr.org\/hungary\/hu\/wp-json\/wp\/v2\/pages"}],"about":[{"href":"https:\/\/help.unhcr.org\/hungary\/hu\/wp-json\/wp\/v2\/types\/page"}],"author":[{"embeddable":true,"href":"https:\/\/help.unhcr.org\/hungary\/hu\/wp-json\/wp\/v2\/users\/575"}],"replies":[{"embeddable":true,"href":"https:\/\/help.unhcr.org\/hungary\/hu\/wp-json\/wp\/v2\/comments?post=20042"}],"version-history":[{"count":38,"href":"https:\/\/help.unhcr.org\/hungary\/hu\/wp-json\/wp\/v2\/pages\/20042\/revisions"}],"predecessor-version":[{"id":49198,"href":"https:\/\/help.unhcr.org\/hungary\/hu\/wp-json\/wp\/v2\/pages\/20042\/revisions\/49198"}],"up":[{"embeddable":true,"href":"https:\/\/help.unhcr.org\/hungary\/hu\/wp-json\/wp\/v2\/pages\/18998"}],"wp:attachment":[{"href":"https:\/\/help.unhcr.org\/hungary\/hu\/wp-json\/wp\/v2\/media?parent=20042"}],"curies":[{"name":"wp","href":"https:\/\/api.w.org\/{rel}","templated":true}]}}

UNHCR, az ENSZ Menekültügyi Főbiztossága

<div class="wp-block-columns is-layout-flex wp-container-core-columns-is-layout-9d6595d7 wp-block-columns-is-layout-flex">

<div class="wp-block-column is-layout-flow wp-block-column-is-layout-flow">

<h2 class="wp-block-heading"><strong>Elérhetőségi adatok</strong></h2>



<p class="has-medium-font-size"><strong>E-mail</strong><br /><a href="mailto:hunbucontact@unhcr.org">hunbucontact@unhcr.org</a></p>



<p class="has-medium-font-size"><strong>Telefon</strong><br /><a href="tel:+3613363060">+36 1 336 3060</a></p>



<p class="has-medium-font-size"><strong>Segélyvonal / Segélyoldal</strong><br /><a href="tel:+3680984583">+36 80 984 583</a>, <a href="https://help.unhcr.org/hungary/hu/" target="_blank">https://help.unhcr.org/hungary/</a></p>



<p class="has-medium-font-size"><strong>Weboldal</strong><br /><a href="https://help.unhcr.org/hungary/hu/" target="_blank">https://help.unhcr.org/hungary/</a></p>



<p class="has-medium-font-size"><strong>Facebook</strong><br /><a href="https://www.facebook.com/UNHCRMagyarorszag" target="_blank">https://www.facebook.com/UNHCRMagyarorszag</a></p>

</div>



<div class="wp-block-column is-layout-flow wp-block-column-is-layout-flow">

<h2 class="wp-block-heading"><strong>Nyújtott szolgáltatások</strong></h2>



<p class="has-medium-font-size"><strong>Védelem</strong><br />• Hozzáférés személyazonosító okmányokhoz<br />• Kapacitásfejlesztés jogi kérdésekben<br />• Készpénzes segítség védelemet nyújtó szolgáltatásokhoz<br />• Közösségi figyelemfelhívás<br />• Közösségi alapú, védelmi célú közbelépés<br />• Beilleszkedéssel kapcsolatos tanácsadási alkalmak<br />• Családkeresés és családi kapcsolatok helyreállítása (felnőtteknek)<br />• Integrált/átfogó védelemmel kapcsolatos esetkezelés<br />• Jogi segítség<br />• Jogi tudatosságnövelő foglalkozások<br />• A veszélyeztetett felnőttek beutalása szakszolgálatokhoz<br />• Védelemmel kapcsolatos segítségnyújtás célzottan speciális igényű személyeknek</p>

</div>

</div>



<hr class="wp-block-separator has-text-color has-cyan-bluish-gray-color has-alpha-channel-opacity is-style-default" style="border-top:0px !important" />


<div class="wp-block-group"><div class="wp-block-group__inner-container is-layout-constrained wp-block-group-is-layout-constrained">
<div style="background-color:#b9dfff;color:white;border-radius:10px;padding: 24px 24px 4px">



<figure class="wp-block-image size-full is-resized"><img loading="lazy" decoding="async" width="100" height="100" src="https://help.unhcr.org/hungary/wp-content/uploads/sites/86/2024/06/callout_rcc-1.png" alt="" class="wp-image-18970" style="width:70px" /></figure>



<div style="height:14px" aria-hidden="true" class="wp-block-spacer"></div>



<p class="has-black-color has-text-color has-link-color has-medium-font-size wp-elements-e1e1581f5ef08b553a198e2f5feea1cb">További információkért, valamint visszajelzésével vagy panaszával hívja a <strong>UNHCR Menekültügyi Segélyvonalát</strong> a <strong><a href="tel:+36 80 984 583">+36 80 984 583</a>​</strong> telefonszámon (hétfőtől péntekig, 08:00 – 17:00 között) ukrán, orosz, magyar és angol nyelven, vagy keressen minket e-mailen a <a href="mailto:hunbucontact@unhcr.org">hunbucontact@unhcr.org</a> címen.</p>



</div>
</div></div>


<p class="has-medium-font-size"><a href="https://help.unhcr.org/hungary/hu/partners/">Vissza az összes szervezethez</a></p>



<hr class="wp-block-separator has-text-color has-cyan-bluish-gray-color has-alpha-channel-opacity is-style-default" style="border-top:0px !important" />



<p class="has-medium-font-size"><strong>Jogi nyilatkozat</strong><br />Felhívjuk figyelmét, hogy az ezen az oldalon szereplő adatok a partnereinktől kapott információkon alapulnak. Amennyiben pontatlanságot tapasztal, kérjük, jelezze a <a href="hunbuim@unhcr.org&#x27;">hunbuim@unhcr.org</a> e-mail címen, hogy felülvizsgálhassuk és szükség esetén frissíthessük azokat.</p>

<p>Elérhetőségi adatok E-mailhunbucontact@unhcr.org Telefon+36 1 336 3060 Segélyvonal / Segélyoldal+36 80 984 583, https://help.unhcr.org/hungary/ Weboldalhttps://help.unhcr.org/hungary/ Facebookhttps://www.facebook.com/UNHCRMagyarorszag Nyújtott szolgáltatások Védelem• Hozzáférés személyazonosító okmányokhoz• Kapacitásfejlesztés jogi kérdésekben• Készpénzes segítség védelemet nyújtó szolgáltatásokhoz• Közösségi figyelemfelhívás• Közösségi alapú, védelmi célú közbelépés• Beilleszkedéssel kapcsolatos tanácsadási alkalmak• Családkeresés és családi kapcsolatok helyreállítása (felnőtteknek)• Integrált/átfogó védelemmel kapcsolatos esetkezelés• Jogi segítség• Jogi tudatosságnövelő [&hellip;]</p>
