{"id":19991,"date":"2024-05-08T13:22:25","date_gmt":"2024-05-08T13:22:25","guid":{"rendered":"https:\/\/help.unhcr.org\/hungary\/partners\/embassy-of-ukraine\/"},"modified":"2025-12-24T09:40:28","modified_gmt":"2025-12-24T09:40:28","slug":"embassy-of-ukraine","status":"publish","type":"page","link":"https:\/\/help.unhcr.org\/hungary\/hu\/partners\/embassy-of-ukraine\/","title":{"rendered":"Ukrajna nagyk\u00f6vets\u00e9ge"},"content":{"rendered":"\n\n<div class=\"wp-block-columns is-layout-flex wp-container-core-columns-is-layout-9d6595d7 wp-block-columns-is-layout-flex\">\n\n<div class=\"wp-block-column is-layout-flow wp-block-column-is-layout-flow\">\n\n<h2 class=\"wp-block-heading\"><strong>El\u00e9rhet\u0151s\u00e9gi adatok<\/strong><\/h2>\n\n\n\n<p class=\"has-medium-font-size\"><strong>E-mail<\/strong><br \/><a href=\"mailto:emb_hu@mfa.gov.ua\">emb_hu@mfa.gov.ua<\/a><\/p>\n\n\n\n<p class=\"has-medium-font-size\"><strong>Telefon<\/strong><br \/><a href=\"tel:+3614224120\">+36 1 422 4120<\/a>, <a href=\"tel:+3614224122\">+36 1 422 4122<\/a>, <a href=\"tel:+3614224123\">+36 1 422 4123<\/a> (Consular section),  <a href=\"tel:+3614224118\">+36 1 422 4118<\/a> (for situations of life-threatening emergency)<\/p>\n\n\n\n<p class=\"has-medium-font-size\"><strong>Weboldal<\/strong><br \/><a href=\"https:\/\/hungary.mfa.gov.ua\/\" target=\"_blank\">https:\/\/hungary.mfa.gov.ua\/<\/a><\/p>\n\n\n\n<p class=\"has-medium-font-size\"><strong>Facebook<\/strong><br \/><a href=\"https:\/\/www.facebook.com\/ukran.nagykovetseg.magyarorszag\/\" target=\"_blank\">https:\/\/www.facebook.com\/ukran.nagykovetseg.magyarorszag\/<\/a><\/p>\n\n<\/div>\n\n\n\n<div class=\"wp-block-column is-layout-flow wp-block-column-is-layout-flow\">\n\n<h2 class=\"wp-block-heading\"><strong>Ny\u00fajtott szolg\u00e1ltat\u00e1sok<\/strong><\/h2>\n\n\n\n<p class=\"has-medium-font-size\"><strong>V\u00e9delem<\/strong><br \/>\u2022 Jogi seg\u00edts\u00e9g<\/p>\n\n<\/div>\n\n<\/div>\n\n\n\n<hr class=\"wp-block-separator has-text-color has-cyan-bluish-gray-color has-alpha-channel-opacity is-style-default\" style=\"border-top:0px !important\" \/>\n\n\n\n<h2 class=\"wp-block-heading\"><strong>1125 Budapest, Istenhegyi \u00fat 84\/b (Embassy of Ukraine in Budapest)<\/strong><\/h2>\n\n\n\n<p class=\"has-medium-font-size\">Office\/institution (with assistance on site)\u00a0\u2022\u00a0<a href=\"https:\/\/www.google.com\/maps\/search\/1125%20Budapest%2C%20Istenhegyi%20%C3%BAt%2084%2Fb\" target=\"_blank\">Megtekint\u00e9s Google T\u00e9rk\u00e9pen<\/a><\/p>\n\n\n\n<div class=\"wp-block-columns is-layout-flex wp-container-core-columns-is-layout-9d6595d7 wp-block-columns-is-layout-flex\">\n\n<div class=\"wp-block-column is-layout-flow wp-block-column-is-layout-flow\">\n\n<p class=\"has-medium-font-size\"><strong>\u00dcgyf\u00e9lfogad\u00e1si id\u0151<\/strong><br \/>h\u00e9tf\u0151: 08:00 &#8211; 17:00<br \/>kedd: 08:00 &#8211; 17:00<br \/>szerda: 08:00 &#8211; 17:00<br \/>cs\u00fct\u00f6rt\u00f6k: 08:00 &#8211; 17:00<br \/>p\u00e9ntek: 08:00 &#8211; 17:00<\/p>\n\n\n\n<p class=\"has-medium-font-size\"><strong>Szolg\u00e1ltat\u00e1sok a helysz\u00ednen<\/strong><br \/>\u2022 V\u00e9delem (1)<\/p>\n\n<\/div>\n\n\n\n<div class=\"wp-block-column is-layout-flow wp-block-column-is-layout-flow\">\n\n<p class=\"has-medium-font-size\"><strong>Besz\u00e9lt nyelvek<\/strong><br \/>\u2022 ?? magyar<br \/>\u2022 ?? ukr\u00e1n<br \/>\u2022 ?? angol<\/p>\n\n\n\n<p class=\"has-medium-font-size\"><strong>Szolg\u00e1ltat\u00e1si ter\u00fclet<\/strong><br \/>\u2022 Orsz\u00e1gszerte<\/p>\n\n<\/div>\n\n<\/div>\n\n\n\n<hr class=\"wp-block-separator has-text-color has-cyan-bluish-gray-color has-alpha-channel-opacity is-style-default\" style=\"border-top:0px !important\" \/>\n\n\n<div class=\"wp-block-group\"><div class=\"wp-block-group__inner-container is-layout-constrained wp-block-group-is-layout-constrained\">\n<div style=\"background-color:#b9dfff;color:white;border-radius:10px;padding: 24px 24px 4px\">\n\n\n\n<figure class=\"wp-block-image size-full is-resized\"><img loading=\"lazy\" decoding=\"async\" width=\"100\" height=\"100\" src=\"https:\/\/help.unhcr.org\/hungary\/wp-content\/uploads\/sites\/86\/2024\/06\/callout_rcc-1.png\" alt=\"\" class=\"wp-image-18970\" style=\"width:70px\" \/><\/figure>\n\n\n\n<div style=\"height:14px\" aria-hidden=\"true\" class=\"wp-block-spacer\"><\/div>\n\n\n\n<p class=\"has-black-color has-text-color has-link-color has-medium-font-size wp-elements-e1e1581f5ef08b553a198e2f5feea1cb\">Tov\u00e1bbi inform\u00e1ci\u00f3k\u00e9rt, valamint visszajelz\u00e9s\u00e9vel vagy panasz\u00e1val h\u00edvja a <strong>UNHCR Menek\u00fclt\u00fcgyi Seg\u00e9lyvonal\u00e1t<\/strong> a <strong><a href=\"tel:+36 80 984 583\">+36 80 984 583<\/a>\u200b<\/strong> telefonsz\u00e1mon (h\u00e9tf\u0151t\u0151l p\u00e9ntekig, 08:00 \u2013 17:00 k\u00f6z\u00f6tt) ukr\u00e1n, orosz, magyar \u00e9s angol nyelven, vagy keressen minket e-mailen a <a href=\"mailto:hunbucontact@unhcr.org\">hunbucontact@unhcr.org<\/a> c\u00edmen.<\/p>\n\n\n\n<\/div>\n<\/div><\/div>\n\n\n<p class=\"has-medium-font-size\"><a href=\"https:\/\/help.unhcr.org\/hungary\/hu\/partners\/\">Vissza az \u00f6sszes szervezethez<\/a><\/p>\n\n\n\n<hr class=\"wp-block-separator has-text-color has-cyan-bluish-gray-color has-alpha-channel-opacity is-style-default\" style=\"border-top:0px !important\" \/>\n\n\n\n<p class=\"has-medium-font-size\"><strong>Jogi nyilatkozat<\/strong><br \/>Felh\u00edvjuk figyelm\u00e9t, hogy az ezen az oldalon szerepl\u0151 adatok a partnereinkt\u0151l kapott inform\u00e1ci\u00f3kon alapulnak. Amennyiben pontatlans\u00e1got tapasztal, k\u00e9rj\u00fck, jelezze a <a href=\"hunbuim@unhcr.org&#x27;\">hunbuim@unhcr.org<\/a> e-mail c\u00edmen, hogy fel\u00fclvizsg\u00e1lhassuk \u00e9s sz\u00fcks\u00e9g eset\u00e9n friss\u00edthess\u00fck azokat.<\/p>\n\n","protected":false},"excerpt":{"rendered":"<p>El\u00e9rhet\u0151s\u00e9gi adatok E-mailemb_hu@mfa.gov.ua Telefon+36 1 422 4120, +36 1 422 4122, +36 1 422 4123 (Consular section), +36 1 422 4118 (for situations of life-threatening emergency) Weboldalhttps:\/\/hungary.mfa.gov.ua\/ Facebookhttps:\/\/www.facebook.com\/ukran.nagykovetseg.magyarorszag\/ Ny\u00fajtott szolg\u00e1ltat\u00e1sok V\u00e9delem\u2022 Jogi seg\u00edts\u00e9g 1125 Budapest, Istenhegyi \u00fat 84\/b (Embassy of Ukraine in Budapest) Office\/institution (with assistance on site)\u00a0\u2022\u00a0Megtekint\u00e9s Google T\u00e9rk\u00e9pen \u00dcgyf\u00e9lfogad\u00e1si id\u0151h\u00e9tf\u0151: 08:00 &#8211; 17:00kedd: [&hellip;]<\/p>\n","protected":false},"author":575,"featured_media":0,"parent":18998,"menu_order":14,"comment_status":"closed","ping_status":"closed","template":"","meta":{"_acf_changed":false,"footnotes":""},"class_list":["post-19991","page","type-page","status-publish","hentry"],"acf":[],"_links":{"self":[{"href":"https:\/\/help.unhcr.org\/hungary\/hu\/wp-json\/wp\/v2\/pages\/19991","targetHints":{"allow":["GET"]}}],"collection":[{"href":"https:\/\/help.unhcr.org\/hungary\/hu\/wp-json\/wp\/v2\/pages"}],"about":[{"href":"https:\/\/help.unhcr.org\/hungary\/hu\/wp-json\/wp\/v2\/types\/page"}],"author":[{"embeddable":true,"href":"https:\/\/help.unhcr.org\/hungary\/hu\/wp-json\/wp\/v2\/users\/575"}],"replies":[{"embeddable":true,"href":"https:\/\/help.unhcr.org\/hungary\/hu\/wp-json\/wp\/v2\/comments?post=19991"}],"version-history":[{"count":40,"href":"https:\/\/help.unhcr.org\/hungary\/hu\/wp-json\/wp\/v2\/pages\/19991\/revisions"}],"predecessor-version":[{"id":49106,"href":"https:\/\/help.unhcr.org\/hungary\/hu\/wp-json\/wp\/v2\/pages\/19991\/revisions\/49106"}],"up":[{"embeddable":true,"href":"https:\/\/help.unhcr.org\/hungary\/hu\/wp-json\/wp\/v2\/pages\/18998"}],"wp:attachment":[{"href":"https:\/\/help.unhcr.org\/hungary\/hu\/wp-json\/wp\/v2\/media?parent=19991"}],"curies":[{"name":"wp","href":"https:\/\/api.w.org\/{rel}","templated":true}]}}

Ukrajna nagykövetsége

<div class="wp-block-columns is-layout-flex wp-container-core-columns-is-layout-9d6595d7 wp-block-columns-is-layout-flex">

<div class="wp-block-column is-layout-flow wp-block-column-is-layout-flow">

<h2 class="wp-block-heading"><strong>Elérhetőségi adatok</strong></h2>



<p class="has-medium-font-size"><strong>E-mail</strong><br /><a href="mailto:emb_hu@mfa.gov.ua">emb_hu@mfa.gov.ua</a></p>



<p class="has-medium-font-size"><strong>Telefon</strong><br /><a href="tel:+3614224120">+36 1 422 4120</a>, <a href="tel:+3614224122">+36 1 422 4122</a>, <a href="tel:+3614224123">+36 1 422 4123</a> (Consular section),  <a href="tel:+3614224118">+36 1 422 4118</a> (for situations of life-threatening emergency)</p>



<p class="has-medium-font-size"><strong>Weboldal</strong><br /><a href="https://hungary.mfa.gov.ua/" target="_blank">https://hungary.mfa.gov.ua/</a></p>



<p class="has-medium-font-size"><strong>Facebook</strong><br /><a href="https://www.facebook.com/ukran.nagykovetseg.magyarorszag/" target="_blank">https://www.facebook.com/ukran.nagykovetseg.magyarorszag/</a></p>

</div>



<div class="wp-block-column is-layout-flow wp-block-column-is-layout-flow">

<h2 class="wp-block-heading"><strong>Nyújtott szolgáltatások</strong></h2>



<p class="has-medium-font-size"><strong>Védelem</strong><br />• Jogi segítség</p>

</div>

</div>



<hr class="wp-block-separator has-text-color has-cyan-bluish-gray-color has-alpha-channel-opacity is-style-default" style="border-top:0px !important" />



<h2 class="wp-block-heading"><strong>1125 Budapest, Istenhegyi út 84/b (Embassy of Ukraine in Budapest)</strong></h2>



<p class="has-medium-font-size">Office/institution (with assistance on site) • <a href="https://www.google.com/maps/search/1125%20Budapest%2C%20Istenhegyi%20%C3%BAt%2084%2Fb" target="_blank">Megtekintés Google Térképen</a></p>



<div class="wp-block-columns is-layout-flex wp-container-core-columns-is-layout-9d6595d7 wp-block-columns-is-layout-flex">

<div class="wp-block-column is-layout-flow wp-block-column-is-layout-flow">

<p class="has-medium-font-size"><strong>Ügyfélfogadási idő</strong><br />hétfő: 08:00 &#8211; 17:00<br />kedd: 08:00 &#8211; 17:00<br />szerda: 08:00 &#8211; 17:00<br />csütörtök: 08:00 &#8211; 17:00<br />péntek: 08:00 &#8211; 17:00</p>



<p class="has-medium-font-size"><strong>Szolgáltatások a helyszínen</strong><br />• Védelem (1)</p>

</div>



<div class="wp-block-column is-layout-flow wp-block-column-is-layout-flow">

<p class="has-medium-font-size"><strong>Beszélt nyelvek</strong><br />• ?? magyar<br />• ?? ukrán<br />• ?? angol</p>



<p class="has-medium-font-size"><strong>Szolgáltatási terület</strong><br />• Országszerte</p>

</div>

</div>



<hr class="wp-block-separator has-text-color has-cyan-bluish-gray-color has-alpha-channel-opacity is-style-default" style="border-top:0px !important" />


<div class="wp-block-group"><div class="wp-block-group__inner-container is-layout-constrained wp-block-group-is-layout-constrained">
<div style="background-color:#b9dfff;color:white;border-radius:10px;padding: 24px 24px 4px">



<figure class="wp-block-image size-full is-resized"><img loading="lazy" decoding="async" width="100" height="100" src="https://help.unhcr.org/hungary/wp-content/uploads/sites/86/2024/06/callout_rcc-1.png" alt="" class="wp-image-18970" style="width:70px" /></figure>



<div style="height:14px" aria-hidden="true" class="wp-block-spacer"></div>



<p class="has-black-color has-text-color has-link-color has-medium-font-size wp-elements-e1e1581f5ef08b553a198e2f5feea1cb">További információkért, valamint visszajelzésével vagy panaszával hívja a <strong>UNHCR Menekültügyi Segélyvonalát</strong> a <strong><a href="tel:+36 80 984 583">+36 80 984 583</a>​</strong> telefonszámon (hétfőtől péntekig, 08:00 – 17:00 között) ukrán, orosz, magyar és angol nyelven, vagy keressen minket e-mailen a <a href="mailto:hunbucontact@unhcr.org">hunbucontact@unhcr.org</a> címen.</p>



</div>
</div></div>


<p class="has-medium-font-size"><a href="https://help.unhcr.org/hungary/hu/partners/">Vissza az összes szervezethez</a></p>



<hr class="wp-block-separator has-text-color has-cyan-bluish-gray-color has-alpha-channel-opacity is-style-default" style="border-top:0px !important" />



<p class="has-medium-font-size"><strong>Jogi nyilatkozat</strong><br />Felhívjuk figyelmét, hogy az ezen az oldalon szereplő adatok a partnereinktől kapott információkon alapulnak. Amennyiben pontatlanságot tapasztal, kérjük, jelezze a <a href="hunbuim@unhcr.org&#x27;">hunbuim@unhcr.org</a> e-mail címen, hogy felülvizsgálhassuk és szükség esetén frissíthessük azokat.</p>

<p>Elérhetőségi adatok E-mailemb_hu@mfa.gov.ua Telefon+36 1 422 4120, +36 1 422 4122, +36 1 422 4123 (Consular section), +36 1 422 4118 (for situations of life-threatening emergency) Weboldalhttps://hungary.mfa.gov.ua/ Facebookhttps://www.facebook.com/ukran.nagykovetseg.magyarorszag/ Nyújtott szolgáltatások Védelem• Jogi segítség 1125 Budapest, Istenhegyi út 84/b (Embassy of Ukraine in Budapest) Office/institution (with assistance on site) • Megtekintés Google Térképen Ügyfélfogadási időhétfő: 08:00 &#8211; 17:00kedd: [&hellip;]</p>
