{"id":19949,"date":"2024-05-08T13:21:40","date_gmt":"2024-05-08T13:21:40","guid":{"rendered":"https:\/\/help.unhcr.org\/hungary\/partners\/hatter-society-association\/"},"modified":"2025-12-24T09:40:34","modified_gmt":"2025-12-24T09:40:34","slug":"hatter-society-association","status":"publish","type":"page","link":"https:\/\/help.unhcr.org\/hungary\/hu\/partners\/hatter-society-association\/","title":{"rendered":"H\u00e1tt\u00e9r T\u00e1rsas\u00e1g"},"content":{"rendered":"\n\n<div class=\"wp-block-columns is-layout-flex wp-container-core-columns-is-layout-9d6595d7 wp-block-columns-is-layout-flex\">\n\n<div class=\"wp-block-column is-layout-flow wp-block-column-is-layout-flow\">\n\n<h2 class=\"wp-block-heading\"><strong>El\u00e9rhet\u0151s\u00e9gi adatok<\/strong><\/h2>\n\n\n\n<p class=\"has-medium-font-size\"><strong>E-mail<\/strong><br \/><a href=\"mailto:hatter@hatter.hu\">hatter@hatter.hu<\/a><\/p>\n\n\n\n<p class=\"has-medium-font-size\"><strong>Telefon<\/strong><br \/><a href=\"tel:+3613292670\">+3613292670<\/a><\/p>\n\n\n\n<p class=\"has-medium-font-size\"><strong>Weboldal<\/strong><br \/><a href=\"https:\/\/hatter.hu\/\" target=\"_blank\">https:\/\/hatter.hu\/<\/a><\/p>\n\n\n\n<p class=\"has-medium-font-size\"><strong>Facebook<\/strong><br \/><a href=\"https:\/\/www.facebook.com\/HatterTarsasag\" target=\"_blank\">https:\/\/www.facebook.com\/HatterTarsasag<\/a><\/p>\n\n\n\n<p class=\"has-medium-font-size\"><strong>Egy\u00e9b<\/strong><br \/><a href=\"mailto:legalaid@hatter.hu\">legalaid@hatter.hu<\/a><\/p>\n\n<\/div>\n\n\n\n<div class=\"wp-block-column is-layout-flow wp-block-column-is-layout-flow\">\n\n<h2 class=\"wp-block-heading\"><strong>Ny\u00fajtott szolg\u00e1ltat\u00e1sok<\/strong><\/h2>\n\n\n\n<p class=\"has-medium-font-size\"><strong>Eg\u00e9szs\u00e9g \u00e9s ment\u00e1lhigi\u00e9n\u00e9s szolg\u00e1ltat\u00e1sok<\/strong><br \/>\u2022 Hozz\u00e1f\u00e9r\u00e9s szexu\u00e1lis \u00e9s reprodukci\u00f3s eg\u00e9szs\u00e9g\u00fcgyi szolg\u00e1ltat\u00e1sokhoz (SRHC)<br \/>\u2022 K\u00f6z\u00f6ss\u00e9gi alap\u00fa pszichoszoci\u00e1lis \u00e9s csal\u00e1dseg\u00edt\u0151 tev\u00e9kenys\u00e9gek<br \/>\u2022 \u00d6sszpontos\u00edtott egy\u00e9ni \u00e9s csoportos pszichoszoci\u00e1lis t\u00e1mogat\u00e1s<br \/>\u2022 Speci\u00e1lis t\u00e1mogat\u00e1sra vonatkoz\u00f3 aj\u00e1nl\u00e1sok<br \/>\u2022 Speci\u00e1lis MHPSS szolg\u00e1ltat\u00e1sok<\/p>\n\n\n\n<p class=\"has-medium-font-size\"><strong>Nemi alap\u00fa er\u0151szak (GBV)<\/strong><br \/>\u2022 Jogi tan\u00e1csad\u00e1s \/ seg\u00edts\u00e9gny\u00fajt\u00e1s nemi alap\u00fa er\u0151szak t\u0171l\u00e9l\u0151inek<\/p>\n\n\n\n<p class=\"has-medium-font-size\"><strong>V\u00e9delem<\/strong><br \/>\u2022 Kapacit\u00e1sfejleszt\u00e9s jogi k\u00e9rd\u00e9sekben<br \/>\u2022 Jogi seg\u00edts\u00e9g<br \/>\u2022 Jogi tudatoss\u00e1gn\u00f6vel\u0151 foglalkoz\u00e1sok<\/p>\n\n<\/div>\n\n<\/div>\n\n\n\n<hr class=\"wp-block-separator has-text-color has-cyan-bluish-gray-color has-alpha-channel-opacity is-style-default\" style=\"border-top:0px !important\" \/>\n\n\n<div class=\"wp-block-group\"><div class=\"wp-block-group__inner-container is-layout-constrained wp-block-group-is-layout-constrained\">\n<div style=\"background-color:#b9dfff;color:white;border-radius:10px;padding: 24px 24px 4px\">\n\n\n\n<figure class=\"wp-block-image size-full is-resized\"><img loading=\"lazy\" decoding=\"async\" width=\"100\" height=\"100\" src=\"https:\/\/help.unhcr.org\/hungary\/wp-content\/uploads\/sites\/86\/2024\/06\/callout_rcc-1.png\" alt=\"\" class=\"wp-image-18970\" style=\"width:70px\" \/><\/figure>\n\n\n\n<div style=\"height:14px\" aria-hidden=\"true\" class=\"wp-block-spacer\"><\/div>\n\n\n\n<p class=\"has-black-color has-text-color has-link-color has-medium-font-size wp-elements-e1e1581f5ef08b553a198e2f5feea1cb\">Tov\u00e1bbi inform\u00e1ci\u00f3k\u00e9rt, valamint visszajelz\u00e9s\u00e9vel vagy panasz\u00e1val h\u00edvja a <strong>UNHCR Menek\u00fclt\u00fcgyi Seg\u00e9lyvonal\u00e1t<\/strong> a <strong><a href=\"tel:+36 80 984 583\">+36 80 984 583<\/a>\u200b<\/strong> telefonsz\u00e1mon (h\u00e9tf\u0151t\u0151l p\u00e9ntekig, 08:00 \u2013 17:00 k\u00f6z\u00f6tt) ukr\u00e1n, orosz, magyar \u00e9s angol nyelven, vagy keressen minket e-mailen a <a href=\"mailto:hunbucontact@unhcr.org\">hunbucontact@unhcr.org<\/a> c\u00edmen.<\/p>\n\n\n\n<\/div>\n<\/div><\/div>\n\n\n<p class=\"has-medium-font-size\"><a href=\"https:\/\/help.unhcr.org\/hungary\/hu\/partners\/\">Vissza az \u00f6sszes szervezethez<\/a><\/p>\n\n\n\n<hr class=\"wp-block-separator has-text-color has-cyan-bluish-gray-color has-alpha-channel-opacity is-style-default\" style=\"border-top:0px !important\" \/>\n\n\n\n<p class=\"has-medium-font-size\"><strong>Jogi nyilatkozat<\/strong><br \/>Felh\u00edvjuk figyelm\u00e9t, hogy az ezen az oldalon szerepl\u0151 adatok a partnereinkt\u0151l kapott inform\u00e1ci\u00f3kon alapulnak. Amennyiben pontatlans\u00e1got tapasztal, k\u00e9rj\u00fck, jelezze a <a href=\"hunbuim@unhcr.org&#x27;\">hunbuim@unhcr.org<\/a> e-mail c\u00edmen, hogy fel\u00fclvizsg\u00e1lhassuk \u00e9s sz\u00fcks\u00e9g eset\u00e9n friss\u00edthess\u00fck azokat.<\/p>\n\n","protected":false},"excerpt":{"rendered":"<p>El\u00e9rhet\u0151s\u00e9gi adatok E-mailhatter@hatter.hu Telefon+3613292670 Weboldalhttps:\/\/hatter.hu\/ Facebookhttps:\/\/www.facebook.com\/HatterTarsasag Egy\u00e9blegalaid@hatter.hu Ny\u00fajtott szolg\u00e1ltat\u00e1sok Eg\u00e9szs\u00e9g \u00e9s ment\u00e1lhigi\u00e9n\u00e9s szolg\u00e1ltat\u00e1sok\u2022 Hozz\u00e1f\u00e9r\u00e9s szexu\u00e1lis \u00e9s reprodukci\u00f3s eg\u00e9szs\u00e9g\u00fcgyi szolg\u00e1ltat\u00e1sokhoz (SRHC)\u2022 K\u00f6z\u00f6ss\u00e9gi alap\u00fa pszichoszoci\u00e1lis \u00e9s csal\u00e1dseg\u00edt\u0151 tev\u00e9kenys\u00e9gek\u2022 \u00d6sszpontos\u00edtott egy\u00e9ni \u00e9s csoportos pszichoszoci\u00e1lis t\u00e1mogat\u00e1s\u2022 Speci\u00e1lis t\u00e1mogat\u00e1sra vonatkoz\u00f3 aj\u00e1nl\u00e1sok\u2022 Speci\u00e1lis MHPSS szolg\u00e1ltat\u00e1sok Nemi alap\u00fa er\u0151szak (GBV)\u2022 Jogi tan\u00e1csad\u00e1s \/ seg\u00edts\u00e9gny\u00fajt\u00e1s nemi alap\u00fa er\u0151szak t\u0171l\u00e9l\u0151inek V\u00e9delem\u2022 Kapacit\u00e1sfejleszt\u00e9s jogi k\u00e9rd\u00e9sekben\u2022 [&hellip;]<\/p>\n","protected":false},"author":575,"featured_media":0,"parent":18998,"menu_order":17,"comment_status":"closed","ping_status":"closed","template":"","meta":{"_acf_changed":false,"footnotes":""},"class_list":["post-19949","page","type-page","status-publish","hentry"],"acf":[],"_links":{"self":[{"href":"https:\/\/help.unhcr.org\/hungary\/hu\/wp-json\/wp\/v2\/pages\/19949","targetHints":{"allow":["GET"]}}],"collection":[{"href":"https:\/\/help.unhcr.org\/hungary\/hu\/wp-json\/wp\/v2\/pages"}],"about":[{"href":"https:\/\/help.unhcr.org\/hungary\/hu\/wp-json\/wp\/v2\/types\/page"}],"author":[{"embeddable":true,"href":"https:\/\/help.unhcr.org\/hungary\/hu\/wp-json\/wp\/v2\/users\/575"}],"replies":[{"embeddable":true,"href":"https:\/\/help.unhcr.org\/hungary\/hu\/wp-json\/wp\/v2\/comments?post=19949"}],"version-history":[{"count":40,"href":"https:\/\/help.unhcr.org\/hungary\/hu\/wp-json\/wp\/v2\/pages\/19949\/revisions"}],"predecessor-version":[{"id":49112,"href":"https:\/\/help.unhcr.org\/hungary\/hu\/wp-json\/wp\/v2\/pages\/19949\/revisions\/49112"}],"up":[{"embeddable":true,"href":"https:\/\/help.unhcr.org\/hungary\/hu\/wp-json\/wp\/v2\/pages\/18998"}],"wp:attachment":[{"href":"https:\/\/help.unhcr.org\/hungary\/hu\/wp-json\/wp\/v2\/media?parent=19949"}],"curies":[{"name":"wp","href":"https:\/\/api.w.org\/{rel}","templated":true}]}}

Háttér Társaság

<div class="wp-block-columns is-layout-flex wp-container-core-columns-is-layout-9d6595d7 wp-block-columns-is-layout-flex">

<div class="wp-block-column is-layout-flow wp-block-column-is-layout-flow">

<h2 class="wp-block-heading"><strong>Elérhetőségi adatok</strong></h2>



<p class="has-medium-font-size"><strong>E-mail</strong><br /><a href="mailto:hatter@hatter.hu">hatter@hatter.hu</a></p>



<p class="has-medium-font-size"><strong>Telefon</strong><br /><a href="tel:+3613292670">+3613292670</a></p>



<p class="has-medium-font-size"><strong>Weboldal</strong><br /><a href="https://hatter.hu/" target="_blank">https://hatter.hu/</a></p>



<p class="has-medium-font-size"><strong>Facebook</strong><br /><a href="https://www.facebook.com/HatterTarsasag" target="_blank">https://www.facebook.com/HatterTarsasag</a></p>



<p class="has-medium-font-size"><strong>Egyéb</strong><br /><a href="mailto:legalaid@hatter.hu">legalaid@hatter.hu</a></p>

</div>



<div class="wp-block-column is-layout-flow wp-block-column-is-layout-flow">

<h2 class="wp-block-heading"><strong>Nyújtott szolgáltatások</strong></h2>



<p class="has-medium-font-size"><strong>Egészség és mentálhigiénés szolgáltatások</strong><br />• Hozzáférés szexuális és reprodukciós egészségügyi szolgáltatásokhoz (SRHC)<br />• Közösségi alapú pszichoszociális és családsegítő tevékenységek<br />• Összpontosított egyéni és csoportos pszichoszociális támogatás<br />• Speciális támogatásra vonatkozó ajánlások<br />• Speciális MHPSS szolgáltatások</p>



<p class="has-medium-font-size"><strong>Nemi alapú erőszak (GBV)</strong><br />• Jogi tanácsadás / segítségnyújtás nemi alapú erőszak tűlélőinek</p>



<p class="has-medium-font-size"><strong>Védelem</strong><br />• Kapacitásfejlesztés jogi kérdésekben<br />• Jogi segítség<br />• Jogi tudatosságnövelő foglalkozások</p>

</div>

</div>



<hr class="wp-block-separator has-text-color has-cyan-bluish-gray-color has-alpha-channel-opacity is-style-default" style="border-top:0px !important" />


<div class="wp-block-group"><div class="wp-block-group__inner-container is-layout-constrained wp-block-group-is-layout-constrained">
<div style="background-color:#b9dfff;color:white;border-radius:10px;padding: 24px 24px 4px">



<figure class="wp-block-image size-full is-resized"><img loading="lazy" decoding="async" width="100" height="100" src="https://help.unhcr.org/hungary/wp-content/uploads/sites/86/2024/06/callout_rcc-1.png" alt="" class="wp-image-18970" style="width:70px" /></figure>



<div style="height:14px" aria-hidden="true" class="wp-block-spacer"></div>



<p class="has-black-color has-text-color has-link-color has-medium-font-size wp-elements-e1e1581f5ef08b553a198e2f5feea1cb">További információkért, valamint visszajelzésével vagy panaszával hívja a <strong>UNHCR Menekültügyi Segélyvonalát</strong> a <strong><a href="tel:+36 80 984 583">+36 80 984 583</a>​</strong> telefonszámon (hétfőtől péntekig, 08:00 – 17:00 között) ukrán, orosz, magyar és angol nyelven, vagy keressen minket e-mailen a <a href="mailto:hunbucontact@unhcr.org">hunbucontact@unhcr.org</a> címen.</p>



</div>
</div></div>


<p class="has-medium-font-size"><a href="https://help.unhcr.org/hungary/hu/partners/">Vissza az összes szervezethez</a></p>



<hr class="wp-block-separator has-text-color has-cyan-bluish-gray-color has-alpha-channel-opacity is-style-default" style="border-top:0px !important" />



<p class="has-medium-font-size"><strong>Jogi nyilatkozat</strong><br />Felhívjuk figyelmét, hogy az ezen az oldalon szereplő adatok a partnereinktől kapott információkon alapulnak. Amennyiben pontatlanságot tapasztal, kérjük, jelezze a <a href="hunbuim@unhcr.org&#x27;">hunbuim@unhcr.org</a> e-mail címen, hogy felülvizsgálhassuk és szükség esetén frissíthessük azokat.</p>

<p>Elérhetőségi adatok E-mailhatter@hatter.hu Telefon+3613292670 Weboldalhttps://hatter.hu/ Facebookhttps://www.facebook.com/HatterTarsasag Egyéblegalaid@hatter.hu Nyújtott szolgáltatások Egészség és mentálhigiénés szolgáltatások• Hozzáférés szexuális és reprodukciós egészségügyi szolgáltatásokhoz (SRHC)• Közösségi alapú pszichoszociális és családsegítő tevékenységek• Összpontosított egyéni és csoportos pszichoszociális támogatás• Speciális támogatásra vonatkozó ajánlások• Speciális MHPSS szolgáltatások Nemi alapú erőszak (GBV)• Jogi tanácsadás / segítségnyújtás nemi alapú erőszak tűlélőinek Védelem• Kapacitásfejlesztés jogi kérdésekben• [&hellip;]</p>
