{"id":99,"date":"2020-04-04T09:36:11","date_gmt":"2020-04-04T09:36:11","guid":{"rendered":"http:\/\/help.unhcr.org\/honduras\/?page_id=99"},"modified":"2024-04-22T16:14:20","modified_gmt":"2024-04-22T16:14:20","slug":"donde-encontrar-ayuda","status":"publish","type":"page","link":"https:\/\/help.unhcr.org\/honduras\/donde-encontrar-ayuda\/","title":{"rendered":"\u00bfD\u00f3nde encontrar ayuda?"},"content":{"rendered":"\n<p class=\"has-text-color has-background has-link-color has-medium-font-size wp-elements-2da965752acff32c14aa4a64fe17fd11\" style=\"color:#faeb00;background-color:#0072bc\">Recuerda que <strong>todos nuestros servicios son GRATUITOS<\/strong>. Para m\u00e1s informaci\u00f3n, visita la secci\u00f3n: <strong>Cuidado con el fraude<\/strong>.<\/p>\n\n\n\n<p><strong>\u00bfQu\u00e9 puede hacer el ACNUR por m\u00ed?&nbsp;<\/strong>&nbsp;<\/p>\n\n\n\n<p>ACNUR en Honduras y las organizaciones de la sociedad civil socias apoyan al Gobierno de Honduras en el fortalecimiento de la protecci\u00f3n de las personas obligadas a huir por violencia. ACNUR brinda diversos apoyos a personas refugiadas y solicitantes de asilo, personas en tr\u00e1nsito con necesidades de protecci\u00f3n internacional, deportados con necesidades de protecci\u00f3n internacional, y con personas desplazadas internas por violencia que se encuentren en alto riesgo.&nbsp;<\/p>\n\n\n\n<p>Si tu vida corre peligro y no puedes regresar a tu pa\u00eds cont\u00e1ctanos, en ACNUR Honduras podemos:&nbsp;<\/p>\n\n\n\n<ul class=\"wp-block-list\">\n<li>Brindar informaci\u00f3n sobre tr\u00e1mites y servicios en el pa\u00eds.&nbsp;<\/li>\n\n\n\n<li>Acompa\u00f1amiento y orientaci\u00f3n durante tu procedimiento de solicitud de la condici\u00f3n de persona refugiada en Honduras.&nbsp;<\/li>\n\n\n\n<li>Proporcionar asistencia y apoyo mediante nuestras organizaciones socias.&nbsp;<\/li>\n\n\n\n<li>Conectarte con organizaciones y autoridades para que tu vida e integridad est\u00e9n protegidas.&nbsp;<\/li>\n<\/ul>\n\n\n\n<p>Nuestra atenci\u00f3n es individual, caso por caso, y es <strong>totalmente gratuita<\/strong>.&nbsp;<\/p>\n\n\n\n<p>Todas las personas tienen necesidades diferentes, as\u00ed que los apoyos que brindamos son diferentes. Toda la asistencia se brinda de acuerdo con las posibilidades del ACNUR, y nuestros programas cambian dependiendo las circunstancias.&nbsp;&nbsp;<\/p>\n","protected":false},"excerpt":{"rendered":"<p>Recuerda que todos nuestros servicios son GRATUITOS. Para m\u00e1s informaci\u00f3n, visita la secci\u00f3n: Cuidado con el fraude. \u00bfQu\u00e9 puede hacer el ACNUR por m\u00ed?&nbsp;&nbsp; ACNUR en Honduras y las organizaciones de la sociedad civil socias apoyan al Gobierno de Honduras en el fortalecimiento de la protecci\u00f3n de las personas obligadas a huir por violencia. ACNUR [&hellip;]<\/p>\n","protected":false},"author":1,"featured_media":0,"parent":0,"menu_order":1,"comment_status":"closed","ping_status":"closed","template":"page-templates\/listing_page.php","meta":{"_acf_changed":false,"footnotes":""},"class_list":["post-99","page","type-page","status-publish","hentry"],"acf":[],"_links":{"self":[{"href":"https:\/\/help.unhcr.org\/honduras\/wp-json\/wp\/v2\/pages\/99","targetHints":{"allow":["GET"]}}],"collection":[{"href":"https:\/\/help.unhcr.org\/honduras\/wp-json\/wp\/v2\/pages"}],"about":[{"href":"https:\/\/help.unhcr.org\/honduras\/wp-json\/wp\/v2\/types\/page"}],"author":[{"embeddable":true,"href":"https:\/\/help.unhcr.org\/honduras\/wp-json\/wp\/v2\/users\/1"}],"replies":[{"embeddable":true,"href":"https:\/\/help.unhcr.org\/honduras\/wp-json\/wp\/v2\/comments?post=99"}],"version-history":[{"count":7,"href":"https:\/\/help.unhcr.org\/honduras\/wp-json\/wp\/v2\/pages\/99\/revisions"}],"predecessor-version":[{"id":370,"href":"https:\/\/help.unhcr.org\/honduras\/wp-json\/wp\/v2\/pages\/99\/revisions\/370"}],"wp:attachment":[{"href":"https:\/\/help.unhcr.org\/honduras\/wp-json\/wp\/v2\/media?parent=99"}],"curies":[{"name":"wp","href":"https:\/\/api.w.org\/{rel}","templated":true}]}}