{"id":246,"date":"2024-03-13T23:50:53","date_gmt":"2024-03-13T23:50:53","guid":{"rendered":"https:\/\/help.unhcr.org\/honduras\/?page_id=246"},"modified":"2024-04-22T16:20:12","modified_gmt":"2024-04-22T16:20:12","slug":"explotacion-y-abuso-sexual-por-parte-de-trabajadores-humanitarios","status":"publish","type":"page","link":"https:\/\/help.unhcr.org\/honduras\/explotacion-y-abuso-sexual-por-parte-de-trabajadores-humanitarios\/","title":{"rendered":"Explotaci\u00f3n y abuso sexual por parte de trabajadores humanitarios\u00a0"},"content":{"rendered":"\n<p class=\"has-text-color has-background has-link-color has-medium-font-size wp-elements-2da965752acff32c14aa4a64fe17fd11\" style=\"color:#faeb00;background-color:#0072bc\">Recuerda que <strong>todos nuestros servicios son GRATUITOS<\/strong>. Para m\u00e1s informaci\u00f3n, visita la secci\u00f3n: <strong>Cuidado con el fraude<\/strong>.<\/p>\n\n\n\n<p>La explotaci\u00f3n y el abuso sexual son situaciones donde los\/as trabajadores\/as humanitarios\/as abusan de su posici\u00f3n de poder o de la confianza de personas con necesidades de protecci\u00f3n (desplazadas o en riesgo de desplazamiento forzado, solicitantes de asilo, refugiadas y retornadas), para obtener a cambio favores de naturaleza sexual.&nbsp;<\/p>\n\n\n\n<p>Las y los trabajadores humanitarios tienen <strong>PROHIBIDO<\/strong>:&nbsp;<\/p>\n\n\n\n<ul class=\"wp-block-list\">\n<li>Hostigar sexualmente a una persona beneficiaria (debido a la desigualdad de poder esto se considerar\u00e1 explotaci\u00f3n o abuso sexual seg\u00fan las particularidades del caso).&nbsp;<\/li>\n\n\n\n<li>Ofrecer dinero, empleo, bienes o servicios a cambio de favores sexuales. (Por ejemplo, condicionar la entrega de kits, comida, ropa o refugio a cambio de favores sexuales).&nbsp;<\/li>\n\n\n\n<li>Sostener una relaci\u00f3n de \u00edndole sexual con personas beneficiarias o a quienes se est\u00e1 brindando asistencia humanitaria.&nbsp;<\/li>\n\n\n\n<li>Mantener cualquier tipo de conducta sexual con personas menores de 18 a\u00f1os, aprovech\u00e1ndose de su situaci\u00f3n de vulnerabilidad.&nbsp;<\/li>\n\n\n\n<li>Encubrir un caso de explotaci\u00f3n y\/o abuso sexual.&nbsp;<\/li>\n<\/ul>\n\n\n\n<p class=\"has-text-align-center has-background\" style=\"background-color:#fdf799\">? <strong>Todos estos actos est\u00e1n prohibidos, aun cuando se apele a la voluntad de la v\u00edctima.&nbsp; Si usted fue v\u00edctima de explotaci\u00f3n sexual o abuso sexual, o si conoce a alguien que lo fue, \u00a1denuncie!&nbsp;<\/strong>&nbsp;<\/p>\n\n\n\n<p class=\"has-text-align-center\">Si conoce o sospecha que alguien del personal humanitario comete un acto de explotaci\u00f3n y\/o abuso sexual, <strong>den\u00fancielo<\/strong>.&nbsp;<\/p>\n","protected":false},"excerpt":{"rendered":"<p>Recuerda que todos nuestros servicios son GRATUITOS. Para m\u00e1s informaci\u00f3n, visita la secci\u00f3n: Cuidado con el fraude. La explotaci\u00f3n y el abuso sexual son situaciones donde los\/as trabajadores\/as humanitarios\/as abusan de su posici\u00f3n de poder o de la confianza de personas con necesidades de protecci\u00f3n (desplazadas o en riesgo de desplazamiento forzado, solicitantes de asilo, [&hellip;]<\/p>\n","protected":false},"author":437,"featured_media":0,"parent":0,"menu_order":8,"comment_status":"closed","ping_status":"closed","template":"page-templates\/sectioned.php","meta":{"_acf_changed":false,"footnotes":""},"class_list":["post-246","page","type-page","status-publish","hentry"],"acf":[],"_links":{"self":[{"href":"https:\/\/help.unhcr.org\/honduras\/wp-json\/wp\/v2\/pages\/246","targetHints":{"allow":["GET"]}}],"collection":[{"href":"https:\/\/help.unhcr.org\/honduras\/wp-json\/wp\/v2\/pages"}],"about":[{"href":"https:\/\/help.unhcr.org\/honduras\/wp-json\/wp\/v2\/types\/page"}],"author":[{"embeddable":true,"href":"https:\/\/help.unhcr.org\/honduras\/wp-json\/wp\/v2\/users\/437"}],"replies":[{"embeddable":true,"href":"https:\/\/help.unhcr.org\/honduras\/wp-json\/wp\/v2\/comments?post=246"}],"version-history":[{"count":6,"href":"https:\/\/help.unhcr.org\/honduras\/wp-json\/wp\/v2\/pages\/246\/revisions"}],"predecessor-version":[{"id":333,"href":"https:\/\/help.unhcr.org\/honduras\/wp-json\/wp\/v2\/pages\/246\/revisions\/333"}],"wp:attachment":[{"href":"https:\/\/help.unhcr.org\/honduras\/wp-json\/wp\/v2\/media?parent=246"}],"curies":[{"name":"wp","href":"https:\/\/api.w.org\/{rel}","templated":true}]}}