{"id":117,"date":"2020-04-04T09:55:47","date_gmt":"2020-04-04T09:55:47","guid":{"rendered":"http:\/\/help.unhcr.org\/honduras\/?page_id=117"},"modified":"2024-07-05T23:06:17","modified_gmt":"2024-07-05T23:06:17","slug":"accesso-a-otros-derechos","status":"publish","type":"page","link":"https:\/\/help.unhcr.org\/honduras\/accesso-a-otros-derechos\/","title":{"rendered":"Acceso a otros derechos"},"content":{"rendered":"\n<p class=\"has-text-color has-background has-link-color has-medium-font-size wp-elements-2da965752acff32c14aa4a64fe17fd11\" style=\"color:#faeb00;background-color:#0072bc\">Recuerda que <strong>todos nuestros servicios son GRATUITOS<\/strong>. Para m\u00e1s informaci\u00f3n, visita la secci\u00f3n: <strong>Cuidado con el fraude<\/strong>.<\/p>\n\n\n\n<p>De acuerdo con la legislaci\u00f3n hondure\u00f1a, las personas refugiadas en territorio hondure\u00f1o tienen derecho a:&nbsp;<\/p>\n\n\n\n<ul class=\"wp-block-list\">\n<li><strong>Solicitar la reunificaci\u00f3n familiar<\/strong>: Toda persona refugiada tiene derecho a obtener la reunificaci\u00f3n familiar con los parientes que conforman dicho grupo, la cual se sustentar\u00eda en criterios de consanguinidad, afinidad o dependencia, de acuerdo con lo establecido en el Reglamento de la Ley de Migraci\u00f3n y Extranjer\u00eda de Honduras. Estas solicitudes deber\u00e1n presentarse por escrito y ser\u00e1n consideradas de especial inter\u00e9s y prioridad para el Estado Hondure\u00f1o.\u00a0<\/li>\n\n\n\n<li><strong>Convivencia e inserci\u00f3n local<\/strong>: Las autoridades hondure\u00f1as brindar\u00e1n a las personas refugiadas las facilidades y el tratamiento adecuado que les permita la convivencia y la inserci\u00f3n en la sociedad hondure\u00f1a.\u00a0<\/li>\n\n\n\n<li><strong>Autorizaci\u00f3n para viajar<\/strong>: La persona refugiada que desee viajar al exterior presentar\u00e1 solicitud al Instituto Nacional de Migraci\u00f3n y Extranjer\u00eda, la cual expedir\u00e1 el respectivo documento de viaje. No se proceder\u00e1 a su expedici\u00f3n cuando existan razones de seguridad nacional o de orden p\u00fablico claramente justificadas.<\/li>\n\n\n\n<li><strong>Repatriaci\u00f3n voluntaria<\/strong>: El retorno de las personas refugiadas debe ser voluntario \u2013 sin ning\u00fan tipo de coerci\u00f3n f\u00edsica, psicol\u00f3gica o material que los obligue a repatriarse. De igual forma, el retorno debe darse en condiciones de seguridad y dignidad. Cada individuo \u2013 incluso cada miembro de la familia \u2013 debe tener la oportunidad de elegir si retorna o no. Se debe siempre proporcionar a las personas desarraigadas informaci\u00f3n precisa sobre la situaci\u00f3n prevaleciente en su pa\u00eds con el fin de que puedan tomar una decisi\u00f3n fundamentada y determinar si desean regresar y cu\u00e1ndo quieren hacerlo. Esta informaci\u00f3n se debe proporcionar con el fin de facilitar a los refugiados la toma de dicha decisi\u00f3n. Las autoridades responsables velar\u00e1n porque la repatriaci\u00f3n se realice en condiciones de seguridad y respeto hacia la persona. Si luego de su repatriaci\u00f3n voluntaria, la persona desea solicitar nuevamente la condici\u00f3n de refugiado en Honduras, podr\u00e1 hacerlo de conformidad a lo establecido en esta Ley y su Reglamentos.\u00a0<\/li>\n<\/ul>\n","protected":false},"excerpt":{"rendered":"<p>Recuerda que todos nuestros servicios son GRATUITOS. Para m\u00e1s informaci\u00f3n, visita la secci\u00f3n: Cuidado con el fraude. De acuerdo con la legislaci\u00f3n hondure\u00f1a, las personas refugiadas en territorio hondure\u00f1o tienen derecho a:&nbsp;<\/p>\n","protected":false},"author":1,"featured_media":0,"parent":0,"menu_order":4,"comment_status":"closed","ping_status":"closed","template":"page-templates\/listing_page.php","meta":{"_acf_changed":false,"footnotes":""},"class_list":["post-117","page","type-page","status-publish","hentry"],"acf":[],"_links":{"self":[{"href":"https:\/\/help.unhcr.org\/honduras\/wp-json\/wp\/v2\/pages\/117","targetHints":{"allow":["GET"]}}],"collection":[{"href":"https:\/\/help.unhcr.org\/honduras\/wp-json\/wp\/v2\/pages"}],"about":[{"href":"https:\/\/help.unhcr.org\/honduras\/wp-json\/wp\/v2\/types\/page"}],"author":[{"embeddable":true,"href":"https:\/\/help.unhcr.org\/honduras\/wp-json\/wp\/v2\/users\/1"}],"replies":[{"embeddable":true,"href":"https:\/\/help.unhcr.org\/honduras\/wp-json\/wp\/v2\/comments?post=117"}],"version-history":[{"count":8,"href":"https:\/\/help.unhcr.org\/honduras\/wp-json\/wp\/v2\/pages\/117\/revisions"}],"predecessor-version":[{"id":355,"href":"https:\/\/help.unhcr.org\/honduras\/wp-json\/wp\/v2\/pages\/117\/revisions\/355"}],"wp:attachment":[{"href":"https:\/\/help.unhcr.org\/honduras\/wp-json\/wp\/v2\/media?parent=117"}],"curies":[{"name":"wp","href":"https:\/\/api.w.org\/{rel}","templated":true}]}}