{"id":97,"date":"2018-05-08T13:26:01","date_gmt":"2018-05-08T13:26:01","guid":{"rendered":"http:\/\/help.unhcr.org\/guatemala\/?page_id=97"},"modified":"2023-06-14T16:03:41","modified_gmt":"2023-06-14T16:03:41","slug":"solicitar-la-condicion-de-refugiado","status":"publish","type":"page","link":"https:\/\/help.unhcr.org\/guatemala\/solicitando-la-condicion-de-refugiado\/solicitar-la-condicion-de-refugiado\/","title":{"rendered":"El proceso de solicitud de la condici\u00f3n de refugiado en Guatemala"},"content":{"rendered":"<h2><strong>La solicitud<\/strong><\/h2>\n<p>La solicitud inicial se puede realizar de forma escrita o verbal, en los puestos de control migratorio en las fronteras terrestres, a\u00e9reas o mar\u00edtimas. Tambi\u00e9n en las oficinas del Departamento de Reconocimiento de Estatus de Refugiado (DRER) en Ciudad de Guatemala. Despu\u00e9s de la solicitud inicial, se debe formalizar el proceso en las oficinas del DRER llenando un formulario que explica las situaciones que obligaron a la persona a huir de su pa\u00eds.&nbsp;<\/p>\n<p>Seguidamente el IGM emitir\u00e1 un<strong>&nbsp;Estatus de Permanencia Provisional&nbsp;<\/strong>que debe ser renovado cada 30 d\u00edas<\/p>\n<h2><strong>Entrevista<\/strong><\/h2>\n<p style=\"margin: 0in;text-align: justify;background: #FEFEFE;vertical-align: baseline\"><span lang=\"ES-GT\" style=\"font-size: 11.0pt;font-family: 'Lato',sans-serif;color: #404040\">Entrevista: Dos semanas despu\u00e9s de la solicitud formal, el DRER le har\u00e1 una entrevista a la persona solicitante de la condici\u00f3n de refugiado para que pueda explicar a detalle por qu\u00e9 sali\u00f3 de su pa\u00eds de origen. Toda la informaci\u00f3n compartida es confidencial, la cual ser\u00e1 investigada y verificada.<\/span><\/p>\n<h2><strong>An\u00e1lisis de expediente<\/strong><\/h2>\n<p style=\"margin: 0in;text-align: justify;background: #FEFEFE;vertical-align: baseline\"><span lang=\"ES-GT\" style=\"font-size: 11.0pt;font-family: 'Lato',sans-serif;color: #404040\">La Comisi\u00f3n Nacional para Refugiados (CONARE) conocer\u00e1 el caso y en un plazo de 30 d\u00edas emitir\u00e1 una recomendaci\u00f3n, opini\u00f3n o sugerencia a la Autoridad Migratoria Nacional (AMN).<\/span><\/p>\n\n\n<h2 class=\"wp-block-heading\"><strong>Resoluci\u00f3n<\/strong><\/h2>\n\n\n\n<p>La AMN determinar\u00e1 aprobar o rechazar la solicitud del estatuto de refugiado.<\/p>\n\n\n\n<h2 class=\"wp-block-heading\"><strong>Notificaci\u00f3n de la resoluci\u00f3n<\/strong><\/h2>\n\n\n\n<p>Si es favorable, se debe tramitar la residencia temporal de refugiado. Si es negativa, se puede plantear un recurso de reposici\u00f3n en un plazo de 10 d\u00edas. La AMN debe informar de la decisi\u00f3n final en 5 d\u00edas.<\/p>\n\n\n\n<p class=\"has-text-align-center has-black-color has-luminous-vivid-amber-background-color has-text-color has-background has-medium-font-size\"><strong>Si la AMN vuelve a resolver negativamente, el proceso puede ser llevado a los tribunales para revisar la decisi\u00f3n por v\u00eda judicial.<\/strong><\/p>\n\n\n<p><img loading=\"lazy\" decoding=\"async\" class=\"alignnone size-full wp-image-472\" src=\"https:\/\/help.unhcr.org\/guatemala\/wp-content\/uploads\/sites\/23\/2021\/08\/Como-solicitar-la-condicion-de-refugiado-en-Guatemala-scaled.jpg\" alt=\"\" width=\"1872\" height=\"2560\" srcset=\"https:\/\/help.unhcr.org\/guatemala\/wp-content\/uploads\/sites\/23\/2021\/08\/Como-solicitar-la-condicion-de-refugiado-en-Guatemala-scaled.jpg 1872w, https:\/\/help.unhcr.org\/guatemala\/wp-content\/uploads\/sites\/23\/2021\/08\/Como-solicitar-la-condicion-de-refugiado-en-Guatemala-219x300.jpg 219w, https:\/\/help.unhcr.org\/guatemala\/wp-content\/uploads\/sites\/23\/2021\/08\/Como-solicitar-la-condicion-de-refugiado-en-Guatemala-749x1024.jpg 749w, https:\/\/help.unhcr.org\/guatemala\/wp-content\/uploads\/sites\/23\/2021\/08\/Como-solicitar-la-condicion-de-refugiado-en-Guatemala-768x1050.jpg 768w, https:\/\/help.unhcr.org\/guatemala\/wp-content\/uploads\/sites\/23\/2021\/08\/Como-solicitar-la-condicion-de-refugiado-en-Guatemala-1123x1536.jpg 1123w, https:\/\/help.unhcr.org\/guatemala\/wp-content\/uploads\/sites\/23\/2021\/08\/Como-solicitar-la-condicion-de-refugiado-en-Guatemala-1498x2048.jpg 1498w\" sizes=\"auto, (max-width: 1872px) 100vw, 1872px\" \/><\/p>","protected":false},"excerpt":{"rendered":"<p>La solicitud La solicitud inicial se puede realizar de forma escrita o verbal, en los puestos de control migratorio en las fronteras terrestres, a\u00e9reas o mar\u00edtimas. Tambi\u00e9n en las oficinas del Departamento de Reconocimiento de Estatus de Refugiado (DRER) en Ciudad de Guatemala. Despu\u00e9s de la solicitud inicial, se debe formalizar el proceso en las [&hellip;]<\/p>\n","protected":false},"author":1,"featured_media":0,"parent":93,"menu_order":0,"comment_status":"closed","ping_status":"closed","template":"","meta":{"_acf_changed":false,"footnotes":""},"class_list":["post-97","page","type-page","status-publish","hentry"],"acf":[],"_links":{"self":[{"href":"https:\/\/help.unhcr.org\/guatemala\/wp-json\/wp\/v2\/pages\/97","targetHints":{"allow":["GET"]}}],"collection":[{"href":"https:\/\/help.unhcr.org\/guatemala\/wp-json\/wp\/v2\/pages"}],"about":[{"href":"https:\/\/help.unhcr.org\/guatemala\/wp-json\/wp\/v2\/types\/page"}],"author":[{"embeddable":true,"href":"https:\/\/help.unhcr.org\/guatemala\/wp-json\/wp\/v2\/users\/1"}],"replies":[{"embeddable":true,"href":"https:\/\/help.unhcr.org\/guatemala\/wp-json\/wp\/v2\/comments?post=97"}],"version-history":[{"count":19,"href":"https:\/\/help.unhcr.org\/guatemala\/wp-json\/wp\/v2\/pages\/97\/revisions"}],"predecessor-version":[{"id":2429,"href":"https:\/\/help.unhcr.org\/guatemala\/wp-json\/wp\/v2\/pages\/97\/revisions\/2429"}],"up":[{"embeddable":true,"href":"https:\/\/help.unhcr.org\/guatemala\/wp-json\/wp\/v2\/pages\/93"}],"wp:attachment":[{"href":"https:\/\/help.unhcr.org\/guatemala\/wp-json\/wp\/v2\/media?parent=97"}],"curies":[{"name":"wp","href":"https:\/\/api.w.org\/{rel}","templated":true}]}}