{"id":85,"date":"2018-05-08T12:48:36","date_gmt":"2018-05-08T12:48:36","guid":{"rendered":"http:\/\/help.unhcr.org\/guatemala\/?page_id=85"},"modified":"2023-06-14T16:28:48","modified_gmt":"2023-06-14T16:28:48","slug":"peten-asistencia","status":"publish","type":"page","link":"https:\/\/help.unhcr.org\/guatemala\/donde-encontrar-ayuda\/peten-asistencia\/","title":{"rendered":"Asistencia en Pet\u00e9n"},"content":{"rendered":"<h2>M\u00f3dulo de Atenci\u00f3n al Migrante Terminal de Buses Nueva de Santa Elena<\/h2>\n<p>Punto de informaci\u00f3n y asistencia a personas solicitantes de asilo, refugiadas y migrantes por parte de la Cruz Roja Guatemalteca, Refugio de la Ni\u00f1ez, PDH, SVET, OIM y ACNUR. Adicional, tienes puntos de carga de tel\u00e9fonos y acceso a internet.<\/p>\n<p>Est\u00e1 ubicada en la entrada principal de la Terminal, a donde llegan todos los buses de rutas largas y microbuses de rutas cortas. Adicional, tienes puntos de carga de tel\u00e9fonos y acceso a internet.<\/p>\n<p><strong>Direcci\u00f3n:<\/strong> 6\u00aa Avenida, Zona 2, Santa Elena, Pet\u00e9n<br \/>\n<strong>Horario:<\/strong> lunes a viernes de 8:00 am a 4:30 pm<br \/>\n<strong>Cruz Roja Guatemalteca:<\/strong> lunes a viernes de 08:00 am a 12:00 pm y de 03:00 pm a 08:00 pm<\/p>\n<h2>Casa del Migrante Bethania del Vicariato Apost\u00f3lico de Pet\u00e9n<\/h2>\n<p>Punto de informaci\u00f3n y asistencia a personas solicitantes de asilo, refugiadas y migrantes.<\/p>\n<p><strong>Asistencia y servicios disponibles:<\/strong><\/p>\n<ul>\n<li>Albergue.<\/li>\n<li>Sanitario.<\/li>\n<li>Duchas.<\/li>\n<li>Ropa.<\/li>\n<li>Alimentaci\u00f3n.<\/li>\n<li>Asesor\u00eda legal.<\/li>\n<li>Atenci\u00f3n m\u00e9dica y psicol\u00f3gica.<\/li>\n<li>Llamadas telef\u00f3nicas.<\/li>\n<li>Kits de asistencia humanitaria.<\/li>\n<\/ul>\n<p><strong>Tel\u00e9fono:&nbsp;<\/strong>(502) 5015 \u2013 0683 y 5975-7710<br \/>\n<strong>Direcci\u00f3n: <\/strong>Barrio Antigua Poblaci\u00f3n, Frente a Escuela Oficial Marta Rosa Morales, Santa Elena, Flores, Pet\u00e9n<br \/>\n<strong>Horario: <\/strong>lunes a viernes 6:00 am a 9:00 pm. Fuera de este horario, eventualmente, cuando llegan personas, hay atenci\u00f3n de hospedaje brindada por el guardi\u00e1n de lunes a domingo.<\/p>\n<h2>Parroquia San Mart\u00edn de Porres, Pet\u00e9n<\/h2>\n<p>Punto de informaci\u00f3n y asistencia a personas solicitantes de asilo, refugiadas y migrantes.<\/p>\n<p><strong>Asistencia y servicios disponibles:<\/strong><\/p>\n<ul>\n<li>Informaci\u00f3n.<\/li>\n<li>Albergue.<\/li>\n<li>Sanitarios y ducha.<\/li>\n<\/ul>\n<p><strong>Tel:&nbsp;<\/strong>(+502) 4728-8483<\/p>\n<p><strong>Direcci\u00f3n:&nbsp;<\/strong>Frontera con Belice, Frente al Parque Central de Melchor de Mencos, Pet\u00e9n<br \/>\n<strong>Horario:<\/strong> Lunes a viernes 8:00 am a 5:00 pm. Se brinda atenci\u00f3n por la noche a trav\u00e9s del guardi\u00e1n de la parroquia y\/o personas voluntarias, seg\u00fan se requiera.<\/p>\n<h2>Punto de Atenci\u00f3n Frontera Bethel-La T\u00e9cnica<\/h2>\n<p>Punto de informaci\u00f3n y asistencia a personas solicitantes de asilo, refugiadas y migrantes.<\/p>\n<p><strong>Asistencia y servicios disponibles:<\/strong><\/p>\n<ul>\n<li>Informaci\u00f3n.<\/li>\n<li>Llamadas telef\u00f3nicas.<\/li>\n<li>Atenci\u00f3n m\u00e9dica.<\/li>\n<\/ul>\n<p><strong>Tel\u00e9fono: <\/strong>(+502) 5937-0641<br \/>\n<strong>Direcci\u00f3n: <\/strong>Cooperativa T\u00e9cnica Agropecuaria, Las Cruces, Pet\u00e9n.<br \/>\n<strong>Horario: <\/strong>Lunes de 11:00 a.m. a 8:00 p.m.&nbsp; Martes a jueves: 7:00 a.m. a 8:00 p.m., viernes: 7:00 a.m. a 2:00 p.m. Ocasionalmente se facilita atenci\u00f3n los fines de semana a trav\u00e9s de voluntarios, dependiendo de la disponibilidad y sin horario oficial.<\/p>\n<h2>Punto de Atenci\u00f3n Frontera El Ceibo<\/h2>\n<p>Punto de informaci\u00f3n y asistencia a personas solicitantes de asilo, refugiadas y migrantes.<\/p>\n<p><strong>Asistencia y servicios disponibles:<\/strong><\/p>\n<ul>\n<li>Informaci\u00f3n.<\/li>\n<li>Llamadas telef\u00f3nicas.<\/li>\n<li>Kits de asistencia humanitaria.<\/li>\n<li>Albergue.<\/li>\n<li>Sanitarios y duchas.<\/li>\n<li>Alimentaci\u00f3n.<\/li>\n<\/ul>\n<p><strong>Tel\u00e9fono: <\/strong>(+502) 4748-5962<br \/>\n<strong>Direcci\u00f3n: <\/strong>Aldea El Ceibo, La Libertad, Pet\u00e9n<br \/>\n<strong>Horario: <\/strong>Lunes a viernes 8:00 a.m. a 4:00 p.m.<br \/>\nSeg\u00fan disponibilidad del personal voluntario: lunes a domingo, las 24 horas, cuando sea requerido y\/o referido el apoyo o atenci\u00f3n<\/p>\n<h2>Punto de Atenci\u00f3n Frontera El Naranjo<\/h2>\n<p>Punto de informaci\u00f3n y asistencia a personas solicitantes de asilo, refugiadas y migrantes.<\/p>\n<p><strong>Asistencia y servicios disponibles:<\/strong><\/p>\n<ul>\n<li>Informaci\u00f3n.<\/li>\n<li>Llamadas telef\u00f3nicas.<\/li>\n<li>Atenci\u00f3n m\u00e9dica.<\/li>\n<\/ul>\n<p><strong>Tel\u00e9fono: <\/strong>(502) 5937-0641<br \/>\n<strong>Direcci\u00f3n: <\/strong>El Naranjo, Las Cruces, Pet\u00e9n.<br \/>\n<strong>Horario: <\/strong>Lunes de 11:00 a.m. a 8:00 p.m.; martes a jueves: 7:00 a.m. a 8:00 p.m., viernes: 7:00 a.m. a 2:00 p.m. Ocasionalmente se facilita atenci\u00f3n los fines de semana a trav\u00e9s de voluntarios, dependiendo de la disponibilidad y sin horario oficial.<\/p>\n<h2>M\u00f3dulo de Atenci\u00f3n de Cruz Roja Guatemalteca, Frontera Bethel \u2013 La T\u00e9cnica, Pet\u00e9n<\/h2>\n<p>Punto de informaci\u00f3n y asistencia a personas solicitantes de asilo, refugiadas y migrantes.<\/p>\n<p><strong>Servicios disponibles:<\/strong><\/p>\n<ul>\n<li>Llamadas telef\u00f3nicas gratuitas<\/li>\n<li>Atenci\u00f3n prehospitalaria<\/li>\n<li>Entrega de una merienda<\/li>\n<\/ul>\n<p><strong>T<\/strong><strong>el\u00e9fonos: <\/strong>(+502) 4786-3864 y (502) 3752-0012<br \/>\n<strong>Direcci\u00f3n: <\/strong>Frontera Bethel \u2013 La T\u00e9cnica, Pet\u00e9n<br \/>\n<strong>Horario:<\/strong> Lunes a domingo 8:30 a.m. a 5:30 p.m.<\/p>\n<h2>Asociaci\u00f3n El Refugio de la Ni\u00f1ez ONG<\/h2>\n<p>Punto de informaci\u00f3n y asistencia a personas solicitantes de asilo, refugiadas y migrantes.<\/p>\n<p>Est\u00e1 ubicada dos calles atr\u00e1s de la Terminal Nueva de Buses de Santa Elena, en el antiguo Juzgado de la Mujer, cerca de Auto vidrios del Norte. Es una casa color blanco-hueso con port\u00f3n negro.<\/p>\n<p><strong>Tel\u00e9fonos:<\/strong>&nbsp;(+502) 7926-3806 y (+502) 7926-3805<br \/>\n<strong>Direcci\u00f3n:<\/strong>&nbsp;8\u00aa Avenida 365, Zona 2, Santa Elena, Pet\u00e9n<br \/>\n<strong>Horario:<\/strong> lunes a viernes de 8:00 am a 2:00 pm.<br \/>\n<strong>Atenci\u00f3n de casos urgentes: <\/strong>(+502) 4941-2365 \u2013 todos los d\u00edas de la semana.<\/p>\n","protected":false},"excerpt":{"rendered":"<p>M\u00f3dulo de Atenci\u00f3n al Migrante Terminal de Buses Nueva de Santa Elena Punto de informaci\u00f3n y asistencia a personas solicitantes de asilo, refugiadas y migrantes por parte de la Cruz Roja Guatemalteca, Refugio de la Ni\u00f1ez, PDH, SVET, OIM y ACNUR. Adicional, tienes puntos de carga de tel\u00e9fonos y acceso a internet. Est\u00e1 ubicada en [&hellip;]<\/p>\n","protected":false},"author":1,"featured_media":0,"parent":75,"menu_order":4,"comment_status":"closed","ping_status":"closed","template":"","meta":{"_acf_changed":false,"footnotes":""},"class_list":["post-85","page","type-page","status-publish","hentry"],"acf":[],"_links":{"self":[{"href":"https:\/\/help.unhcr.org\/guatemala\/wp-json\/wp\/v2\/pages\/85","targetHints":{"allow":["GET"]}}],"collection":[{"href":"https:\/\/help.unhcr.org\/guatemala\/wp-json\/wp\/v2\/pages"}],"about":[{"href":"https:\/\/help.unhcr.org\/guatemala\/wp-json\/wp\/v2\/types\/page"}],"author":[{"embeddable":true,"href":"https:\/\/help.unhcr.org\/guatemala\/wp-json\/wp\/v2\/users\/1"}],"replies":[{"embeddable":true,"href":"https:\/\/help.unhcr.org\/guatemala\/wp-json\/wp\/v2\/comments?post=85"}],"version-history":[{"count":13,"href":"https:\/\/help.unhcr.org\/guatemala\/wp-json\/wp\/v2\/pages\/85\/revisions"}],"predecessor-version":[{"id":2464,"href":"https:\/\/help.unhcr.org\/guatemala\/wp-json\/wp\/v2\/pages\/85\/revisions\/2464"}],"up":[{"embeddable":true,"href":"https:\/\/help.unhcr.org\/guatemala\/wp-json\/wp\/v2\/pages\/75"}],"wp:attachment":[{"href":"https:\/\/help.unhcr.org\/guatemala\/wp-json\/wp\/v2\/media?parent=85"}],"curies":[{"name":"wp","href":"https:\/\/api.w.org\/{rel}","templated":true}]}}