{"id":3348,"date":"2025-06-02T21:18:46","date_gmt":"2025-06-02T21:18:46","guid":{"rendered":"https:\/\/help.unhcr.org\/guatemala\/?page_id=3348"},"modified":"2025-06-02T22:28:51","modified_gmt":"2025-06-02T22:28:51","slug":"permisos-de-trabajo","status":"publish","type":"page","link":"https:\/\/help.unhcr.org\/guatemala\/medios-de-vida-e-inclusion-economica\/permisos-de-trabajo\/","title":{"rendered":"Permisos de trabajo"},"content":{"rendered":"\n<p>EL Ministerio de Trabajo y Previsi\u00f3n Social es el encargado de emitir los permisos de trabajo para extranjero (refugiados y solicitantes de la condici\u00f3n de refugiado) a trav\u00e9s de la Plataforma PEX, debes ingresar al siguiente link:<\/p>\n\n\n\n<div class=\"wp-block-buttons is-content-justification-center is-layout-flex wp-container-core-buttons-is-layout-16018d1d wp-block-buttons-is-layout-flex\">\n<div class=\"wp-block-button\"><a class=\"wp-block-button__link has-white-color has-text-color has-background has-link-color has-medium-font-size has-custom-font-size wp-element-button\" href=\"https:\/\/pex.mintrabajo.gob.gt\/login\" style=\"background-color:#ffbcc1\" target=\"_blank\" rel=\"noreferrer noopener\"><strong>https:\/\/pex.mintrabajo.gob.gt\/login<\/strong><\/a><\/div>\n<\/div>\n\n\n\n<p><\/p>\n\n\n\n<p>Debes tener a la mano los documentos escaneados en formato PDF que solicita el sistema:<\/p>\n\n\n\n<p>Para personas solicitantes de la condici\u00f3n de refugiado:<\/p>\n\n\n\n<ul class=\"wp-block-list\">\n<li>Copia simple de la constancia de estatuto de permanencia provisional vigente.<\/li>\n\n\n\n<li>Copia simple de constancia de solicitud del estatuto de refugiado en el estado de Guatemala.<\/li>\n<\/ul>\n\n\n\n<p>Para personas reconocidas bajo el estatuto de refugiados:<\/p>\n\n\n\n<ul class=\"wp-block-list\">\n<li>Copia simple de documento personal de identificaci\u00f3n DPI (si lo posee)<\/li>\n\n\n\n<li>Copia simple de la resoluci\u00f3n que otorga el estatuto de refugiado o de la constancia de personas reconocidas bajo el estatuto de refugiado<\/li>\n<\/ul>\n\n\n\n<p><\/p>\n","protected":false},"excerpt":{"rendered":"<p>EL Ministerio de Trabajo y Previsi\u00f3n Social es el encargado de emitir los permisos de trabajo para extranjero (refugiados y solicitantes de la condici\u00f3n de refugiado) a trav\u00e9s de la Plataforma PEX, debes ingresar al siguiente link: Debes tener a la mano los documentos escaneados en formato PDF que solicita el sistema: Para personas solicitantes [&hellip;]<\/p>\n","protected":false},"author":220,"featured_media":0,"parent":3336,"menu_order":4,"comment_status":"closed","ping_status":"closed","template":"page-templates\/listing_page.php","meta":{"_acf_changed":false,"footnotes":""},"class_list":["post-3348","page","type-page","status-publish","hentry"],"acf":[],"_links":{"self":[{"href":"https:\/\/help.unhcr.org\/guatemala\/wp-json\/wp\/v2\/pages\/3348","targetHints":{"allow":["GET"]}}],"collection":[{"href":"https:\/\/help.unhcr.org\/guatemala\/wp-json\/wp\/v2\/pages"}],"about":[{"href":"https:\/\/help.unhcr.org\/guatemala\/wp-json\/wp\/v2\/types\/page"}],"author":[{"embeddable":true,"href":"https:\/\/help.unhcr.org\/guatemala\/wp-json\/wp\/v2\/users\/220"}],"replies":[{"embeddable":true,"href":"https:\/\/help.unhcr.org\/guatemala\/wp-json\/wp\/v2\/comments?post=3348"}],"version-history":[{"count":8,"href":"https:\/\/help.unhcr.org\/guatemala\/wp-json\/wp\/v2\/pages\/3348\/revisions"}],"predecessor-version":[{"id":3483,"href":"https:\/\/help.unhcr.org\/guatemala\/wp-json\/wp\/v2\/pages\/3348\/revisions\/3483"}],"up":[{"embeddable":true,"href":"https:\/\/help.unhcr.org\/guatemala\/wp-json\/wp\/v2\/pages\/3336"}],"wp:attachment":[{"href":"https:\/\/help.unhcr.org\/guatemala\/wp-json\/wp\/v2\/media?parent=3348"}],"curies":[{"name":"wp","href":"https:\/\/api.w.org\/{rel}","templated":true}]}}