{"id":3346,"date":"2025-06-02T21:12:59","date_gmt":"2025-06-02T21:12:59","guid":{"rendered":"https:\/\/help.unhcr.org\/guatemala\/?page_id=3346"},"modified":"2025-06-02T22:31:16","modified_gmt":"2025-06-02T22:31:16","slug":"acceso-a-servicios-financieros","status":"publish","type":"page","link":"https:\/\/help.unhcr.org\/guatemala\/medios-de-vida-e-inclusion-economica\/acceso-a-servicios-financieros\/","title":{"rendered":"Acceso a servicios financieros\u00a0\u00a0\u00a0\u00a0\u00a0\u00a0\u00a0\u00a0\u00a0 \u00a0"},"content":{"rendered":"\n<h2 class=\"wp-block-heading has-vivid-cyan-blue-color has-text-color has-link-color wp-elements-89e56ddcddfda50eb74e43fd983cd967\">Apertura de cuentas bancarias requisitos:<\/h2>\n\n\n\n<p>Si eres una persona refugiada o solicitante de la condici\u00f3n de refugiado en Guatemala, puedes abrir una cuenta de banco presentando los siguientes requisitos:<\/p>\n\n\n<ul>\n<li>Documento Personal de Identidad Especial (DPI E) en original y vigente.\u00a0<\/li>\n<li>Estatus de Permanencia Provisional (EPP) vigente. Puede ser copia y aplica solo para solicitantes de la condici\u00f3n de refugiado.<\/li>\n<li>Recibo de energ\u00eda el\u00e9ctrica o agua (que incluya direcci\u00f3n del lugar donde vive).<\/li>\n<\/ul>\n\n\n<p>Toma nota que si eres una persona solicitante de la condici\u00f3n de refugiado solo podr\u00e1s aperturar tu cuenta bancaria en las siguientes agencias de Banco Industrial:<\/p>\n\n\n\n<figure class=\"wp-block-table is-style-stripes\"><table><thead><tr><th>No.<\/th><th>Departamento<\/th><th>Municipio<\/th><th>Direcci\u00f3n<\/th><\/tr><\/thead><tbody><tr><td>1<\/td><td>Guatemala<\/td><td>Ciudad<\/td><td>7a Ave 5-10 zona 4 Centro Financiero Torre I Nivel 1 Agencia Central&nbsp;<\/td><\/tr><tr><td>2<\/td><td>Quetzaltenango<\/td><td>Quetzaltenango<\/td><td>4\u00aa&nbsp; calle 11-38 zona 1<\/td><\/tr><tr><td>3<\/td><td>San Marcos<\/td><td>Ayutla<\/td><td>1\u00aa avenida entre 4 y 5 calle zona 1<\/td><\/tr><tr><td>4<\/td><td>Huehuetenango<\/td><td>Huehuetenango<\/td><td>6\u00aa avenida 1-26 zona 1<\/td><\/tr><tr><td>5<\/td><td>Jutiapa<\/td><td>Asunci\u00f3n Mita<\/td><td>2\u00aa calle entre 4 y 5 avenida zona 1<\/td><\/tr><tr><td>6<\/td><td>Chiquimula<\/td><td>Esquipulas<\/td><td>3\u00aa avenida Calle principal y 9 calle zona 1<\/td><\/tr><tr><td>7<\/td><td>Pet\u00e9n<\/td><td>Flores<\/td><td>C. C. Metro Plaza Mundo Maya, local 20, Sta. Elena, Flores, Pet\u00e9n<\/td><\/tr><tr><td>8<\/td><td>Izabal<\/td><td>Puerto Barrios<\/td><td>7a. Ave Entre 7a. Y 8a. Calle, Norte No. 73 Puerto Barrios<\/td><\/tr><tr><td>9<\/td><td>Alta Verapaz<\/td><td>Cob\u00e1n<\/td><td>1a. Calle 15-20, zona 2 CC Plaza Magdalena<\/td><\/tr><\/tbody><\/table><\/figure>\n\n\n\n<p><\/p>\n\n\n\n<p>Si necesitas informaci\u00f3n adicional, orientaci\u00f3n o apoyo para aperturar tu cuenta recuerda que puedes contactarnos al correo electr\u00f3nico: <a href=\"mailto:guagumdv@unhcr.org\">guagumdv@unhcr.org<\/a><\/p>\n\n\n\n<h2 class=\"wp-block-heading has-vivid-cyan-blue-color has-text-color has-link-color wp-elements-2b68ded11c785746cf3df29177c3bb58\">Acceso a Microcr\u00e9dito<\/h2>\n\n\n\n<p>Y si eres una mujer emprendedora y tu negocio ya genera ingresos puedes solicitar cr\u00e9dito de peque\u00f1os capitales semilla a trav\u00e9s de PROMUJER <a href=\"https:\/\/promujer.org\/gt\/es\/\" target=\"_blank\" rel=\"noreferrer noopener\">https:\/\/promujer.org\/gt\/es\/<\/a> (tu emprendimiento debe estar establecido y funcionando para acceder al microcr\u00e9dito).<\/p>\n\n\n\n<p><\/p>\n\n\n\n<p><\/p>\n","protected":false},"excerpt":{"rendered":"<p>Apertura de cuentas bancarias requisitos: Si eres una persona refugiada o solicitante de la condici\u00f3n de refugiado en Guatemala, puedes abrir una cuenta de banco presentando los siguientes requisitos: Documento Personal de Identidad Especial (DPI E) en original y vigente.\u00a0 Estatus de Permanencia Provisional (EPP) vigente. Puede ser copia y aplica solo para solicitantes de [&hellip;]<\/p>\n","protected":false},"author":220,"featured_media":0,"parent":3336,"menu_order":3,"comment_status":"closed","ping_status":"closed","template":"page-templates\/listing_page.php","meta":{"_acf_changed":false,"footnotes":""},"class_list":["post-3346","page","type-page","status-publish","hentry"],"acf":[],"_links":{"self":[{"href":"https:\/\/help.unhcr.org\/guatemala\/wp-json\/wp\/v2\/pages\/3346","targetHints":{"allow":["GET"]}}],"collection":[{"href":"https:\/\/help.unhcr.org\/guatemala\/wp-json\/wp\/v2\/pages"}],"about":[{"href":"https:\/\/help.unhcr.org\/guatemala\/wp-json\/wp\/v2\/types\/page"}],"author":[{"embeddable":true,"href":"https:\/\/help.unhcr.org\/guatemala\/wp-json\/wp\/v2\/users\/220"}],"replies":[{"embeddable":true,"href":"https:\/\/help.unhcr.org\/guatemala\/wp-json\/wp\/v2\/comments?post=3346"}],"version-history":[{"count":12,"href":"https:\/\/help.unhcr.org\/guatemala\/wp-json\/wp\/v2\/pages\/3346\/revisions"}],"predecessor-version":[{"id":3486,"href":"https:\/\/help.unhcr.org\/guatemala\/wp-json\/wp\/v2\/pages\/3346\/revisions\/3486"}],"up":[{"embeddable":true,"href":"https:\/\/help.unhcr.org\/guatemala\/wp-json\/wp\/v2\/pages\/3336"}],"wp:attachment":[{"href":"https:\/\/help.unhcr.org\/guatemala\/wp-json\/wp\/v2\/media?parent=3346"}],"curies":[{"name":"wp","href":"https:\/\/api.w.org\/{rel}","templated":true}]}}