{"id":3343,"date":"2025-06-02T21:22:38","date_gmt":"2025-06-02T21:22:38","guid":{"rendered":"https:\/\/help.unhcr.org\/guatemala\/?page_id=3343"},"modified":"2025-06-02T21:50:33","modified_gmt":"2025-06-02T21:50:33","slug":"becas-de-ingles","status":"publish","type":"page","link":"https:\/\/help.unhcr.org\/guatemala\/medios-de-vida-e-inclusion-economica\/becas-de-ingles\/","title":{"rendered":"Becas de ingl\u00e9s"},"content":{"rendered":"\n<p>Si te interesa aprender o mejorar tu nivel de ingl\u00e9s&#8230; puedes inscribirte con DPI de extranjero domiciliado o DPI Especial emitido por el RENAP y titulo de diversificado, puedes ver como registrarte en el siguiente video:<\/p>\n\n\n\n<figure class=\"wp-block-video\"><video controls src=\"https:\/\/view.genially.com\/67ec6b0f88defe39c28995b1\/interactive-content-obseva-l-imagen\"><\/video><\/figure>\n\n\n\n<p><\/p>\n\n\n\n<p>Al finalizar el curso con un 90% de asistencia y aprobar el examen final las personas pueden acceder a un estipendio financiero, ver la p\u00e1gina de MINEDUC en el link de arriba para m\u00e1s informaci\u00f3n.<\/p>\n\n\n\n<div class=\"wp-block-columns is-layout-flex wp-container-core-columns-is-layout-9d6595d7 wp-block-columns-is-layout-flex\">\n<div class=\"wp-block-column is-layout-flow wp-block-column-is-layout-flow\">\n<div class=\"wp-block-buttons is-content-justification-center is-layout-flex wp-container-core-buttons-is-layout-16018d1d wp-block-buttons-is-layout-flex\">\n<div class=\"wp-block-button\"><a class=\"wp-block-button__link has-white-color has-luminous-vivid-orange-background-color has-text-color has-background has-link-color wp-element-button\" href=\"https:\/\/digeex.mineduc.gob.gt\/digeex\/probefi\/\" target=\"_blank\" rel=\"noreferrer noopener\"><strong>Encuentra m\u00e1s informaci\u00f3n aqu\u00ed<\/strong><\/a><\/div>\n<\/div>\n\n\n\n<p><\/p>\n<\/div>\n<\/div>\n\n\n\n<p><\/p>\n\n\n\n<p>IMPORTANTE: En proceso de 3ra cohorte que finaliza en junio 2025.<\/p>\n\n\n\n<p><\/p>\n","protected":false},"excerpt":{"rendered":"<p>Si te interesa aprender o mejorar tu nivel de ingl\u00e9s&#8230; puedes inscribirte con DPI de extranjero domiciliado o DPI Especial emitido por el RENAP y titulo de diversificado, puedes ver como registrarte en el siguiente video: Al finalizar el curso con un 90% de asistencia y aprobar el examen final las personas pueden acceder a [&hellip;]<\/p>\n","protected":false},"author":220,"featured_media":0,"parent":3336,"menu_order":2,"comment_status":"closed","ping_status":"closed","template":"page-templates\/listing_page.php","meta":{"_acf_changed":false,"footnotes":""},"class_list":["post-3343","page","type-page","status-publish","hentry"],"acf":[],"_links":{"self":[{"href":"https:\/\/help.unhcr.org\/guatemala\/wp-json\/wp\/v2\/pages\/3343","targetHints":{"allow":["GET"]}}],"collection":[{"href":"https:\/\/help.unhcr.org\/guatemala\/wp-json\/wp\/v2\/pages"}],"about":[{"href":"https:\/\/help.unhcr.org\/guatemala\/wp-json\/wp\/v2\/types\/page"}],"author":[{"embeddable":true,"href":"https:\/\/help.unhcr.org\/guatemala\/wp-json\/wp\/v2\/users\/220"}],"replies":[{"embeddable":true,"href":"https:\/\/help.unhcr.org\/guatemala\/wp-json\/wp\/v2\/comments?post=3343"}],"version-history":[{"count":9,"href":"https:\/\/help.unhcr.org\/guatemala\/wp-json\/wp\/v2\/pages\/3343\/revisions"}],"predecessor-version":[{"id":3445,"href":"https:\/\/help.unhcr.org\/guatemala\/wp-json\/wp\/v2\/pages\/3343\/revisions\/3445"}],"up":[{"embeddable":true,"href":"https:\/\/help.unhcr.org\/guatemala\/wp-json\/wp\/v2\/pages\/3336"}],"wp:attachment":[{"href":"https:\/\/help.unhcr.org\/guatemala\/wp-json\/wp\/v2\/media?parent=3343"}],"curies":[{"name":"wp","href":"https:\/\/api.w.org\/{rel}","templated":true}]}}