{"id":2775,"date":"2024-07-29T16:27:43","date_gmt":"2024-07-29T16:27:43","guid":{"rendered":"https:\/\/help.unhcr.org\/guatemala\/?page_id=2775"},"modified":"2025-02-12T17:59:59","modified_gmt":"2025-02-12T17:59:59","slug":"que-es-la-violencia-de-genero","status":"publish","type":"page","link":"https:\/\/help.unhcr.org\/guatemala\/violencia-de-genero\/que-es-la-violencia-de-genero\/","title":{"rendered":"Tipos de violencia"},"content":{"rendered":"\n<p>Conoce los tipos de violencia:<\/p>\n\n\n\n<p>? F\u00edsica: Se manifiesta en golpes o cualquier acci\u00f3n que cause da\u00f1o o sufrimiento f\u00edsico. Este tipo de violencia puede terminar en un intento de femicidio.<\/p>\n\n\n\n<p>? Psicol\u00f3gica: Del total de las mujeres que han sufrido violencia, la mitad indica que vivi\u00f3 violencia psicol\u00f3gica.\u00a0 Esta se puede manifestar en insultos, manipulaci\u00f3n, humillaci\u00f3n y cualquier acto que tiene como fin causar da\u00f1o emocional.<\/p>\n\n\n\n<p>? Sexual: Se manifiesta en acoso o abuso sexual, manoseos, realizaci\u00f3n de materiales pornogr\u00e1ficos, violaci\u00f3n y todo acto sexual que no ha sido voluntario o que se consigue por medio de la fuerza o la manipulaci\u00f3n.<\/p>\n\n\n\n<p>? Econ\u00f3mica: toda acci\u00f3n u omisi\u00f3n del agresor que afecta la supervivencia econ\u00f3mica de la v\u00edctima. Se manifiesta a trav\u00e9s de limitaciones encaminadas a controlar el ingreso de sus percepciones econ\u00f3micas, que es utilizada por el agresor para mantener el control sobre la persona.<\/p>\n","protected":false},"excerpt":{"rendered":"<p>Conoce los tipos de violencia: ? F\u00edsica: Se manifiesta en golpes o cualquier acci\u00f3n que cause da\u00f1o o sufrimiento f\u00edsico. Este tipo de violencia puede terminar en un intento de femicidio. ? Psicol\u00f3gica: Del total de las mujeres que han sufrido violencia, la mitad indica que vivi\u00f3 violencia psicol\u00f3gica.\u00a0 Esta se puede manifestar en insultos, [&hellip;]<\/p>\n","protected":false},"author":475,"featured_media":0,"parent":2711,"menu_order":0,"comment_status":"closed","ping_status":"closed","template":"","meta":{"_acf_changed":false,"footnotes":""},"class_list":["post-2775","page","type-page","status-publish","hentry"],"acf":[],"_links":{"self":[{"href":"https:\/\/help.unhcr.org\/guatemala\/wp-json\/wp\/v2\/pages\/2775","targetHints":{"allow":["GET"]}}],"collection":[{"href":"https:\/\/help.unhcr.org\/guatemala\/wp-json\/wp\/v2\/pages"}],"about":[{"href":"https:\/\/help.unhcr.org\/guatemala\/wp-json\/wp\/v2\/types\/page"}],"author":[{"embeddable":true,"href":"https:\/\/help.unhcr.org\/guatemala\/wp-json\/wp\/v2\/users\/475"}],"replies":[{"embeddable":true,"href":"https:\/\/help.unhcr.org\/guatemala\/wp-json\/wp\/v2\/comments?post=2775"}],"version-history":[{"count":4,"href":"https:\/\/help.unhcr.org\/guatemala\/wp-json\/wp\/v2\/pages\/2775\/revisions"}],"predecessor-version":[{"id":3290,"href":"https:\/\/help.unhcr.org\/guatemala\/wp-json\/wp\/v2\/pages\/2775\/revisions\/3290"}],"up":[{"embeddable":true,"href":"https:\/\/help.unhcr.org\/guatemala\/wp-json\/wp\/v2\/pages\/2711"}],"wp:attachment":[{"href":"https:\/\/help.unhcr.org\/guatemala\/wp-json\/wp\/v2\/media?parent=2775"}],"curies":[{"name":"wp","href":"https:\/\/api.w.org\/{rel}","templated":true}]}}