{"id":2637,"date":"2023-10-11T17:07:17","date_gmt":"2023-10-11T17:07:17","guid":{"rendered":"https:\/\/help.unhcr.org\/guatemala\/?page_id=2637"},"modified":"2025-02-05T21:02:15","modified_gmt":"2025-02-05T21:02:15","slug":"dejanos-tu-opinion","status":"publish","type":"page","link":"https:\/\/help.unhcr.org\/guatemala\/dejanos-tu-opinion\/","title":{"rendered":"D\u00e9janos tu opini\u00f3n"},"content":{"rendered":"\n<div class=\"wp-block-buttons is-content-justification-center is-layout-flex wp-container-core-buttons-is-layout-16018d1d wp-block-buttons-is-layout-flex\">\n<div class=\"wp-block-button\"><a class=\"wp-block-button__link has-white-color has-text-color has-background wp-element-button\" href=\"https:\/\/enketo.unhcr.org\/x\/TekSgvZM\" style=\"background-color:#0072bc\" target=\"_blank\" rel=\"noreferrer noopener\">Ingresa aqu\u00ed para llenar el formulario de comunicaci\u00f3n.<\/a><\/div>\n<\/div>\n\n\n\n<p><\/p>\n\n\n\n<p class=\"has-text-align-center\">Si deseas recibir una respuesta, deja tu nombre y datos de contacto. De lo contrario, tu comunicaci\u00f3n ser\u00e1 <strong>an\u00f3nima<\/strong>. Toda la informaci\u00f3n que nos brindes a trav\u00e9s de nuestros canales oficiales es <strong>confidencial<\/strong>.<\/p>\n\n\n\n<h2 class=\"wp-block-heading has-text-align-center\"><strong><strong>\u00a1Queremos escucharte!<\/strong><\/strong><\/h2>\n\n\n\n<p class=\"has-text-align-center\">Tu opini\u00f3n es importante para mejorar nuestros servicios.<\/p>\n\n\n\n<figure class=\"wp-block-image size-large\"><img loading=\"lazy\" decoding=\"async\" width=\"1024\" height=\"674\" src=\"https:\/\/help.unhcr.org\/guatemala\/wp-content\/uploads\/sites\/23\/2023\/10\/A2-afiche-CONFIDENCIALIDAD-SALAS-DE-ENTREVISTA_final-02-3-1024x674.jpg\" alt=\"Queremos escucharte.\n\nTu opini\u00f3n es importante para mejorar nuestros servicios.\n\" class=\"wp-image-2650\" srcset=\"https:\/\/help.unhcr.org\/guatemala\/wp-content\/uploads\/sites\/23\/2023\/10\/A2-afiche-CONFIDENCIALIDAD-SALAS-DE-ENTREVISTA_final-02-3-1024x674.jpg 1024w, https:\/\/help.unhcr.org\/guatemala\/wp-content\/uploads\/sites\/23\/2023\/10\/A2-afiche-CONFIDENCIALIDAD-SALAS-DE-ENTREVISTA_final-02-3-300x197.jpg 300w, https:\/\/help.unhcr.org\/guatemala\/wp-content\/uploads\/sites\/23\/2023\/10\/A2-afiche-CONFIDENCIALIDAD-SALAS-DE-ENTREVISTA_final-02-3-768x505.jpg 768w, https:\/\/help.unhcr.org\/guatemala\/wp-content\/uploads\/sites\/23\/2023\/10\/A2-afiche-CONFIDENCIALIDAD-SALAS-DE-ENTREVISTA_final-02-3-1536x1011.jpg 1536w, https:\/\/help.unhcr.org\/guatemala\/wp-content\/uploads\/sites\/23\/2023\/10\/A2-afiche-CONFIDENCIALIDAD-SALAS-DE-ENTREVISTA_final-02-3-2048x1348.jpg 2048w\" sizes=\"auto, (max-width: 1024px) 100vw, 1024px\" \/><\/figure>\n","protected":false},"excerpt":{"rendered":"<p>Si deseas recibir una respuesta, deja tu nombre y datos de contacto. De lo contrario, tu comunicaci\u00f3n ser\u00e1 an\u00f3nima. Toda la informaci\u00f3n que nos brindes a trav\u00e9s de nuestros canales oficiales es confidencial. \u00a1Queremos escucharte! Tu opini\u00f3n es importante para mejorar nuestros servicios.<\/p>\n","protected":false},"author":355,"featured_media":0,"parent":0,"menu_order":8,"comment_status":"closed","ping_status":"closed","template":"","meta":{"_acf_changed":false,"footnotes":""},"class_list":["post-2637","page","type-page","status-publish","hentry"],"acf":[],"_links":{"self":[{"href":"https:\/\/help.unhcr.org\/guatemala\/wp-json\/wp\/v2\/pages\/2637","targetHints":{"allow":["GET"]}}],"collection":[{"href":"https:\/\/help.unhcr.org\/guatemala\/wp-json\/wp\/v2\/pages"}],"about":[{"href":"https:\/\/help.unhcr.org\/guatemala\/wp-json\/wp\/v2\/types\/page"}],"author":[{"embeddable":true,"href":"https:\/\/help.unhcr.org\/guatemala\/wp-json\/wp\/v2\/users\/355"}],"replies":[{"embeddable":true,"href":"https:\/\/help.unhcr.org\/guatemala\/wp-json\/wp\/v2\/comments?post=2637"}],"version-history":[{"count":6,"href":"https:\/\/help.unhcr.org\/guatemala\/wp-json\/wp\/v2\/pages\/2637\/revisions"}],"predecessor-version":[{"id":3149,"href":"https:\/\/help.unhcr.org\/guatemala\/wp-json\/wp\/v2\/pages\/2637\/revisions\/3149"}],"wp:attachment":[{"href":"https:\/\/help.unhcr.org\/guatemala\/wp-json\/wp\/v2\/media?parent=2637"}],"curies":[{"name":"wp","href":"https:\/\/api.w.org\/{rel}","templated":true}]}}