{"id":2327,"date":"2023-06-08T00:12:06","date_gmt":"2023-06-08T00:12:06","guid":{"rendered":"https:\/\/help.unhcr.org\/guatemala\/?page_id=2327"},"modified":"2025-02-05T20:28:48","modified_gmt":"2025-02-05T20:28:48","slug":"derechos-y-deberes-2","status":"publish","type":"page","link":"https:\/\/help.unhcr.org\/guatemala\/derechos-y-deberes-2\/","title":{"rendered":"Derechos y Deberes"},"content":{"rendered":"\n<p>Tanto las personas reconocidas bajo la condici\u00f3n de refugiado como las personas solicitantes en Guatemala tienen derechos y obligaciones. Con\u00f3celos ingresando a cada secci\u00f3n.<\/p>\n","protected":false},"excerpt":{"rendered":"<p>Tanto las personas reconocidas bajo la condici\u00f3n de refugiado como las personas solicitantes en Guatemala tienen derechos y obligaciones. Con\u00f3celos ingresando a cada secci\u00f3n.<\/p>\n","protected":false},"author":355,"featured_media":0,"parent":0,"menu_order":3,"comment_status":"closed","ping_status":"closed","template":"page-templates\/tabbed.php","meta":{"_acf_changed":false,"footnotes":""},"class_list":["post-2327","page","type-page","status-publish","hentry"],"acf":[],"_links":{"self":[{"href":"https:\/\/help.unhcr.org\/guatemala\/wp-json\/wp\/v2\/pages\/2327","targetHints":{"allow":["GET"]}}],"collection":[{"href":"https:\/\/help.unhcr.org\/guatemala\/wp-json\/wp\/v2\/pages"}],"about":[{"href":"https:\/\/help.unhcr.org\/guatemala\/wp-json\/wp\/v2\/types\/page"}],"author":[{"embeddable":true,"href":"https:\/\/help.unhcr.org\/guatemala\/wp-json\/wp\/v2\/users\/355"}],"replies":[{"embeddable":true,"href":"https:\/\/help.unhcr.org\/guatemala\/wp-json\/wp\/v2\/comments?post=2327"}],"version-history":[{"count":16,"href":"https:\/\/help.unhcr.org\/guatemala\/wp-json\/wp\/v2\/pages\/2327\/revisions"}],"predecessor-version":[{"id":3239,"href":"https:\/\/help.unhcr.org\/guatemala\/wp-json\/wp\/v2\/pages\/2327\/revisions\/3239"}],"wp:attachment":[{"href":"https:\/\/help.unhcr.org\/guatemala\/wp-json\/wp\/v2\/media?parent=2327"}],"curies":[{"name":"wp","href":"https:\/\/api.w.org\/{rel}","templated":true}]}}