{"id":2037,"date":"2023-05-03T22:32:59","date_gmt":"2023-05-03T22:32:59","guid":{"rendered":"https:\/\/help.unhcr.org\/guatemala\/?page_id=2037"},"modified":"2025-10-02T14:47:50","modified_gmt":"2025-10-02T14:47:50","slug":"guatemala","status":"publish","type":"page","link":"https:\/\/help.unhcr.org\/guatemala\/acnur-en-guatemala-2\/nuestras-oficinas\/guatemala\/","title":{"rendered":"Guatemala"},"content":{"rendered":"\n<p><\/p>\n\n\n\n<ul class=\"wp-block-list\">\n<li><strong style=\"font-size: revert;color: initial\">Direcci\u00f3n:&nbsp;<\/strong>Edificio Edyma Plaza, 13 Calle 8-44 zona 10, Oficina 101, Ciudad de Guatemala\n<ul class=\"wp-block-list\">\n<li><a href=\"https:\/\/www.google.com\/maps\/place\/Edyma+Plaza\/@14.5981925,-90.5086246,1091m\/data=!3m2!1e3!4b1!4m6!3m5!1s0x8589a3c7b989e2f1:0x9063f2800289769!8m2!3d14.5981925!4d-90.5086246!16s%2Fg%2F11c6xmz9n4?entry=ttu&amp;g_ep=EgoyMDI1MDUxMi4wIKXMDSoJLDEwMjExNDUzSAFQAw%3D%3D\">Encuentra nuestra ubicaci\u00f3n en el mapa.<\/a><\/li>\n\n\n\n<li><strong>Atenci\u00f3n telef\u00f3nica de protecci\u00f3n (atendida por la organizaci\u00f3n El Refugio de la Ni\u00f1ez):<\/strong> (+502) 4249-85192 <img loading=\"lazy\" decoding=\"async\" width=\"25\" height=\"26\" class=\"wp-image-568\" src=\"https:\/\/help.unhcr.org\/guatemala\/wp-content\/uploads\/sites\/23\/2021\/12\/MicrosoftTeams-image-2.png\" alt=\"\"><img loading=\"lazy\" decoding=\"async\" width=\"25\" height=\"27\" class=\"wp-image-570\" src=\"https:\/\/help.unhcr.org\/guatemala\/wp-content\/uploads\/sites\/23\/2021\/12\/MicrosoftTeams-image-1.jpg\" alt=\"\"><\/li>\n<\/ul>\n<\/li>\n<\/ul>\n\n\n\n<p><\/p>\n","protected":false},"excerpt":{"rendered":"","protected":false},"author":355,"featured_media":0,"parent":2027,"menu_order":0,"comment_status":"closed","ping_status":"closed","template":"","meta":{"_acf_changed":false,"footnotes":""},"class_list":["post-2037","page","type-page","status-publish","hentry"],"acf":[],"_links":{"self":[{"href":"https:\/\/help.unhcr.org\/guatemala\/wp-json\/wp\/v2\/pages\/2037","targetHints":{"allow":["GET"]}}],"collection":[{"href":"https:\/\/help.unhcr.org\/guatemala\/wp-json\/wp\/v2\/pages"}],"about":[{"href":"https:\/\/help.unhcr.org\/guatemala\/wp-json\/wp\/v2\/types\/page"}],"author":[{"embeddable":true,"href":"https:\/\/help.unhcr.org\/guatemala\/wp-json\/wp\/v2\/users\/355"}],"replies":[{"embeddable":true,"href":"https:\/\/help.unhcr.org\/guatemala\/wp-json\/wp\/v2\/comments?post=2037"}],"version-history":[{"count":27,"href":"https:\/\/help.unhcr.org\/guatemala\/wp-json\/wp\/v2\/pages\/2037\/revisions"}],"predecessor-version":[{"id":3525,"href":"https:\/\/help.unhcr.org\/guatemala\/wp-json\/wp\/v2\/pages\/2037\/revisions\/3525"}],"up":[{"embeddable":true,"href":"https:\/\/help.unhcr.org\/guatemala\/wp-json\/wp\/v2\/pages\/2027"}],"wp:attachment":[{"href":"https:\/\/help.unhcr.org\/guatemala\/wp-json\/wp\/v2\/media?parent=2037"}],"curies":[{"name":"wp","href":"https:\/\/api.w.org\/{rel}","templated":true}]}}