{"id":2018,"date":"2023-05-03T21:13:12","date_gmt":"2023-05-03T21:13:12","guid":{"rendered":"https:\/\/help.unhcr.org\/guatemala\/?page_id=2018"},"modified":"2025-06-13T16:54:14","modified_gmt":"2025-06-13T16:54:14","slug":"acnur-en-guatemala-2","status":"publish","type":"page","link":"https:\/\/help.unhcr.org\/guatemala\/acnur-en-guatemala-2\/","title":{"rendered":"ACNUR en Guatemala"},"content":{"rendered":"\n<h2 class=\"wp-block-heading has-text-align-left\"><strong>\u00bfQui\u00e9nes somos?<\/strong><\/h2>\n\n\n\n<p class=\"has-text-align-left\">La Agencia de la ONU para los Refugiados (ACNUR) es un organismo humanitario apol\u00edtico establecido por la Asamblea General de las Naciones Unidas en 1950. Desde entonces, trabajamos para garantizar que todas las personas que se han visto obligadas a huir de sus hogares debido a la violencia, la persecuci\u00f3n, la guerra o los desastres tengan derecho a buscar protecci\u00f3n y encontrar un lugar seguro.<\/p>\n\n\n\n<h2 class=\"wp-block-heading\"><strong>\u00bfQu\u00e9 hacemos?<\/strong><\/h2>\n\n\n\n<p>Nuestra agencia tiene el mandato de proteger los derechos y brindar asistencia a las personas refugiadas en todo el mundo a trav\u00e9s de soluciones duraderas. Tambi\u00e9n ayudamos a salvar vidas y a construir un mejor futuro para las personas refugiadas, solicitantes de la condici\u00f3n de refugiado, ap\u00e1tridas, retornadas y otras personas en alto riesgo. Mediante un enfoque de protecci\u00f3n comunitaria, contribuimos a reforzar el liderazgo y capacidades de las personas refugiadas y las comunidades de acogida.<\/p>\n\n\n\n<h2 class=\"wp-block-heading\"><strong>ACNUR en Guatemala<\/strong><\/h2>\n\n\n\n<p>Ingresa a las casillas de abajo para m\u00e1s informaci\u00f3n.<\/p>\n","protected":false},"excerpt":{"rendered":"<p>\u00bfQui\u00e9nes somos? La Agencia de la ONU para los Refugiados (ACNUR) es un organismo humanitario apol\u00edtico establecido por la Asamblea General de las Naciones Unidas en 1950. Desde entonces, trabajamos para garantizar que todas las personas que se han visto obligadas a huir de sus hogares debido a la violencia, la persecuci\u00f3n, la guerra o [&hellip;]<\/p>\n","protected":false},"author":355,"featured_media":0,"parent":0,"menu_order":0,"comment_status":"closed","ping_status":"closed","template":"page-templates\/listing_page.php","meta":{"_acf_changed":false,"footnotes":""},"class_list":["post-2018","page","type-page","status-publish","hentry"],"acf":[],"_links":{"self":[{"href":"https:\/\/help.unhcr.org\/guatemala\/wp-json\/wp\/v2\/pages\/2018","targetHints":{"allow":["GET"]}}],"collection":[{"href":"https:\/\/help.unhcr.org\/guatemala\/wp-json\/wp\/v2\/pages"}],"about":[{"href":"https:\/\/help.unhcr.org\/guatemala\/wp-json\/wp\/v2\/types\/page"}],"author":[{"embeddable":true,"href":"https:\/\/help.unhcr.org\/guatemala\/wp-json\/wp\/v2\/users\/355"}],"replies":[{"embeddable":true,"href":"https:\/\/help.unhcr.org\/guatemala\/wp-json\/wp\/v2\/comments?post=2018"}],"version-history":[{"count":25,"href":"https:\/\/help.unhcr.org\/guatemala\/wp-json\/wp\/v2\/pages\/2018\/revisions"}],"predecessor-version":[{"id":3516,"href":"https:\/\/help.unhcr.org\/guatemala\/wp-json\/wp\/v2\/pages\/2018\/revisions\/3516"}],"wp:attachment":[{"href":"https:\/\/help.unhcr.org\/guatemala\/wp-json\/wp\/v2\/media?parent=2018"}],"curies":[{"name":"wp","href":"https:\/\/api.w.org\/{rel}","templated":true}]}}