{"id":1561,"date":"2022-05-25T17:24:10","date_gmt":"2022-05-25T17:24:10","guid":{"rendered":"https:\/\/help.unhcr.org\/guatemala\/?page_id=1561"},"modified":"2023-06-14T16:24:06","modified_gmt":"2023-06-14T16:24:06","slug":"puntos-de-conectividad-wifi-en-guatemala","status":"publish","type":"page","link":"https:\/\/help.unhcr.org\/guatemala\/puntos-de-conectividad-wifi-en-guatemala\/","title":{"rendered":"Lugares con internet gratis"},"content":{"rendered":"\n<p class=\"has-white-background-color has-background\" style=\"font-size:25px\">Si te encuentras en Guatemala de manera temporal o vas en tr\u00e1nsito, puedes encontrar puntos donde podr\u00e1s conectarte a una red Wifi gratis.<\/p>\n\n\n\n<h2 class=\"wp-block-heading\"><strong>Ubicaciones:<\/strong><\/h2>\n\n\n\n<h2 class=\"wp-block-heading\">San Marcos<\/h2>\n\n\n\n<p>Centro para Retornados en Tec\u00fan Uman, Ayutla, San Marcos <br>Accede a la ubicaci\u00f3n en el mapa <a rel=\"noreferrer noopener\" href=\"https:\/\/www.google.com.gt\/maps\/place\/14%C2%B040'50.1%22N+92%C2%B000'00.0%22W\/@14.6805981,-92.0021887,17z\/data=!3m1!4b1!4m5!3m4!1s0x0:0x1e5d7b5372dc2768!8m2!3d14.6805929!4d-92?hl=es\" target=\"_blank\">aqu\u00ed<\/a>.<br><\/p>\n\n\n\n<p>Terminal de Buses en Tec\u00fan Um\u00e1n, San Marcos <br>Accede a la ubicaci\u00f3n en el mapa <a rel=\"noreferrer noopener\" href=\"https:\/\/www.google.com.gt\/maps\/search\/Terminal+de+Buses+en+Tec%C3%BAn+Um%C3%A1n,+San+Marcos+INTERNET_5TA+AVENIDA+A+TECUN+UMAN+(TERMINAL+DE+BUSES)+AYUTLA+SAN+MARCOS+14.68247295662671+-92.135275%C2%A0\/@14.6800503,-92.1409268,15z\/data=!3m1!4b1?hl=es\" target=\"_blank\">aqu\u00ed.<\/a><\/p>\n\n\n\n<h2 class=\"wp-block-heading\">Izabal<\/h2>\n\n\n\n<p>En la estaci\u00f3n de buses en el Cruce La Ruidosa en la ruta CA9 en Morales, Izabal <br>Accede a la ubicaci\u00f3n en el mapa <a rel=\"noreferrer noopener\" href=\"https:\/\/www.google.com.gt\/maps\/place\/15%C2%B030'04.2%22N+88%C2%B049'28.7%22W\/@15.5011796,-88.8268346,17z\/data=!3m1!4b1!4m5!3m4!1s0x0:0xae14e666809b91a1!8m2!3d15.5011744!4d-88.8246459?hl=es\" target=\"_blank\">aqu\u00ed. <\/a><br><\/p>\n","protected":false},"excerpt":{"rendered":"<p>Si te encuentras en Guatemala de manera temporal o vas en tr\u00e1nsito, puedes encontrar puntos donde podr\u00e1s conectarte a una red Wifi gratis. Ubicaciones: San Marcos Centro para Retornados en Tec\u00fan Uman, Ayutla, San Marcos Accede a la ubicaci\u00f3n en el mapa aqu\u00ed. Terminal de Buses en Tec\u00fan Um\u00e1n, San Marcos Accede a la ubicaci\u00f3n [&hellip;]<\/p>\n","protected":false},"author":220,"featured_media":0,"parent":0,"menu_order":12,"comment_status":"closed","ping_status":"closed","template":"","meta":{"_acf_changed":false,"footnotes":""},"class_list":["post-1561","page","type-page","status-publish","hentry"],"acf":[],"_links":{"self":[{"href":"https:\/\/help.unhcr.org\/guatemala\/wp-json\/wp\/v2\/pages\/1561","targetHints":{"allow":["GET"]}}],"collection":[{"href":"https:\/\/help.unhcr.org\/guatemala\/wp-json\/wp\/v2\/pages"}],"about":[{"href":"https:\/\/help.unhcr.org\/guatemala\/wp-json\/wp\/v2\/types\/page"}],"author":[{"embeddable":true,"href":"https:\/\/help.unhcr.org\/guatemala\/wp-json\/wp\/v2\/users\/220"}],"replies":[{"embeddable":true,"href":"https:\/\/help.unhcr.org\/guatemala\/wp-json\/wp\/v2\/comments?post=1561"}],"version-history":[{"count":8,"href":"https:\/\/help.unhcr.org\/guatemala\/wp-json\/wp\/v2\/pages\/1561\/revisions"}],"predecessor-version":[{"id":2450,"href":"https:\/\/help.unhcr.org\/guatemala\/wp-json\/wp\/v2\/pages\/1561\/revisions\/2450"}],"wp:attachment":[{"href":"https:\/\/help.unhcr.org\/guatemala\/wp-json\/wp\/v2\/media?parent=1561"}],"curies":[{"name":"wp","href":"https:\/\/api.w.org\/{rel}","templated":true}]}}