{"id":12154,"date":"2023-01-17T12:32:24","date_gmt":"2023-01-17T12:32:24","guid":{"rendered":"https:\/\/help.unhcr.org\/greece\/?page_id=12154"},"modified":"2024-07-09T11:50:10","modified_gmt":"2024-07-09T11:50:10","slug":"foster-french","status":"publish","type":"page","link":"https:\/\/help.unhcr.org\/greece\/fr\/enfants-et-jeunes\/foster-french\/","title":{"rendered":"Placement en famille d&rsquo;accueil pour les enfants non accompagn\u00e9s"},"content":{"rendered":"\n<p><strong>Souhaitez-vous offrir une famille d&rsquo;accueil <\/strong><strong>\u00e0 <\/strong><strong>un enfant non accompagn<\/strong><strong>\u00e9 <\/strong><strong>qui se trouve actuellement tout seul en Gr<\/strong><strong>\u00e8<\/strong><strong>ce ?<\/strong><\/p>\n\n\n\n<p><strong>Si vous \u00eates int\u00e9ress\u00e9s \u00e0 devenir parent d&rsquo;accueil, veuillez remplir le formulaire en cliquant sur le lien:<\/strong> https:\/\/metadrasi.org\/en\/campaigns\/foster-care-for-unaccompanied-separated-children\/ <\/p>\n\n\n\n<p>Si les vid\u00e9os ne s&rsquo;affichent pas, veuillez rafra\u00eechir la page. <\/p>\n\n\n\n<figure class=\"wp-block-embed is-type-video is-provider-youtube wp-block-embed-youtube wp-embed-aspect-16-9 wp-has-aspect-ratio\"><div class=\"wp-block-embed__wrapper\">\n<iframe loading=\"lazy\" title=\"Compassion creates a new home for a refugee child\" width=\"640\" height=\"360\" src=\"https:\/\/www.youtube.com\/embed\/X7izR3q52R0?start=59&#038;feature=oembed\" frameborder=\"0\" allow=\"accelerometer; autoplay; clipboard-write; encrypted-media; gyroscope; picture-in-picture; web-share\" referrerpolicy=\"strict-origin-when-cross-origin\" allowfullscreen><\/iframe>\n<\/div><\/figure>\n\n\n\n<p>Nahal, sept ans, originaire d&rsquo;Afghanistan, a trouv\u00e9 un nouveau foyer en Gr\u00e8ce gr\u00e2ce \u00e0 la compassion et \u00e0 la motivation d&rsquo;Iro Iordanidou. Depuis 2016 jusqu&rsquo;\u00e0 aujourd&rsquo;hui, dans le cadre du programme de placement familial de METAdrasi, 104 enfants non accompagn\u00e9s ont \u00e9t\u00e9 plac\u00e9s dans 89 familles. Trois d&rsquo;entre eux ont \u00e9t\u00e9 adopt\u00e9s par leurs parents d\u2019accueil.<\/p>\n\n\n\n<figure class=\"wp-block-embed is-type-video is-provider-youtube wp-block-embed-youtube wp-embed-aspect-16-9 wp-has-aspect-ratio\"><div class=\"wp-block-embed__wrapper\">\n<iframe loading=\"lazy\" title=\"\u03a0\u03c1\u03bf\u03c3\u03c9\u03c1\u03b9\u03bd\u03ae \u03a6\u03b9\u03bb\u03bf\u03be\u03b5\u03bd\u03af\u03b1 \u0391\u03c3\u03c5\u03bd\u03cc\u03b4\u03b5\u03c5\u03c4\u03c9\u03bd \u0391\u03bd\u03b7\u03bb\u03af\u03ba\u03c9\u03bd \u03c3\u03b5 \u039f\u03b9\u03ba\u03bf\u03b3\u03ad\u03bd\u03b5\u03b9\u03b5\u03c2 - Foster care for Unaccompanied Children\" width=\"640\" height=\"360\" src=\"https:\/\/www.youtube.com\/embed\/pHFNkyM1lAA?feature=oembed\" frameborder=\"0\" allow=\"accelerometer; autoplay; clipboard-write; encrypted-media; gyroscope; picture-in-picture; web-share\" referrerpolicy=\"strict-origin-when-cross-origin\" allowfullscreen><\/iframe>\n<\/div><\/figure>\n\n\n\n<figure class=\"wp-block-embed is-type-video is-provider-youtube wp-block-embed-youtube wp-embed-aspect-16-9 wp-has-aspect-ratio\"><div class=\"wp-block-embed__wrapper\">\n<iframe loading=\"lazy\" title=\"\u0391\u03bd\u03ac\u03b4\u03bf\u03c7\u03b7 \u03a6\u03c1\u03bf\u03bd\u03c4\u03af\u03b4\u03b1 \u0391\u03c3\u03c5\u03bd\u03cc\u03b4\u03b5\u03c5\u03c4\u03c9\u03bd \u03a0\u03b1\u03b9\u03b4\u03b9\u03ce\u03bd \u03b1\u03c0\u03cc \u03c4\u03b7 \u039c\u0395\u03a4\u0391\u03b4\u03c1\u03b1\u03c3\u03b7\" width=\"640\" height=\"360\" src=\"https:\/\/www.youtube.com\/embed\/3G7DYgJpZjM?feature=oembed\" frameborder=\"0\" allow=\"accelerometer; autoplay; clipboard-write; encrypted-media; gyroscope; picture-in-picture; web-share\" referrerpolicy=\"strict-origin-when-cross-origin\" allowfullscreen><\/iframe>\n<\/div><\/figure>\n","protected":false},"excerpt":{"rendered":"<p>Souhaitez-vous offrir une famille d&rsquo;accueil \u00e0 un enfant non accompagn\u00e9 qui se trouve actuellement tout seul en Gr\u00e8ce ? Si vous \u00eates int\u00e9ress\u00e9s \u00e0 devenir parent d&rsquo;accueil, veuillez remplir le formulaire en cliquant sur le lien: https:\/\/metadrasi.org\/en\/campaigns\/foster-care-for-unaccompanied-separated-children\/ Si les vid\u00e9os ne s&rsquo;affichent pas, veuillez rafra\u00eechir la page. Nahal, sept ans, originaire d&rsquo;Afghanistan, a trouv\u00e9 un [&hellip;]<\/p>\n","protected":false},"author":296,"featured_media":0,"parent":12276,"menu_order":2,"comment_status":"closed","ping_status":"closed","template":"","meta":{"_acf_changed":false,"footnotes":""},"class_list":["post-12154","page","type-page","status-publish","hentry"],"acf":[],"_links":{"self":[{"href":"https:\/\/help.unhcr.org\/greece\/fr\/wp-json\/wp\/v2\/pages\/12154","targetHints":{"allow":["GET"]}}],"collection":[{"href":"https:\/\/help.unhcr.org\/greece\/fr\/wp-json\/wp\/v2\/pages"}],"about":[{"href":"https:\/\/help.unhcr.org\/greece\/fr\/wp-json\/wp\/v2\/types\/page"}],"author":[{"embeddable":true,"href":"https:\/\/help.unhcr.org\/greece\/fr\/wp-json\/wp\/v2\/users\/296"}],"replies":[{"embeddable":true,"href":"https:\/\/help.unhcr.org\/greece\/fr\/wp-json\/wp\/v2\/comments?post=12154"}],"version-history":[{"count":3,"href":"https:\/\/help.unhcr.org\/greece\/fr\/wp-json\/wp\/v2\/pages\/12154\/revisions"}],"predecessor-version":[{"id":22145,"href":"https:\/\/help.unhcr.org\/greece\/fr\/wp-json\/wp\/v2\/pages\/12154\/revisions\/22145"}],"up":[{"embeddable":true,"href":"https:\/\/help.unhcr.org\/greece\/fr\/wp-json\/wp\/v2\/pages\/12276"}],"wp:attachment":[{"href":"https:\/\/help.unhcr.org\/greece\/fr\/wp-json\/wp\/v2\/media?parent=12154"}],"curies":[{"name":"wp","href":"https:\/\/api.w.org\/{rel}","templated":true}]}}

Placement en famille d&rsquo;accueil pour les enfants non accompagnés

<p><strong>Souhaitez-vous offrir une famille d&rsquo;accueil </strong><strong>à </strong><strong>un enfant non accompagn</strong><strong>é </strong><strong>qui se trouve actuellement tout seul en Gr</strong><strong>è</strong><strong>ce ?</strong></p>



<p><strong>Si vous êtes intéressés à devenir parent d&rsquo;accueil, veuillez remplir le formulaire en cliquant sur le lien:</strong> https://metadrasi.org/en/campaigns/foster-care-for-unaccompanied-separated-children/ </p>



<p>Si les vidéos ne s&rsquo;affichent pas, veuillez rafraîchir la page. </p>



<figure class="wp-block-embed is-type-video is-provider-youtube wp-block-embed-youtube wp-embed-aspect-16-9 wp-has-aspect-ratio"><div class="wp-block-embed__wrapper">
<iframe loading="lazy" title="Compassion creates a new home for a refugee child" width="640" height="360" src="https://www.youtube.com/embed/X7izR3q52R0?start=59&#038;feature=oembed" frameborder="0" allow="accelerometer; autoplay; clipboard-write; encrypted-media; gyroscope; picture-in-picture; web-share" referrerpolicy="strict-origin-when-cross-origin" allowfullscreen></iframe>
</div></figure>



<p>Nahal, sept ans, originaire d&rsquo;Afghanistan, a trouvé un nouveau foyer en Grèce grâce à la compassion et à la motivation d&rsquo;Iro Iordanidou. Depuis 2016 jusqu&rsquo;à aujourd&rsquo;hui, dans le cadre du programme de placement familial de METAdrasi, 104 enfants non accompagnés ont été placés dans 89 familles. Trois d&rsquo;entre eux ont été adoptés par leurs parents d’accueil.</p>



<figure class="wp-block-embed is-type-video is-provider-youtube wp-block-embed-youtube wp-embed-aspect-16-9 wp-has-aspect-ratio"><div class="wp-block-embed__wrapper">
<iframe loading="lazy" title="Προσωρινή Φιλοξενία Ασυνόδευτων Ανηλίκων σε Οικογένειες - Foster care for Unaccompanied Children" width="640" height="360" src="https://www.youtube.com/embed/pHFNkyM1lAA?feature=oembed" frameborder="0" allow="accelerometer; autoplay; clipboard-write; encrypted-media; gyroscope; picture-in-picture; web-share" referrerpolicy="strict-origin-when-cross-origin" allowfullscreen></iframe>
</div></figure>



<figure class="wp-block-embed is-type-video is-provider-youtube wp-block-embed-youtube wp-embed-aspect-16-9 wp-has-aspect-ratio"><div class="wp-block-embed__wrapper">
<iframe loading="lazy" title="Ανάδοχη Φροντίδα Ασυνόδευτων Παιδιών από τη ΜΕΤΑδραση" width="640" height="360" src="https://www.youtube.com/embed/3G7DYgJpZjM?feature=oembed" frameborder="0" allow="accelerometer; autoplay; clipboard-write; encrypted-media; gyroscope; picture-in-picture; web-share" referrerpolicy="strict-origin-when-cross-origin" allowfullscreen></iframe>
</div></figure>

<p>Souhaitez-vous offrir une famille d&rsquo;accueil à un enfant non accompagné qui se trouve actuellement tout seul en Grèce ? Si vous êtes intéressés à devenir parent d&rsquo;accueil, veuillez remplir le formulaire en cliquant sur le lien: https://metadrasi.org/en/campaigns/foster-care-for-unaccompanied-separated-children/ Si les vidéos ne s&rsquo;affichent pas, veuillez rafraîchir la page. Nahal, sept ans, originaire d&rsquo;Afghanistan, a trouvé un [&hellip;]</p>
