{"id":75,"date":"2018-04-18T14:51:18","date_gmt":"2018-04-18T14:51:18","guid":{"rendered":"http:\/\/help.unhcr.org\/elsalvador\/?page_id=75"},"modified":"2024-07-10T15:55:21","modified_gmt":"2024-07-10T15:55:21","slug":"solicitando-la-condicion-de-refugiado","status":"publish","type":"page","link":"https:\/\/help.unhcr.org\/elsalvador\/solicitando-la-condicion-de-refugiado\/","title":{"rendered":"Pedir asilo o refugio en El Salvador"},"content":{"rendered":"<header class=\"entry-header\">\n<h2 class=\"entry-title\">\u00bfQui\u00e9n es una persona refugiada?<\/h2>\n<\/header>\n<div class=\"entry-content\">\n<p>? Las personas refugiadas son aquellas que tuvieron que huir de su pa\u00eds porque sus vidas o integridad corren riesgo, y no pueden regresar. Algunos motivos por los que las personas huyen son la violencia, los conflictos internos, la guerra o porque temen ser perseguidos a causa de sus opiniones pol\u00edticas, raza, religi\u00f3n, nacionalidad o su pertenencia a un determinado grupo social.<\/p>\n<p>? Si tienes miedo de volver a tu pa\u00eds porque tu vida o seguridad est\u00e1n en peligro, podr\u00edas ser una persona refugiada y tienes derecho a buscar protecci\u00f3n en El Salvador a trav\u00e9s de la CODER, la Comisi\u00f3n para la Determinaci\u00f3n de la condici\u00f3n de persona Refugiada.<\/p>\n<p>Si necesitas m\u00e1s informaci\u00f3n, no dudes en contactar a ACNUR. Llama gratis al ? <strong>800-7096<\/strong> o escribe al WhatsApp al (<strong>+503) 211-0281<\/strong>.<\/p>\n<\/div>\n","protected":false},"excerpt":{"rendered":"<p>\u00bfQui\u00e9n es una persona refugiada? ? Las personas refugiadas son aquellas que tuvieron que huir de su pa\u00eds porque sus vidas o integridad corren riesgo, y no pueden regresar. Algunos motivos por los que las personas huyen son la violencia, los conflictos internos, la guerra o porque temen ser perseguidos a causa de sus opiniones [&hellip;]<\/p>\n","protected":false},"author":1,"featured_media":0,"parent":0,"menu_order":2,"comment_status":"closed","ping_status":"closed","template":"page-templates\/listing_page.php","meta":{"_acf_changed":false,"footnotes":""},"class_list":["post-75","page","type-page","status-publish","hentry"],"acf":[],"_links":{"self":[{"href":"https:\/\/help.unhcr.org\/elsalvador\/wp-json\/wp\/v2\/pages\/75","targetHints":{"allow":["GET"]}}],"collection":[{"href":"https:\/\/help.unhcr.org\/elsalvador\/wp-json\/wp\/v2\/pages"}],"about":[{"href":"https:\/\/help.unhcr.org\/elsalvador\/wp-json\/wp\/v2\/types\/page"}],"author":[{"embeddable":true,"href":"https:\/\/help.unhcr.org\/elsalvador\/wp-json\/wp\/v2\/users\/1"}],"replies":[{"embeddable":true,"href":"https:\/\/help.unhcr.org\/elsalvador\/wp-json\/wp\/v2\/comments?post=75"}],"version-history":[{"count":5,"href":"https:\/\/help.unhcr.org\/elsalvador\/wp-json\/wp\/v2\/pages\/75\/revisions"}],"predecessor-version":[{"id":496,"href":"https:\/\/help.unhcr.org\/elsalvador\/wp-json\/wp\/v2\/pages\/75\/revisions\/496"}],"wp:attachment":[{"href":"https:\/\/help.unhcr.org\/elsalvador\/wp-json\/wp\/v2\/media?parent=75"}],"curies":[{"name":"wp","href":"https:\/\/api.w.org\/{rel}","templated":true}]}}