{"id":610,"date":"2026-01-29T14:18:48","date_gmt":"2026-01-29T14:18:48","guid":{"rendered":"https:\/\/help.unhcr.org\/elsalvador\/?page_id=610"},"modified":"2026-01-29T14:38:48","modified_gmt":"2026-01-29T14:38:48","slug":"preguntas-frecuentes","status":"publish","type":"page","link":"https:\/\/help.unhcr.org\/elsalvador\/solicitando-la-condicion-de-refugiado\/preguntas-frecuentes\/","title":{"rendered":"Preguntas frecuentes: (Q\/A)"},"content":{"rendered":"\n<p>?<strong>Aqu\u00ed encontrar\u00e1s respuestas r\u00e1pidas a las dudas m\u00e1s comunes sobre el procedimiento de determinaci\u00f3n de la condici\u00f3n de la persona refugiada en El Salvador:<\/strong><\/p>\n\n\n\n<ol class=\"wp-block-list\">\n<li>\u00a0<strong>\u00bfPuedo trabajar mientras espero resoluci\u00f3n definitiva? <\/strong>?<\/li>\n<\/ol>\n\n\n\n<p>\u2705 S\u00ed. Cuando la persona solicitante es admitida en el procedimiento, la <strong>Direcci\u00f3n General de Migraci\u00f3n y Extranjer\u00eda<\/strong> emite un <strong>carn\u00e9 provisional de forma gratuita<\/strong>, el cual le da derecho a la persona solicitante a desarrollar tareas o actividades remuneradas o lucrativas, ya sea por cuenta propia o en relaci\u00f3n de dependencia\u00b9.<\/p>\n\n\n\n<p>\u2139\ufe0f <strong>Ten en cuenta que<\/strong> este carn\u00e9 provisional se entrega hasta que se notifica la respuesta sobre si la solicitud de asilo ha sido admitida o no.<\/p>\n\n\n\n<ol start=\"2\" class=\"wp-block-list\">\n<li><strong>\u00bfQu\u00e9 sucede si no puedo asistir a una cita o entrevista durante mi procedimiento? <\/strong>?<\/li>\n<\/ol>\n\n\n\n<p>? En caso de no poder asistir a una cita o entrevista, debes informar lo m\u00e1s pronto posible a las instituciones que forman parte del procedimiento, para gestionar una reprogramaci\u00f3n.<\/p>\n\n\n\n<ol start=\"3\" class=\"wp-block-list\">\n<li><strong>\u00bfNecesito pagar por el procedimiento para la determinaci\u00f3n de la condici\u00f3n de la persona refugiada? <\/strong>?<\/li>\n<\/ol>\n\n\n\n<p>? El procedimiento de solicitud de asilo en El Salvador es <strong>completamente gratuito<\/strong>. Ninguna instituci\u00f3n o autoridad puede exigir pago por recibir, evaluar o resolver la solicitud, ni por brindar alguno de los servicios que ofrece.<\/p>\n\n\n\n<ol start=\"4\" class=\"wp-block-list\">\n<li><strong>\u00bfQu\u00e9 hago si sufro alguna situaci\u00f3n de violencia en El Salvador? <\/strong>?<\/li>\n<\/ol>\n\n\n\n<p>? <strong>ACNUR y sus socios<\/strong> pueden orientarte o conectarte con <strong>servicios gratuitos especializados para tu protecci\u00f3n<\/strong>.<\/p>\n\n\n\n<p>? Puedes contactarte a trav\u00e9s de la <strong>l\u00ednea gratuita de ACNUR: 800-7096<\/strong> o visitar los <strong>Espacios de Apoyo<\/strong> ubicados en <strong>San Salvador, Santa Ana y San Miguel<\/strong>.<\/p>\n\n\n\n<ol start=\"5\" class=\"wp-block-list\">\n<li><strong>\u00bfPuedo salir del pa\u00eds mientras mi solicitud est\u00e1 en tr\u00e1mite? <\/strong>\u2708\ufe0f<\/li>\n<\/ol>\n\n\n\n<p>\u26a0\ufe0f Si tienes una raz\u00f3n urgente para salir de El Salvador, puedes consultar previamente con la <strong>Comisi\u00f3n para la Determinaci\u00f3n de la Persona Refugiada (CODER)<\/strong> y as\u00ed evitar que el caso sea considerado como desistimiento y sea cerrado.<\/p>\n\n\n\n<ol start=\"6\" class=\"wp-block-list\">\n<li>? <strong>\u00bfA d\u00f3nde puedo acudir para recibir atenci\u00f3n m\u00e9dica?<\/strong><\/li>\n<\/ol>\n\n\n\n<p>? Las personas solicitantes de asilo y refugiadas pueden acceder al <strong>sistema p\u00fablico de salud<\/strong> en El Salvador a trav\u00e9s del <strong>Ministerio de Salud<\/strong> y sus diferentes establecimientos.<\/p>\n\n\n\n<p>Adem\u00e1s, <strong>IRC y otras organizaciones<\/strong> pueden orientar y conectar con estos servicios.<\/p>\n\n\n\n<ol start=\"7\" class=\"wp-block-list\">\n<li><strong>\u00bfSi el grupo familiar incluye ni\u00f1os, ni\u00f1as y adolescentes pueden integrarse al sistema de educaci\u00f3n? <\/strong>?<\/li>\n<\/ol>\n\n\n\n<p>? S\u00ed. Todos los <strong>ni\u00f1os, ni\u00f1as y adolescentes (NNA)<\/strong> tienen derecho a la educaci\u00f3n, independientemente de su estatus migratorio.<\/p>\n\n\n\n<p>Para lograrlo, debes seguir el procedimiento establecido por el <strong>Ministerio de Educaci\u00f3n, Ciencia y Tecnolog\u00eda<\/strong> para validar su nivel acad\u00e9mico.<\/p>\n\n\n\n<p><br>\u2753 Si tienes dudas, ac\u00e9rcate a la <strong>Secretar\u00eda de la CODER, IRC, PGR o ACNUR<\/strong>, donde podr\u00e1n orientarte sobre este proceso.<\/p>\n\n\n\n<ol start=\"8\" class=\"wp-block-list\">\n<li><strong>\u00bfQu\u00e9 sucede si se desiste de la solicitud de asilo ya presentada? <\/strong>?<\/li>\n<\/ol>\n\n\n\n<p>? Cuando la persona solicitante de asilo notifica a las instituciones sobre su desistimiento del procedimiento, la <strong>CODER<\/strong> realiza el cierre del expediente.<\/p>\n\n\n\n<p>? <strong>Recuerda:<\/strong> puedes solicitar la <strong>reapertura de tu caso<\/strong> por escrito ante la CODER, explicando las razones por las que se debe estudiar nuevamente.<\/p>\n","protected":false},"excerpt":{"rendered":"<p>?Aqu\u00ed encontrar\u00e1s respuestas r\u00e1pidas a las dudas m\u00e1s comunes sobre el procedimiento de determinaci\u00f3n de la condici\u00f3n de la persona refugiada en El Salvador: \u2705 S\u00ed. Cuando la persona solicitante es admitida en el procedimiento, la Direcci\u00f3n General de Migraci\u00f3n y Extranjer\u00eda emite un carn\u00e9 provisional de forma gratuita, el cual le da derecho a [&hellip;]<\/p>\n","protected":false},"author":101,"featured_media":0,"parent":75,"menu_order":0,"comment_status":"closed","ping_status":"closed","template":"","meta":{"_acf_changed":false,"footnotes":""},"class_list":["post-610","page","type-page","status-publish","hentry"],"acf":[],"_links":{"self":[{"href":"https:\/\/help.unhcr.org\/elsalvador\/wp-json\/wp\/v2\/pages\/610","targetHints":{"allow":["GET"]}}],"collection":[{"href":"https:\/\/help.unhcr.org\/elsalvador\/wp-json\/wp\/v2\/pages"}],"about":[{"href":"https:\/\/help.unhcr.org\/elsalvador\/wp-json\/wp\/v2\/types\/page"}],"author":[{"embeddable":true,"href":"https:\/\/help.unhcr.org\/elsalvador\/wp-json\/wp\/v2\/users\/101"}],"replies":[{"embeddable":true,"href":"https:\/\/help.unhcr.org\/elsalvador\/wp-json\/wp\/v2\/comments?post=610"}],"version-history":[{"count":4,"href":"https:\/\/help.unhcr.org\/elsalvador\/wp-json\/wp\/v2\/pages\/610\/revisions"}],"predecessor-version":[{"id":616,"href":"https:\/\/help.unhcr.org\/elsalvador\/wp-json\/wp\/v2\/pages\/610\/revisions\/616"}],"up":[{"embeddable":true,"href":"https:\/\/help.unhcr.org\/elsalvador\/wp-json\/wp\/v2\/pages\/75"}],"wp:attachment":[{"href":"https:\/\/help.unhcr.org\/elsalvador\/wp-json\/wp\/v2\/media?parent=610"}],"curies":[{"name":"wp","href":"https:\/\/api.w.org\/{rel}","templated":true}]}}