{"id":335,"date":"2022-09-14T21:23:29","date_gmt":"2022-09-14T21:23:29","guid":{"rendered":"https:\/\/help.unhcr.org\/elsalvador\/?page_id=335"},"modified":"2025-07-30T14:36:00","modified_gmt":"2025-07-30T14:36:00","slug":"empleo","status":"publish","type":"page","link":"https:\/\/help.unhcr.org\/elsalvador\/soluciones-duraderas\/empleo\/","title":{"rendered":"Empleo"},"content":{"rendered":"\n<p>El <strong>Ministerio de Trabajo y Previsi\u00f3n Social (MTPS) <\/strong>es la Secretar\u00eda de Estado rectora de la administraci\u00f3n p\u00fablica del trabajo y le corresponde formular, ejecutar y supervisar la pol\u00edtica sociolaboral de El Salvador; y coordinar con las instituciones aut\u00f3nomas que la ley se\u00f1ala. Entre sus atribuciones, corresponde al MTPS promover, coordinar y participar en el dise\u00f1o de las pol\u00edticas de empleo, seguridad social, formaci\u00f3n profesional y de cooperativas del sector. \u00a0\u00a0<\/p>\n\n\n\n<p>\u00a0\u00a0Para ello, ha constituido el <em>Sistema Oportunidades<\/em>, una plataforma digital que busca conectar a empleadores con personas buscadoras de empleo, facilitando el acceso a oportunidades laborales. Es una herramienta para la intermediaci\u00f3n laboral, promoviendo la inserci\u00f3n laboral de diversos grupos poblacionales, incluyendo j\u00f3venes sin experiencia y personas mayores de 40 a\u00f1os desempleadas.<\/p>\n\n\n\n<p><strong>Enlace del Sistema Oportunidades<\/strong>:\u00a0<a href=\"https:\/\/oportunidades.mtps.gob.sv\/home\">https:\/\/oportunidades.mtps.gob.sv\/home<\/a><\/p>\n\n\n\n<p>El <strong>Instituto Nacional de Capacitaci\u00f3n y Formaci\u00f3n (INCAF)<\/strong> facilita la conexi\u00f3n laboral mediante la creaci\u00f3n de un puente efectivo entre empleadores y personas buscadoras de empleo, con especial atenci\u00f3n a los sectores empresariales. Para ello, brinda servicios de orientaci\u00f3n personalizada dirigidos a j\u00f3venes y profesionales, apoy\u00e1ndolos en la identificaci\u00f3n de oportunidades laborales acordes con sus habilidades, intereses y las demandas del mercado.<\/p>\n\n\n\n<p>Asimismo, ofrece herramientas pr\u00e1cticas para una b\u00fasqueda de empleo efectiva, como la elaboraci\u00f3n de curr\u00edculum y t\u00e9cnicas de entrevista. Estas acciones se complementan con la organizaci\u00f3n de ferias de empleo y eventos de networking que promueven el contacto directo entre buscadores de empleo y empleadores, fomentando el intercambio de informaci\u00f3n sobre oportunidades disponibles.<\/p>\n\n\n\n<p><strong>Oportunidades de conexi\u00f3n laboral<\/strong>: <a href=\"https:\/\/www.incaf.gob.sv\/oportunidades\/\">https:\/\/www.incaf.gob.sv\/oportunidades\/<\/a>\u00a0<\/p>\n","protected":false},"excerpt":{"rendered":"<p>El Ministerio de Trabajo y Previsi\u00f3n Social (MTPS) es la Secretar\u00eda de Estado rectora de la administraci\u00f3n p\u00fablica del trabajo y le corresponde formular, ejecutar y supervisar la pol\u00edtica sociolaboral de El Salvador; y coordinar con las instituciones aut\u00f3nomas que la ley se\u00f1ala. Entre sus atribuciones, corresponde al MTPS promover, coordinar y participar en el [&hellip;]<\/p>\n","protected":false},"author":101,"featured_media":0,"parent":329,"menu_order":1,"comment_status":"closed","ping_status":"closed","template":"","meta":{"_acf_changed":false,"footnotes":""},"class_list":["post-335","page","type-page","status-publish","hentry"],"acf":[],"_links":{"self":[{"href":"https:\/\/help.unhcr.org\/elsalvador\/wp-json\/wp\/v2\/pages\/335","targetHints":{"allow":["GET"]}}],"collection":[{"href":"https:\/\/help.unhcr.org\/elsalvador\/wp-json\/wp\/v2\/pages"}],"about":[{"href":"https:\/\/help.unhcr.org\/elsalvador\/wp-json\/wp\/v2\/types\/page"}],"author":[{"embeddable":true,"href":"https:\/\/help.unhcr.org\/elsalvador\/wp-json\/wp\/v2\/users\/101"}],"replies":[{"embeddable":true,"href":"https:\/\/help.unhcr.org\/elsalvador\/wp-json\/wp\/v2\/comments?post=335"}],"version-history":[{"count":5,"href":"https:\/\/help.unhcr.org\/elsalvador\/wp-json\/wp\/v2\/pages\/335\/revisions"}],"predecessor-version":[{"id":586,"href":"https:\/\/help.unhcr.org\/elsalvador\/wp-json\/wp\/v2\/pages\/335\/revisions\/586"}],"up":[{"embeddable":true,"href":"https:\/\/help.unhcr.org\/elsalvador\/wp-json\/wp\/v2\/pages\/329"}],"wp:attachment":[{"href":"https:\/\/help.unhcr.org\/elsalvador\/wp-json\/wp\/v2\/media?parent=335"}],"curies":[{"name":"wp","href":"https:\/\/api.w.org\/{rel}","templated":true}]}}