{"id":5151,"date":"2022-06-23T20:30:26","date_gmt":"2022-06-23T20:30:26","guid":{"rendered":"https:\/\/help.unhcr.org\/ecuador\/?page_id=5151"},"modified":"2025-12-14T21:00:30","modified_gmt":"2025-12-14T21:00:30","slug":"que-hace-acnur-en-ecuador","status":"publish","type":"page","link":"https:\/\/help.unhcr.org\/ecuador\/bienvenido-a\/que-hace-acnur-en-ecuador\/","title":{"rendered":"\u00bfQu\u00e9 hace ACNUR en Ecuador?"},"content":{"rendered":"\n<figure class=\"wp-block-embed is-type-video is-provider-youtube wp-block-embed-youtube wp-embed-aspect-16-9 wp-has-aspect-ratio\"><div class=\"wp-block-embed__wrapper\">\n<iframe loading=\"lazy\" title=\"\u00bfQu\u00e9 hace ACNUR en Ecuador?\" width=\"640\" height=\"360\" src=\"https:\/\/www.youtube.com\/embed\/wq46IvQzC4w?start=5&#038;feature=oembed\" frameborder=\"0\" allow=\"accelerometer; autoplay; clipboard-write; encrypted-media; gyroscope; picture-in-picture; web-share\" referrerpolicy=\"strict-origin-when-cross-origin\" allowfullscreen><\/iframe>\n<\/div><\/figure>\n\n\n\n<p>Desde el a\u00f1o 2000, ACNUR trabaja en Ecuador para brindar protecci\u00f3n a las personas que se han visto obligadas a salir de su lugar de origen y no pueden regresar porque su vida, libertad o integridad corren peligro.<\/p>\n\n\n\n<p>\u26d4 <strong><strong>ACNUR no se encarga de recibir o procesar solicitudes de refugio o apatridia, ni de procesar u otorgar visas. El Estado es el \u00fanico responsable del proceso de refugio y apatridia, as\u00ed como de los procesos migratorios en Ecuador.&nbsp;<\/strong>&nbsp;<\/strong><\/p>\n\n\n\n<p>Nuestra agencia:<\/p>\n\n\n\n<ul class=\"wp-block-list\">\n<li>Apoya al Estado para que las personas forzadas a huir puedan <strong>acceder al proceso de refugio y apatridia de una manera justa, eficiente e inclusiva<\/strong>. Tambi\u00e9n apoya a las personas refugiadas y migrantes con orientaci\u00f3n y asesor\u00eda legal para que puedan<strong> acceder a servicios y derechos, as\u00ed como regularizar su situaci\u00f3n migratoria<\/strong> en Ecuador.&nbsp;<\/li>\n\n\n\n<li>Trabaja junto con instituciones p\u00fablicas, el sector privado y financiero, y socios para apoyar a las personas refugiadas y migrantes a integrarse en la comunidad; es decir, trabajar para que las personas puedan acceder a un empleo, puedan acceder a educaci\u00f3n y a servicios de salud.&nbsp;<\/li>\n<\/ul>\n\n\n\n<p>Si deseas recibir orientaci\u00f3n y asesor\u00eda del ACNUR, puedes comunicarte con la l\u00ednea \u00fanica del ACNUR, disponible aqu\u00ed a la l\u00ednea de atenci\u00f3n \u00fanica de ACNUR \u00a0<a href=\"https:\/\/api.whatsapp.com\/send\/?phone=59323420120&amp;text&amp;type=phone_number&amp;app_absent=0\" target=\"_blank\" rel=\"noreferrer noopener\">\u00a0<a href=\"https:\/\/api.whatsapp.com\/send\/?phone=59323420120&amp;text&amp;type=phone_number&amp;app_absent=0\" target=\"_blank\" rel=\"noreferrer noopener\">+593 23 42 01 20<\/a>\u00a0<\/a><\/p>\n","protected":false},"excerpt":{"rendered":"<p>Desde el a\u00f1o 2000, ACNUR trabaja en Ecuador para brindar protecci\u00f3n a las personas que se han visto obligadas a salir de su lugar de origen y no pueden regresar porque su vida, libertad o integridad corren peligro. \u26d4 ACNUR no se encarga de recibir o procesar solicitudes de refugio o apatridia, ni de procesar [&hellip;]<\/p>\n","protected":false},"author":174,"featured_media":0,"parent":65,"menu_order":1,"comment_status":"closed","ping_status":"closed","template":"","meta":{"_acf_changed":false,"footnotes":""},"class_list":["post-5151","page","type-page","status-publish","hentry"],"acf":[],"_links":{"self":[{"href":"https:\/\/help.unhcr.org\/ecuador\/wp-json\/wp\/v2\/pages\/5151","targetHints":{"allow":["GET"]}}],"collection":[{"href":"https:\/\/help.unhcr.org\/ecuador\/wp-json\/wp\/v2\/pages"}],"about":[{"href":"https:\/\/help.unhcr.org\/ecuador\/wp-json\/wp\/v2\/types\/page"}],"author":[{"embeddable":true,"href":"https:\/\/help.unhcr.org\/ecuador\/wp-json\/wp\/v2\/users\/174"}],"replies":[{"embeddable":true,"href":"https:\/\/help.unhcr.org\/ecuador\/wp-json\/wp\/v2\/comments?post=5151"}],"version-history":[{"count":8,"href":"https:\/\/help.unhcr.org\/ecuador\/wp-json\/wp\/v2\/pages\/5151\/revisions"}],"predecessor-version":[{"id":5869,"href":"https:\/\/help.unhcr.org\/ecuador\/wp-json\/wp\/v2\/pages\/5151\/revisions\/5869"}],"up":[{"embeddable":true,"href":"https:\/\/help.unhcr.org\/ecuador\/wp-json\/wp\/v2\/pages\/65"}],"wp:attachment":[{"href":"https:\/\/help.unhcr.org\/ecuador\/wp-json\/wp\/v2\/media?parent=5151"}],"curies":[{"name":"wp","href":"https:\/\/api.w.org\/{rel}","templated":true}]}}