{"id":318,"date":"2019-07-25T00:28:21","date_gmt":"2019-07-25T00:28:21","guid":{"rendered":"http:\/\/help.unhcr.org\/ecuador\/?page_id=318"},"modified":"2025-12-14T21:33:09","modified_gmt":"2025-12-14T21:33:09","slug":"explotacion-abuso-sexual","status":"publish","type":"page","link":"https:\/\/help.unhcr.org\/ecuador\/bienvenido-a\/explotacion-abuso-sexual\/","title":{"rendered":"Explotaci\u00f3n y abuso sexual por parte de trabajadores humanitarios"},"content":{"rendered":"<p>La explotaci\u00f3n y el abuso sexual son situaciones donde los\/as trabajadores\/as humanitarios\/as abusan de su posici\u00f3n de poder o de la confianza de personas refugiadas, solicitantes de asilo o migrantes para obtener a cambio favores de naturaleza sexual.<\/p>\n<p>Las personas trabajadoras humanitarias tienen <strong>PROHIBIDO<\/strong>:<\/p>\n<p>? Tener relaciones sexuales con menores de 18 a\u00f1os, independientemente de si existe consentimiento.<\/p>\n<p>? Ofrecer dinero, empleo, bienes o servicios a cambio de relaciones sexuales<\/p>\n<p>? Ofrecer asistencia humanitaria (por ejemplo, comida, ropa o refugio) a cambio de favores sexuales.<\/p>\n<p>? Toda relaci\u00f3n sexual mantenida por la fuerza, mediante intimidaci\u00f3n, o a\u00fan cuando exista consentimiento, \u00e9ste se da aprovech\u00e1ndose de la condici\u00f3n de vulnerabilidad de la persona.<\/p>\n<p>? Toda relaci\u00f3n sexual con las personas a las que est\u00e1n brindando asistencia.<\/p>\n<p>? En general, <strong>todo acto o insinuaci\u00f3n de naturaleza sexual<\/strong> que sea solicitada por el o la trabajadora humanitaria a cambio de asistencia, provisi\u00f3n de servicios, o inclusi\u00f3n en programas de apoyo.\u00a0<\/p>\n<p><strong>? Todos estos actos est\u00e1n prohibidos, aun cuando se apele a la voluntad de la v\u00edctima.\u00a0<\/strong><\/p>\n\n\n<figure class=\"wp-block-pullquote\"><blockquote><p><strong>Si fuiste v\u00edctima de explotaci\u00f3n sexual o abuso sexual, o si conoces a alguien que lo fue, \u00a1den\u00fancialo! <\/strong>Escribe un mensaje a <a href=\"mailto:ayudaecuador@unhcr.org\">ayudaecuador@unhcr.org<\/a>\u00a0<\/p><\/blockquote><\/figure>\n\n\n\n<p>Al hacer la denuncia:<\/p>\n\n\n\n<ul class=\"wp-block-list\">\n<li>\u2705 Siempre tendr\u00e1n en cuenta <strong>tu seguridad<\/strong>.<\/li>\n\n\n\n<li>\u2705 La persona a la cual has informado te asesorar\u00e1 y ayudar\u00e1 con cualquier <strong>necesidad inmediata de seguridad, protecci\u00f3n, salud y orientaci\u00f3n legal.<\/strong><\/li>\n\n\n\n<li>\u2705 Si la investigaci\u00f3n determina los hechos, <strong>se tomar\u00e1n medidas disciplinarias graves contra la persona agresora, incluida la terminaci\u00f3n de su contrato.<\/strong><\/li>\n<\/ul>\n\n\n\n<p>? \u00a1<strong>Recuerda!&nbsp;<\/strong><\/p>\n\n\n\n<ul class=\"wp-block-list\">\n<li>Los actos de explotaci\u00f3n sexual y abusos cometidos contra ti NUNCA son tu culpa.<\/li>\n\n\n\n<li>Tu denuncia ser\u00e1 CONFIDENCIAL.<\/li>\n\n\n\n<li>Reportar un incidente no impedir\u00e1 que recibas asistencia de las organizaciones humanitarias.<\/li>\n<\/ul>\n\n\n\n<figure class=\"wp-block-embed is-type-video is-provider-youtube wp-block-embed-youtube wp-embed-aspect-16-9 wp-has-aspect-ratio\"><div class=\"wp-block-embed__wrapper\">\n<iframe loading=\"lazy\" title=\"Prevenci\u00f3n de la explotaci\u00f3n y abuso sexual y fraude en Ecuador.\" width=\"640\" height=\"360\" src=\"https:\/\/www.youtube.com\/embed\/5hWXdD7tMYY?list=PL_Pd8hO72rj8QH0URS5HoyK6Pwi-M2Dcz\" frameborder=\"0\" allow=\"accelerometer; autoplay; clipboard-write; encrypted-media; gyroscope; picture-in-picture; web-share\" referrerpolicy=\"strict-origin-when-cross-origin\" allowfullscreen><\/iframe>\n<\/div><\/figure>\n","protected":false},"excerpt":{"rendered":"<p>La explotaci\u00f3n y el abuso sexual son situaciones donde los\/as trabajadores\/as humanitarios\/as abusan de su posici\u00f3n de poder o de la confianza de personas refugiadas, solicitantes de asilo o migrantes para obtener a cambio favores de naturaleza sexual. Las personas trabajadoras humanitarias tienen PROHIBIDO: ? Tener relaciones sexuales con menores de 18 a\u00f1os, independientemente de [&hellip;]<\/p>\n","protected":false},"author":35,"featured_media":0,"parent":65,"menu_order":12,"comment_status":"closed","ping_status":"closed","template":"page-templates\/listing_page.php","meta":{"_acf_changed":false,"footnotes":""},"class_list":["post-318","page","type-page","status-publish","hentry"],"acf":[],"_links":{"self":[{"href":"https:\/\/help.unhcr.org\/ecuador\/wp-json\/wp\/v2\/pages\/318","targetHints":{"allow":["GET"]}}],"collection":[{"href":"https:\/\/help.unhcr.org\/ecuador\/wp-json\/wp\/v2\/pages"}],"about":[{"href":"https:\/\/help.unhcr.org\/ecuador\/wp-json\/wp\/v2\/types\/page"}],"author":[{"embeddable":true,"href":"https:\/\/help.unhcr.org\/ecuador\/wp-json\/wp\/v2\/users\/35"}],"replies":[{"embeddable":true,"href":"https:\/\/help.unhcr.org\/ecuador\/wp-json\/wp\/v2\/comments?post=318"}],"version-history":[{"count":25,"href":"https:\/\/help.unhcr.org\/ecuador\/wp-json\/wp\/v2\/pages\/318\/revisions"}],"predecessor-version":[{"id":6053,"href":"https:\/\/help.unhcr.org\/ecuador\/wp-json\/wp\/v2\/pages\/318\/revisions\/6053"}],"up":[{"embeddable":true,"href":"https:\/\/help.unhcr.org\/ecuador\/wp-json\/wp\/v2\/pages\/65"}],"wp:attachment":[{"href":"https:\/\/help.unhcr.org\/ecuador\/wp-json\/wp\/v2\/media?parent=318"}],"curies":[{"name":"wp","href":"https:\/\/api.w.org\/{rel}","templated":true}]}}