{"id":1986,"date":"2021-01-27T04:08:53","date_gmt":"2021-01-27T04:08:53","guid":{"rendered":"http:\/\/help.unhcr.org\/ecuador\/?page_id=1986"},"modified":"2021-03-25T17:57:45","modified_gmt":"2021-03-25T17:57:45","slug":"trabajo-y-emprendimiento","status":"publish","type":"page","link":"https:\/\/help.unhcr.org\/ecuador\/bienvenido-a\/recursos-informativos\/materiales-de-comunicacion\/trabajo-y-emprendimiento\/","title":{"rendered":"Trabajo y emprendimiento"},"content":{"rendered":"\n<p>En esta p\u00e1gina podr\u00e1s encontrar&nbsp;? materiales de comunicaci\u00f3n sobre trabajo y emprendimiento. Si quieres m\u00e1s informaci\u00f3n ingresa en esta p\u00e1gina: <a href=\"https:\/\/help.unhcr.org\/ecuador\/bienvenido-a\/educacion-salud-alimentacion-y-otros-servicios\/trabajo-y-emprendimiento\/\">Trabajo y emprendimiento<\/a>.&nbsp;No olvides&nbsp;? <strong>compartir esta informaci\u00f3n con tu comunidad.<\/strong><\/p>\n\n\n\n<ul class=\"wp-block-list\"><li>Escucha esta cu\u00f1a sobre c\u00f3mo trabajar en Ecuador:<\/li><\/ul>\n\n\n\n<figure class=\"wp-block-audio\"><audio controls src=\"https:\/\/help.unhcr.org\/ecuador\/wp-content\/uploads\/sites\/34\/2021\/03\/Empleo.mp3\"><\/audio><figcaption>Para descargar esta cu\u00f1a presiona en<a href=\"http:\/\/bit.ly\/Cu\u00f1aLaboral\"> acceso al empleo.<\/a><\/figcaption><\/figure>\n\n\n\n<ul class=\"wp-block-list\"><li>Para descargar un tr\u00edptico sobre trabajo en Ecuador presiona en <a href=\"http:\/\/bit.ly\/TripticoLaboral\">acceso a trabajo<\/a>.<\/li><\/ul>\n\n\n\n<div class=\"wp-block-image\"><figure class=\"aligncenter\"><img loading=\"lazy\" decoding=\"async\" width=\"300\" height=\"210\" src=\"https:\/\/help.unhcr.org\/ecuador\/wp-content\/uploads\/sites\/34\/2021\/01\/Captura2-300x210.png\" alt=\"\" class=\"wp-image-1987\" srcset=\"https:\/\/help.unhcr.org\/ecuador\/wp-content\/uploads\/sites\/34\/2021\/01\/Captura2-300x210.png 300w, https:\/\/help.unhcr.org\/ecuador\/wp-content\/uploads\/sites\/34\/2021\/01\/Captura2-1024x717.png 1024w, https:\/\/help.unhcr.org\/ecuador\/wp-content\/uploads\/sites\/34\/2021\/01\/Captura2-768x537.png 768w, https:\/\/help.unhcr.org\/ecuador\/wp-content\/uploads\/sites\/34\/2021\/01\/Captura2.png 1186w\" sizes=\"auto, (max-width: 300px) 100vw, 300px\" \/><\/figure><\/div>\n\n\n\n<ul class=\"wp-block-list\"><li>Los materiales de f\u00e1cil lectura est\u00e1n dirigidos para que personas con discapacidad intelectual puedan acceder a la informaci\u00f3n de manera directa. Para acceder al folleto sobre el trabajo en Ecuador presiona en <a href=\"https:\/\/drive.google.com\/file\/d\/15HlFtGmjQ-5Mdd30IahIuW5aFeL3JRUz\/view?usp=sharing\">acceso al trabajo.<\/a><\/li><\/ul>\n\n\n\n<div class=\"wp-block-image\"><figure class=\"aligncenter size-large is-resized\"><img loading=\"lazy\" decoding=\"async\" src=\"https:\/\/help.unhcr.org\/ecuador\/wp-content\/uploads\/sites\/34\/2021\/03\/Empleo.png\" alt=\"\" class=\"wp-image-2429\" width=\"220\" height=\"313\" srcset=\"https:\/\/help.unhcr.org\/ecuador\/wp-content\/uploads\/sites\/34\/2021\/03\/Empleo.png 478w, https:\/\/help.unhcr.org\/ecuador\/wp-content\/uploads\/sites\/34\/2021\/03\/Empleo-211x300.png 211w\" sizes=\"auto, (max-width: 220px) 100vw, 220px\" \/><\/figure><\/div>\n\n\n\n<ul class=\"wp-block-list\"><li>Descarga este video con informaci\u00f3n sobre <a href=\"https:\/\/drive.google.com\/file\/d\/1wdAJxzfpgnX8F84f7AmzJa6VsUjv9DAs\/view?usp=sharing\">acceso al trabajo en Ecuador<\/a>.<\/li><\/ul>\n\n\n\n<div class=\"wp-block-image\"><figure class=\"aligncenter size-large is-resized\"><img loading=\"lazy\" decoding=\"async\" src=\"https:\/\/help.unhcr.org\/ecuador\/wp-content\/uploads\/sites\/34\/2021\/03\/empleo1-1024x517.png\" alt=\"\" class=\"wp-image-2480\" width=\"316\" height=\"158\" srcset=\"https:\/\/help.unhcr.org\/ecuador\/wp-content\/uploads\/sites\/34\/2021\/03\/empleo1-300x151.png 300w, https:\/\/help.unhcr.org\/ecuador\/wp-content\/uploads\/sites\/34\/2021\/03\/empleo1-1536x775.png 1536w\" sizes=\"auto, (max-width: 316px) 100vw, 316px\" \/><\/figure><\/div>\n","protected":false},"excerpt":{"rendered":"<p>En esta p\u00e1gina podr\u00e1s encontrar&nbsp;? materiales de comunicaci\u00f3n sobre trabajo y emprendimiento. Si quieres m\u00e1s informaci\u00f3n ingresa en esta p\u00e1gina: Trabajo y emprendimiento.&nbsp;No olvides&nbsp;? compartir esta informaci\u00f3n con tu comunidad. Escucha esta cu\u00f1a sobre c\u00f3mo trabajar en Ecuador: Para descargar un tr\u00edptico sobre trabajo en Ecuador presiona en acceso a trabajo. Los materiales de f\u00e1cil [&hellip;]<\/p>\n","protected":false},"author":174,"featured_media":0,"parent":1900,"menu_order":9,"comment_status":"closed","ping_status":"closed","template":"page-templates\/listing_page.php","meta":{"_acf_changed":false,"footnotes":""},"class_list":["post-1986","page","type-page","status-publish","hentry"],"acf":[],"_links":{"self":[{"href":"https:\/\/help.unhcr.org\/ecuador\/wp-json\/wp\/v2\/pages\/1986","targetHints":{"allow":["GET"]}}],"collection":[{"href":"https:\/\/help.unhcr.org\/ecuador\/wp-json\/wp\/v2\/pages"}],"about":[{"href":"https:\/\/help.unhcr.org\/ecuador\/wp-json\/wp\/v2\/types\/page"}],"author":[{"embeddable":true,"href":"https:\/\/help.unhcr.org\/ecuador\/wp-json\/wp\/v2\/users\/174"}],"replies":[{"embeddable":true,"href":"https:\/\/help.unhcr.org\/ecuador\/wp-json\/wp\/v2\/comments?post=1986"}],"version-history":[{"count":12,"href":"https:\/\/help.unhcr.org\/ecuador\/wp-json\/wp\/v2\/pages\/1986\/revisions"}],"predecessor-version":[{"id":2486,"href":"https:\/\/help.unhcr.org\/ecuador\/wp-json\/wp\/v2\/pages\/1986\/revisions\/2486"}],"up":[{"embeddable":true,"href":"https:\/\/help.unhcr.org\/ecuador\/wp-json\/wp\/v2\/pages\/1900"}],"wp:attachment":[{"href":"https:\/\/help.unhcr.org\/ecuador\/wp-json\/wp\/v2\/media?parent=1986"}],"curies":[{"name":"wp","href":"https:\/\/api.w.org\/{rel}","templated":true}]}}

<p>En esta página podrás encontrar&nbsp;? materiales de comunicación sobre trabajo y emprendimiento. Si quieres más información ingresa en esta página: <a href="https://help.unhcr.org/ecuador/bienvenido-a/educacion-salud-alimentacion-y-otros-servicios/trabajo-y-emprendimiento/">Trabajo y emprendimiento</a>.&nbsp;No olvides&nbsp;? <strong>compartir esta información con tu comunidad.</strong></p>



<ul class="wp-block-list"><li>Escucha esta cuña sobre cómo trabajar en Ecuador:</li></ul>



<figure class="wp-block-audio"><audio controls src="https://help.unhcr.org/ecuador/wp-content/uploads/sites/34/2021/03/Empleo.mp3"></audio><figcaption>Para descargar esta cuña presiona en<a href="http://bit.ly/CuñaLaboral"> acceso al empleo.</a></figcaption></figure>



<ul class="wp-block-list"><li>Para descargar un tríptico sobre trabajo en Ecuador presiona en <a href="http://bit.ly/TripticoLaboral">acceso a trabajo</a>.</li></ul>



<div class="wp-block-image"><figure class="aligncenter"><img loading="lazy" decoding="async" width="300" height="210" src="https://help.unhcr.org/ecuador/wp-content/uploads/sites/34/2021/01/Captura2-300x210.png" alt="" class="wp-image-1987" srcset="https://help.unhcr.org/ecuador/wp-content/uploads/sites/34/2021/01/Captura2-300x210.png 300w, https://help.unhcr.org/ecuador/wp-content/uploads/sites/34/2021/01/Captura2-1024x717.png 1024w, https://help.unhcr.org/ecuador/wp-content/uploads/sites/34/2021/01/Captura2-768x537.png 768w, https://help.unhcr.org/ecuador/wp-content/uploads/sites/34/2021/01/Captura2.png 1186w" sizes="auto, (max-width: 300px) 100vw, 300px" /></figure></div>



<ul class="wp-block-list"><li>Los materiales de fácil lectura están dirigidos para que personas con discapacidad intelectual puedan acceder a la información de manera directa. Para acceder al folleto sobre el trabajo en Ecuador presiona en <a href="https://drive.google.com/file/d/15HlFtGmjQ-5Mdd30IahIuW5aFeL3JRUz/view?usp=sharing">acceso al trabajo.</a></li></ul>



<div class="wp-block-image"><figure class="aligncenter size-large is-resized"><img loading="lazy" decoding="async" src="https://help.unhcr.org/ecuador/wp-content/uploads/sites/34/2021/03/Empleo.png" alt="" class="wp-image-2429" width="220" height="313" srcset="https://help.unhcr.org/ecuador/wp-content/uploads/sites/34/2021/03/Empleo.png 478w, https://help.unhcr.org/ecuador/wp-content/uploads/sites/34/2021/03/Empleo-211x300.png 211w" sizes="auto, (max-width: 220px) 100vw, 220px" /></figure></div>



<ul class="wp-block-list"><li>Descarga este video con información sobre <a href="https://drive.google.com/file/d/1wdAJxzfpgnX8F84f7AmzJa6VsUjv9DAs/view?usp=sharing">acceso al trabajo en Ecuador</a>.</li></ul>



<div class="wp-block-image"><figure class="aligncenter size-large is-resized"><img loading="lazy" decoding="async" src="https://help.unhcr.org/ecuador/wp-content/uploads/sites/34/2021/03/empleo1-1024x517.png" alt="" class="wp-image-2480" width="316" height="158" srcset="https://help.unhcr.org/ecuador/wp-content/uploads/sites/34/2021/03/empleo1-300x151.png 300w, https://help.unhcr.org/ecuador/wp-content/uploads/sites/34/2021/03/empleo1-1536x775.png 1536w" sizes="auto, (max-width: 316px) 100vw, 316px" /></figure></div>

<p>En esta página podrás encontrar&nbsp;? materiales de comunicación sobre trabajo y emprendimiento. Si quieres más información ingresa en esta página: Trabajo y emprendimiento.&nbsp;No olvides&nbsp;? compartir esta información con tu comunidad. Escucha esta cuña sobre cómo trabajar en Ecuador: Para descargar un tríptico sobre trabajo en Ecuador presiona en acceso a trabajo. Los materiales de fácil [&hellip;]</p>
