{"id":1707,"date":"2020-12-02T03:49:33","date_gmt":"2020-12-02T03:49:33","guid":{"rendered":"http:\/\/help.unhcr.org\/ecuador\/?page_id=1707"},"modified":"2022-04-21T16:48:43","modified_gmt":"2022-04-21T16:48:43","slug":"cuales-son-los-sintomas-y-como-se-propaga","status":"publish","type":"page","link":"https:\/\/help.unhcr.org\/ecuador\/bienvenido-a\/medidas-de-prevencion-contra-la-covid-19-2\/cuales-son-los-sintomas-y-como-se-propaga\/","title":{"rendered":"\u00bfCu\u00e1les son los s\u00edntomas y c\u00f3mo se propaga?"},"content":{"rendered":"\n<ul class=\"wp-block-list\"><li>Los s\u00edntomas m\u00e1s comunes son ? <strong>fiebre<\/strong>, ? <strong>cansancio<\/strong> y <img loading=\"lazy\" decoding=\"async\" width=\"18\" height=\"18\" src=\"https:\/\/help.unhcr.org\/ecuador\/wp-content\/uploads\/sites\/34\/2020\/06\/1500386.png\" alt=\"\"><strong>\u00a0tos seca.<\/strong> Algunas personas con COVID-19 tambi\u00e9n presentan ? dolores, ? congesti\u00f3n nasal, <img loading=\"lazy\" decoding=\"async\" width=\"18\" height=\"16\" src=\"https:\/\/help.unhcr.org\/ecuador\/wp-content\/uploads\/sites\/34\/2020\/06\/icono-de-dolor-de-garganta-p8gr5a.jpg\" alt=\"\">\u00a0dolor de garganta o diarrea. Los s\u00edntomas suelen ser leves y aparecen de forma gradual.<\/li><li>Se propaga por <strong>contacto con ? got\u00edculas<\/strong> procedentes de la nariz o la boca de una persona infectada, cuando tose o exhala. Estas got\u00edculas caen sobre objetos y superficies que la rodean. Otras personas pueden contraer la COVID-19<strong> si tocan estos objetos o superficies y luego se tocan los ? ojos, la ?? nariz o la ? boca<\/strong>, o si inhalan las got\u00edculas.<\/li><\/ul>\n","protected":false},"excerpt":{"rendered":"<p>Los s\u00edntomas m\u00e1s comunes son ? fiebre, ? cansancio y \u00a0tos seca. Algunas personas con COVID-19 tambi\u00e9n presentan ? dolores, ? congesti\u00f3n nasal, \u00a0dolor de garganta o diarrea. Los s\u00edntomas suelen ser leves y aparecen de forma gradual. Se propaga por contacto con ? got\u00edculas procedentes de la nariz o la boca de una persona [&hellip;]<\/p>\n","protected":false},"author":35,"featured_media":0,"parent":818,"menu_order":1,"comment_status":"closed","ping_status":"closed","template":"","meta":{"_acf_changed":false,"footnotes":""},"class_list":["post-1707","page","type-page","status-publish","hentry"],"acf":[],"_links":{"self":[{"href":"https:\/\/help.unhcr.org\/ecuador\/wp-json\/wp\/v2\/pages\/1707","targetHints":{"allow":["GET"]}}],"collection":[{"href":"https:\/\/help.unhcr.org\/ecuador\/wp-json\/wp\/v2\/pages"}],"about":[{"href":"https:\/\/help.unhcr.org\/ecuador\/wp-json\/wp\/v2\/types\/page"}],"author":[{"embeddable":true,"href":"https:\/\/help.unhcr.org\/ecuador\/wp-json\/wp\/v2\/users\/35"}],"replies":[{"embeddable":true,"href":"https:\/\/help.unhcr.org\/ecuador\/wp-json\/wp\/v2\/comments?post=1707"}],"version-history":[{"count":4,"href":"https:\/\/help.unhcr.org\/ecuador\/wp-json\/wp\/v2\/pages\/1707\/revisions"}],"predecessor-version":[{"id":5073,"href":"https:\/\/help.unhcr.org\/ecuador\/wp-json\/wp\/v2\/pages\/1707\/revisions\/5073"}],"up":[{"embeddable":true,"href":"https:\/\/help.unhcr.org\/ecuador\/wp-json\/wp\/v2\/pages\/818"}],"wp:attachment":[{"href":"https:\/\/help.unhcr.org\/ecuador\/wp-json\/wp\/v2\/media?parent=1707"}],"curies":[{"name":"wp","href":"https:\/\/api.w.org\/{rel}","templated":true}]}}