{"id":1650,"date":"2020-12-01T20:40:11","date_gmt":"2020-12-01T20:40:11","guid":{"rendered":"http:\/\/help.unhcr.org\/ecuador\/?page_id=1650"},"modified":"2025-12-14T21:10:16","modified_gmt":"2025-12-14T21:10:16","slug":"clima","status":"publish","type":"page","link":"https:\/\/help.unhcr.org\/ecuador\/bienvenido-a\/informacion-general-sobre-ecuador\/clima\/","title":{"rendered":"Clima"},"content":{"rendered":"\n<p>Ecuador tiene 3 regiones geogr\u00e1ficas y las Islas Gal\u00e1pagos, cada una de estas tiene un clima diferente. Encuentra  m\u00e1s informaci\u00f3n abajo.<\/p>\n\n\n\n<p><\/p>\n\n\n\n<p><\/p>\n\n\n\n<p><\/p>\n\n\n\n<p><\/p>\n","protected":false},"excerpt":{"rendered":"<p>Ecuador tiene 3 regiones geogr\u00e1ficas y las Islas Gal\u00e1pagos, cada una de estas tiene un clima diferente. Encuentra m\u00e1s informaci\u00f3n abajo.<\/p>\n","protected":false},"author":35,"featured_media":0,"parent":1401,"menu_order":3,"comment_status":"closed","ping_status":"closed","template":"page-templates\/sectioned.php","meta":{"_acf_changed":false,"footnotes":""},"class_list":["post-1650","page","type-page","status-publish","hentry"],"acf":[],"_links":{"self":[{"href":"https:\/\/help.unhcr.org\/ecuador\/wp-json\/wp\/v2\/pages\/1650","targetHints":{"allow":["GET"]}}],"collection":[{"href":"https:\/\/help.unhcr.org\/ecuador\/wp-json\/wp\/v2\/pages"}],"about":[{"href":"https:\/\/help.unhcr.org\/ecuador\/wp-json\/wp\/v2\/types\/page"}],"author":[{"embeddable":true,"href":"https:\/\/help.unhcr.org\/ecuador\/wp-json\/wp\/v2\/users\/35"}],"replies":[{"embeddable":true,"href":"https:\/\/help.unhcr.org\/ecuador\/wp-json\/wp\/v2\/comments?post=1650"}],"version-history":[{"count":13,"href":"https:\/\/help.unhcr.org\/ecuador\/wp-json\/wp\/v2\/pages\/1650\/revisions"}],"predecessor-version":[{"id":5965,"href":"https:\/\/help.unhcr.org\/ecuador\/wp-json\/wp\/v2\/pages\/1650\/revisions\/5965"}],"up":[{"embeddable":true,"href":"https:\/\/help.unhcr.org\/ecuador\/wp-json\/wp\/v2\/pages\/1401"}],"wp:attachment":[{"href":"https:\/\/help.unhcr.org\/ecuador\/wp-json\/wp\/v2\/media?parent=1650"}],"curies":[{"name":"wp","href":"https:\/\/api.w.org\/{rel}","templated":true}]}}

<p>Ecuador tiene 3 regiones geográficas y las Islas Galápagos, cada una de estas tiene un clima diferente. Encuentra  más información abajo.</p>



<p></p>



<p></p>



<p></p>



<p></p>

<p>Ecuador tiene 3 regiones geográficas y las Islas Galápagos, cada una de estas tiene un clima diferente. Encuentra más información abajo.</p>
