{"id":1342,"date":"2020-11-18T04:22:54","date_gmt":"2020-11-18T04:22:54","guid":{"rendered":"http:\/\/help.unhcr.org\/ecuador\/?page_id=1342"},"modified":"2021-05-07T20:09:34","modified_gmt":"2021-05-07T20:09:34","slug":"fundacion-lunita-lunera","status":"publish","type":"page","link":"https:\/\/help.unhcr.org\/ecuador\/fundacion-lunita-lunera\/","title":{"rendered":"Fundaci\u00f3n Lunita Lunera"},"content":{"rendered":"\n<p>Ofrece orientaci\u00f3n sobre acceso al procedimiento de refugio y sobre derechos de la poblaci\u00f3n LGBTI+. La fundaci\u00f3n atiende en Esmeraldas y Sucumb\u00edos, abajo puedes encontrar los n\u00fameros de contacto.<\/p>\n","protected":false},"excerpt":{"rendered":"<p>Ofrece orientaci\u00f3n sobre acceso al procedimiento de refugio y sobre derechos de la poblaci\u00f3n LGBTI+. La fundaci\u00f3n atiende en Esmeraldas y Sucumb\u00edos, abajo puedes encontrar los n\u00fameros de contacto.<\/p>\n","protected":false},"author":35,"featured_media":0,"parent":0,"menu_order":0,"comment_status":"closed","ping_status":"closed","template":"page-templates\/sectioned.php","meta":{"_acf_changed":false,"footnotes":""},"class_list":["post-1342","page","type-page","status-publish","hentry"],"acf":[],"_links":{"self":[{"href":"https:\/\/help.unhcr.org\/ecuador\/wp-json\/wp\/v2\/pages\/1342","targetHints":{"allow":["GET"]}}],"collection":[{"href":"https:\/\/help.unhcr.org\/ecuador\/wp-json\/wp\/v2\/pages"}],"about":[{"href":"https:\/\/help.unhcr.org\/ecuador\/wp-json\/wp\/v2\/types\/page"}],"author":[{"embeddable":true,"href":"https:\/\/help.unhcr.org\/ecuador\/wp-json\/wp\/v2\/users\/35"}],"replies":[{"embeddable":true,"href":"https:\/\/help.unhcr.org\/ecuador\/wp-json\/wp\/v2\/comments?post=1342"}],"version-history":[{"count":4,"href":"https:\/\/help.unhcr.org\/ecuador\/wp-json\/wp\/v2\/pages\/1342\/revisions"}],"predecessor-version":[{"id":2855,"href":"https:\/\/help.unhcr.org\/ecuador\/wp-json\/wp\/v2\/pages\/1342\/revisions\/2855"}],"wp:attachment":[{"href":"https:\/\/help.unhcr.org\/ecuador\/wp-json\/wp\/v2\/media?parent=1342"}],"curies":[{"name":"wp","href":"https:\/\/api.w.org\/{rel}","templated":true}]}}