{"id":223,"date":"2020-04-06T19:58:01","date_gmt":"2020-04-06T19:58:01","guid":{"rendered":"http:\/\/help.unhcr.org\/dominicanrepublic\/?page_id=223"},"modified":"2026-01-26T09:27:41","modified_gmt":"2026-01-26T09:27:41","slug":"solicitud-condicion-refugio","status":"publish","type":"page","link":"https:\/\/help.unhcr.org\/dominicanrepublic\/solicitud-condicion-refugio\/","title":{"rendered":"Solicitud de la Condici\u00f3n de Refugiado"},"content":{"rendered":"\n<p class=\"has-medium-font-size\">Una persona refugiada es alguien que se ha visto obligada a abandonar su pa\u00eds de origen o de residencia habitual debido a situaciones comprobadas de persecuci\u00f3n por motivos de raza, religi\u00f3n, nacionalidad, opiniones pol\u00edticas o pertenencia a un determinado grupo social. Las personas refugiadas han enfrentado graves violaciones de derechos humanos a causa de la violencia y los conflictos, y tienen un temor fundado de regresar a su pa\u00eds.<\/p>\n\n\n\n<p class=\"has-medium-font-size\"> Han llegado a la Rep\u00fablica Dominicana en busca de la protecci\u00f3n que no encontraron en su propio pa\u00eds. El gobierno dominicano, a trav\u00e9s de la Oficina Nacional para los Refugiados (ONR) y la Comisi\u00f3n Nacional para los Refugiados (CONARE), es responsable de revisar los casos y determinar qui\u00e9n es reconocido como refugiado en el pa\u00eds.<\/p>\n\n\n\n<p class=\"has-medium-font-size\">El procedimiento es completamente confidencial, lo que significa que la informaci\u00f3n compartida con las autoridades es de uso exclusivo de estas instituciones y no ser\u00e1 divulgada a terceros ni a autoridades del pa\u00eds de origen del solicitante. Este proceso es personal y gratuito, y no requiere intermediarios.<\/p>\n\n\n\t\t<div\n\t\t\tclass=\"topic-listing topic-listing__list-wrap content-listing__seven-styles content-listing__icon-style    wp-block-help-unhcr-topic-listing\"\t\t\t\t\t>\t\n\t\t\t\t\t\t\t\t\t\t\t\t\t<div class=\"topic-listing__row  row g-16 content-listing__icon-style\">\n\t\t\t\t\t\t\t\t\t\t\t<div class=\" btn-primary content-listing__item show-items-hover-wrap btn-has-center-icon col-sm-6 col-md-4 col-lg-3 col-xl-2 col-xxl-2\">\n\t\t\t\t\t\t\t<div class=\"btn rounded fw-bolder button-block-a__inner btn-primary text-center\">\n\t\t\t\t\t\t\t\t\t\t\t\t\t\t\t\t\t\t\t\t\t\t\t\t\t<div class='button-block-a__inner-icon p-16 '>\n\t\t\t\t\t\t\t\t\t\t<img decoding=\"async\" width=\"64px\" height=\"64px\" class=\"button-block-a__img \" src=\"https:\/\/help.unhcr.org\/dominicanrepublic\/wp-content\/uploads\/sites\/32\/2024\/06\/Case-management.png\" alt=\"\u00bfQui\u00e9n es una persona solicitante de la condici\u00f3n de refugiado?\" \/>\n\t\t\t\t\t\t\t\t\t<\/div>\n\t\t\t\t\t\t\t\t\n\t\t\t\t\t\t\t\t\n\t\t\t\t\t\t\t\t\n\t\t\t\t\t\t\t\t\n\t\t\t\t\t\t\t\t\t\t\t\t\t\t\t\t\t\t\t\t\t\t\t\t\t\t\t\t\t\t\t\t\t\t\t\t\t\t\t\t\t\t\t\t\t\t\t\t\t\t\t\t\t<p class=\"button-block-a__inner-text  p-10 d-flex align-items-center justify-content-center\">\n\t\t\t\t\t\t\t\t\t\t<a href=\"https:\/\/help.unhcr.org\/dominicanrepublic\/solicitud-condicion-refugio\/quien-solicitante-condicion-refugiado\/\" >\u00bfQui\u00e9n es una persona solicitante de la condici\u00f3n de refugiado?<\/a>\n\t\t\t\t\t\t\t\t\t<\/p>\n\t\t\t\t\t\t\t\t\t\t\t\t\t\t\t\t\t\t\t\t\t\t\t\t<\/div>\n\t\t\t\t\t\t<\/div>\n\t\t\t\t\t\t\t\t\t\t\t\t<div class=\" btn-primary content-listing__item show-items-hover-wrap btn-has-center-icon col-sm-6 col-md-4 col-lg-3 col-xl-2 col-xxl-2\">\n\t\t\t\t\t\t\t<div class=\"btn rounded fw-bolder button-block-a__inner btn-primary text-center\">\n\t\t\t\t\t\t\t\t\t\t\t\t\t\t\t\t\t\t\t\t\t\t\t\t\t<div class='button-block-a__inner-icon p-16 '>\n\t\t\t\t\t\t\t\t\t\t<img decoding=\"async\" width=\"64px\" height=\"64px\" class=\"button-block-a__img \" src=\"https:\/\/help.unhcr.org\/dominicanrepublic\/wp-content\/uploads\/sites\/32\/2024\/06\/Refugee.png\" alt=\"\u00bfQui\u00e9n es una persona refugiada?\" \/>\n\t\t\t\t\t\t\t\t\t<\/div>\n\t\t\t\t\t\t\t\t\n\t\t\t\t\t\t\t\t\n\t\t\t\t\t\t\t\t\n\t\t\t\t\t\t\t\t\n\t\t\t\t\t\t\t\t\t\t\t\t\t\t\t\t\t\t\t\t\t\t\t\t\t\t\t\t\t\t\t\t\t\t\t\t\t\t\t\t\t\t\t\t\t\t\t\t\t\t\t\t\t<p class=\"button-block-a__inner-text  p-10 d-flex align-items-center justify-content-center\">\n\t\t\t\t\t\t\t\t\t\t<a href=\"https:\/\/help.unhcr.org\/dominicanrepublic\/solicitud-condicion-refugio\/quien-persona-refugiada\/\" >\u00bfQui\u00e9n es una persona refugiada?<\/a>\n\t\t\t\t\t\t\t\t\t<\/p>\n\t\t\t\t\t\t\t\t\t\t\t\t\t\t\t\t\t\t\t\t\t\t\t\t<\/div>\n\t\t\t\t\t\t<\/div>\n\t\t\t\t\t\t\t\t\t\t\t\t<div class=\" btn-primary content-listing__item show-items-hover-wrap btn-has-center-icon col-sm-6 col-md-4 col-lg-3 col-xl-2 col-xxl-2\">\n\t\t\t\t\t\t\t<div class=\"btn rounded fw-bolder button-block-a__inner btn-primary text-center\">\n\t\t\t\t\t\t\t\t\t\t\t\t\t\t\t\t\t\t\t\t\t\t\t\t\t<div class='button-block-a__inner-icon p-16 '>\n\t\t\t\t\t\t\t\t\t\t<img decoding=\"async\" width=\"64px\" height=\"64px\" class=\"button-block-a__img \" src=\"https:\/\/help.unhcr.org\/dominicanrepublic\/wp-content\/uploads\/sites\/32\/2024\/06\/Missing.png\" alt=\"\u00bfC\u00f3mo solicitar la condici\u00f3n de refugio en Rep\u00fablica Dominicana?\" \/>\n\t\t\t\t\t\t\t\t\t<\/div>\n\t\t\t\t\t\t\t\t\n\t\t\t\t\t\t\t\t\n\t\t\t\t\t\t\t\t\n\t\t\t\t\t\t\t\t\n\t\t\t\t\t\t\t\t\t\t\t\t\t\t\t\t\t\t\t\t\t\t\t\t\t\t\t\t\t\t\t\t\t\t\t\t\t\t\t\t\t\t\t\t\t\t\t\t\t\t\t\t\t<p class=\"button-block-a__inner-text  p-10 d-flex align-items-center justify-content-center\">\n\t\t\t\t\t\t\t\t\t\t<a href=\"https:\/\/help.unhcr.org\/dominicanrepublic\/solicitud-condicion-refugio\/como-solicitar-condicion-refugio\/\" >\u00bfC\u00f3mo solicitar la condici\u00f3n de refugio en Rep\u00fablica Dominicana?<\/a>\n\t\t\t\t\t\t\t\t\t<\/p>\n\t\t\t\t\t\t\t\t\t\t\t\t\t\t\t\t\t\t\t\t\t\t\t\t<\/div>\n\t\t\t\t\t\t<\/div>\n\t\t\t\t\t\t\t\t\t\t<\/div>\n\t\t\t\t\t<\/div>\n\t\t\n\n\t\t<div\n\t\t\tclass=\"topic-listing topic-listing__list-wrap content-listing__seven-styles content-listing__button-bg-style    wp-block-help-unhcr-topic-listing\"\t\t\t\t\t>\t\n\t\t\t\t\t\t\t<h2 class=\"topic-listing__heading\"  >Ver tambi\u00e9n<\/h2>\n\t\t\t\t\t\t\t\t\t\t\t\t\t<div class=\"topic-listing__row topic-listing__three-column  content-listing__button-bg-style\">\n\t\t\t\t\t\t\t\t\t\t\t<div class=\" btn-primary content-listing__item show-items-hover-wrap btn-has-center-icon \">\n\t\t\t\t\t\t\t<div class=\"btn rounded fw-bolder button-block-a__inner btn-primary \">\n\t\t\t\t\t\t\t\t\t\t\t\t\t\t\t\t\n\t\t\t\t\t\t\t\t\n\t\t\t\t\t\t\t\t\n\t\t\t\t\t\t\t\t\n\t\t\t\t\t\t\t\t\t\t\t\t\t\t\t\t\t\t\t\t\t\t\t\t\t\t\t\t\t\t\t\t\t\t\t\t\t\t\t\t\t\t\t\t\t\t\t\t\t\t\t\t\t<p class=\"button-block-a__inner-text  \">\n\t\t\t\t\t\t\t\t\t\t<a href=\"https:\/\/help.unhcr.org\/dominicanrepublic\/donde-encontrar-ayuda\/acnur\/\" >Ayuda ACNUR<\/a>\n\t\t\t\t\t\t\t\t\t<\/p>\n\t\t\t\t\t\t\t\t\t\t\t\t\t\t\t\t\t\t\t<div class=\"button-block-a__sub-text-wrap\">\n\t\t\t\t\t\t\t\t\t\t\t\t\t\t\t\t\t\t\t\t\t\t\t<svg class=\"help-icon-arrow\" width=\"20\" height=\"20\" viewBox=\"0 0 15 15\" fill=\"none\" xmlns=\"http:\/\/www.w3.org\/2000\/svg\">\n\t\t\t\t\t\t\t\t\t\t\t\t\t<path fill-rule=\"evenodd\" clip-rule=\"evenodd\" d=\"M4.55269 1.65017C4.59913 1.60652 4.65431 1.57189 4.71505 1.54826C4.7758 1.52462 4.84092 1.51246 4.90669 1.51246C4.97245 1.51246 5.03758 1.52462 5.09832 1.54826C5.15907 1.57189 5.21424 1.60652 5.26069 1.65017L11.2607 7.27517C11.3073 7.31872 11.3442 7.37044 11.3694 7.42739C11.3946 7.48434 11.4076 7.54539 11.4076 7.60705C11.4076 7.66871 11.3946 7.72976 11.3694 7.7867C11.3442 7.84365 11.3073 7.89538 11.2607 7.93892L5.26069 13.5639C5.1668 13.6519 5.03946 13.7014 4.90669 13.7014C4.77391 13.7014 4.64657 13.6519 4.55269 13.5639C4.4588 13.4759 4.40606 13.3565 4.40606 13.232C4.40606 13.1076 4.4588 12.9882 4.55269 12.9002L10.1997 7.60705L4.55269 2.31392C4.50612 2.27038 4.46918 2.21865 4.44397 2.16171C4.41877 2.10476 4.40579 2.04371 4.40579 1.98205C4.40579 1.92039 4.41877 1.85934 4.44397 1.80239C4.46918 1.74544 4.50612 1.69372 4.55269 1.65017Z\" fill=\"currentColor\"\/>\n\t\t\t\t\t\t\t\t\t\t\t\t\t<path fill-rule=\"evenodd\" clip-rule=\"evenodd\" d=\"M5.23806 1.28613C4.95553 1.28613 4.67273 1.38737 4.45704 1.58958C4.02539 1.99399 4.02539 2.64981 4.45704 3.05423L9.19945 7.49998L4.45704 11.946C4.02539 12.3504 4.02539 13.0062 4.45704 13.4106C4.88842 13.8151 5.58796 13.8151 6.01934 13.4106L11.5428 8.23244C11.9741 7.82802 11.9741 7.1722 11.5428 6.76778L6.01934 1.58958C5.80365 1.38737 5.52086 1.28613 5.23806 1.28613Z\" fill=\"currentColor\"\/>\n\t\t\t\t\t\t\t\t\t\t\t\t<\/svg>\n\t\t\t\t\t\t\t\t\t\t\t\t\n\t\t\t\t\t\t\t\t\t\t\t\t\t\t\t\t\t\t\t\t\t\t\t\t\t\t\t\t\t\t\t\t\t\t\t\t\t\t\t\t\t\t\t<\/div>\n\t\t\t\t\t\t\t\t\t\t\t\t\t\t\t\t\t\t\t\t\t\t\t\t<\/div>\n\t\t\t\t\t\t<\/div>\n\t\t\t\t\t\t\t\t\t\t\t\t<div class=\" btn-primary content-listing__item show-items-hover-wrap btn-has-center-icon \">\n\t\t\t\t\t\t\t<div class=\"btn rounded fw-bolder button-block-a__inner btn-primary \">\n\t\t\t\t\t\t\t\t\t\t\t\t\t\t\t\t\n\t\t\t\t\t\t\t\t\n\t\t\t\t\t\t\t\t\n\t\t\t\t\t\t\t\t\n\t\t\t\t\t\t\t\t\t\t\t\t\t\t\t\t\t\t\t\t\t\t\t\t\t\t\t\t\t\t\t\t\t\t\t\t\t\t\t\t\t\t\t\t\t\t\t\t\t\t\t\t\t<p class=\"button-block-a__inner-text  \">\n\t\t\t\t\t\t\t\t\t\t<a href=\"https:\/\/help.unhcr.org\/dominicanrepublic\/donde-encontrar-ayuda\/solicitantes-asilo-refugio-refugiadas\/\" >Asistencia para solicitantes de asilo o refugio y personas refugiadas<\/a>\n\t\t\t\t\t\t\t\t\t<\/p>\n\t\t\t\t\t\t\t\t\t\t\t\t\t\t\t\t\t\t\t<div class=\"button-block-a__sub-text-wrap\">\n\t\t\t\t\t\t\t\t\t\t\t\t\t\t\t\t\t\t\t\t\t\t\t<svg class=\"help-icon-arrow\" width=\"20\" height=\"20\" viewBox=\"0 0 15 15\" fill=\"none\" xmlns=\"http:\/\/www.w3.org\/2000\/svg\">\n\t\t\t\t\t\t\t\t\t\t\t\t\t<path fill-rule=\"evenodd\" clip-rule=\"evenodd\" d=\"M4.55269 1.65017C4.59913 1.60652 4.65431 1.57189 4.71505 1.54826C4.7758 1.52462 4.84092 1.51246 4.90669 1.51246C4.97245 1.51246 5.03758 1.52462 5.09832 1.54826C5.15907 1.57189 5.21424 1.60652 5.26069 1.65017L11.2607 7.27517C11.3073 7.31872 11.3442 7.37044 11.3694 7.42739C11.3946 7.48434 11.4076 7.54539 11.4076 7.60705C11.4076 7.66871 11.3946 7.72976 11.3694 7.7867C11.3442 7.84365 11.3073 7.89538 11.2607 7.93892L5.26069 13.5639C5.1668 13.6519 5.03946 13.7014 4.90669 13.7014C4.77391 13.7014 4.64657 13.6519 4.55269 13.5639C4.4588 13.4759 4.40606 13.3565 4.40606 13.232C4.40606 13.1076 4.4588 12.9882 4.55269 12.9002L10.1997 7.60705L4.55269 2.31392C4.50612 2.27038 4.46918 2.21865 4.44397 2.16171C4.41877 2.10476 4.40579 2.04371 4.40579 1.98205C4.40579 1.92039 4.41877 1.85934 4.44397 1.80239C4.46918 1.74544 4.50612 1.69372 4.55269 1.65017Z\" fill=\"currentColor\"\/>\n\t\t\t\t\t\t\t\t\t\t\t\t\t<path fill-rule=\"evenodd\" clip-rule=\"evenodd\" d=\"M5.23806 1.28613C4.95553 1.28613 4.67273 1.38737 4.45704 1.58958C4.02539 1.99399 4.02539 2.64981 4.45704 3.05423L9.19945 7.49998L4.45704 11.946C4.02539 12.3504 4.02539 13.0062 4.45704 13.4106C4.88842 13.8151 5.58796 13.8151 6.01934 13.4106L11.5428 8.23244C11.9741 7.82802 11.9741 7.1722 11.5428 6.76778L6.01934 1.58958C5.80365 1.38737 5.52086 1.28613 5.23806 1.28613Z\" fill=\"currentColor\"\/>\n\t\t\t\t\t\t\t\t\t\t\t\t<\/svg>\n\t\t\t\t\t\t\t\t\t\t\t\t\n\t\t\t\t\t\t\t\t\t\t\t\t\t\t\t\t\t\t\t\t\t\t\t\t\t\t\t\t\t\t\t\t\t\t\t\t\t\t\t\t\t\t\t<\/div>\n\t\t\t\t\t\t\t\t\t\t\t\t\t\t\t\t\t\t\t\t\t\t\t\t<\/div>\n\t\t\t\t\t\t<\/div>\n\t\t\t\t\t\t\t\t\t\t\t\t<div class=\" btn-primary content-listing__item show-items-hover-wrap btn-has-center-icon \">\n\t\t\t\t\t\t\t<div class=\"btn rounded fw-bolder button-block-a__inner btn-primary \">\n\t\t\t\t\t\t\t\t\t\t\t\t\t\t\t\t\n\t\t\t\t\t\t\t\t\n\t\t\t\t\t\t\t\t\n\t\t\t\t\t\t\t\t\n\t\t\t\t\t\t\t\t\t\t\t\t\t\t\t\t\t\t\t\t\t\t\t\t\t\t\t\t\t\t\t\t\t\t\t\t\t\t\t\t\t\t\t\t\t\t\t\t\t\t\t\t\t<p class=\"button-block-a__inner-text  \">\n\t\t\t\t\t\t\t\t\t\t<a href=\"https:\/\/help.unhcr.org\/dominicanrepublic\/donde-encontrar-ayuda\/personas-busqueda-solucion-nacionalidad\/\" >Asistencia para personas en b\u00fasqueda de una soluci\u00f3n de nacionalidad<\/a>\n\t\t\t\t\t\t\t\t\t<\/p>\n\t\t\t\t\t\t\t\t\t\t\t\t\t\t\t\t\t\t\t<div class=\"button-block-a__sub-text-wrap\">\n\t\t\t\t\t\t\t\t\t\t\t\t\t\t\t\t\t\t\t\t\t\t\t<svg class=\"help-icon-arrow\" width=\"20\" height=\"20\" viewBox=\"0 0 15 15\" fill=\"none\" xmlns=\"http:\/\/www.w3.org\/2000\/svg\">\n\t\t\t\t\t\t\t\t\t\t\t\t\t<path fill-rule=\"evenodd\" clip-rule=\"evenodd\" d=\"M4.55269 1.65017C4.59913 1.60652 4.65431 1.57189 4.71505 1.54826C4.7758 1.52462 4.84092 1.51246 4.90669 1.51246C4.97245 1.51246 5.03758 1.52462 5.09832 1.54826C5.15907 1.57189 5.21424 1.60652 5.26069 1.65017L11.2607 7.27517C11.3073 7.31872 11.3442 7.37044 11.3694 7.42739C11.3946 7.48434 11.4076 7.54539 11.4076 7.60705C11.4076 7.66871 11.3946 7.72976 11.3694 7.7867C11.3442 7.84365 11.3073 7.89538 11.2607 7.93892L5.26069 13.5639C5.1668 13.6519 5.03946 13.7014 4.90669 13.7014C4.77391 13.7014 4.64657 13.6519 4.55269 13.5639C4.4588 13.4759 4.40606 13.3565 4.40606 13.232C4.40606 13.1076 4.4588 12.9882 4.55269 12.9002L10.1997 7.60705L4.55269 2.31392C4.50612 2.27038 4.46918 2.21865 4.44397 2.16171C4.41877 2.10476 4.40579 2.04371 4.40579 1.98205C4.40579 1.92039 4.41877 1.85934 4.44397 1.80239C4.46918 1.74544 4.50612 1.69372 4.55269 1.65017Z\" fill=\"currentColor\"\/>\n\t\t\t\t\t\t\t\t\t\t\t\t\t<path fill-rule=\"evenodd\" clip-rule=\"evenodd\" d=\"M5.23806 1.28613C4.95553 1.28613 4.67273 1.38737 4.45704 1.58958C4.02539 1.99399 4.02539 2.64981 4.45704 3.05423L9.19945 7.49998L4.45704 11.946C4.02539 12.3504 4.02539 13.0062 4.45704 13.4106C4.88842 13.8151 5.58796 13.8151 6.01934 13.4106L11.5428 8.23244C11.9741 7.82802 11.9741 7.1722 11.5428 6.76778L6.01934 1.58958C5.80365 1.38737 5.52086 1.28613 5.23806 1.28613Z\" fill=\"currentColor\"\/>\n\t\t\t\t\t\t\t\t\t\t\t\t<\/svg>\n\t\t\t\t\t\t\t\t\t\t\t\t\n\t\t\t\t\t\t\t\t\t\t\t\t\t\t\t\t\t\t\t\t\t\t\t\t\t\t\t\t\t\t\t\t\t\t\t\t\t\t\t\t\t\t\t<\/div>\n\t\t\t\t\t\t\t\t\t\t\t\t\t\t\t\t\t\t\t\t\t\t\t\t<\/div>\n\t\t\t\t\t\t<\/div>\n\t\t\t\t\t\t\t\t\t\t<\/div>\n\t\t\t\t\t<\/div>\n\t\t","protected":false},"excerpt":{"rendered":"<p>Una persona refugiada es alguien que se ha visto obligada a abandonar su pa\u00eds de origen o de residencia habitual debido a situaciones comprobadas de persecuci\u00f3n por motivos de raza, religi\u00f3n, nacionalidad, opiniones pol\u00edticas o pertenencia a un determinado grupo social. Las personas refugiadas han enfrentado graves violaciones de derechos humanos a causa de la [&hellip;]<\/p>\n","protected":false},"author":92,"featured_media":0,"parent":0,"menu_order":4,"comment_status":"closed","ping_status":"closed","template":"","meta":{"_acf_changed":false,"footnotes":""},"topics":[20],"audiences":[],"class_list":["post-223","page","type-page","status-publish","hentry","topics-asylum"],"acf":[],"_links":{"self":[{"href":"https:\/\/help.unhcr.org\/dominicanrepublic\/wp-json\/wp\/v2\/pages\/223","targetHints":{"allow":["GET"]}}],"collection":[{"href":"https:\/\/help.unhcr.org\/dominicanrepublic\/wp-json\/wp\/v2\/pages"}],"about":[{"href":"https:\/\/help.unhcr.org\/dominicanrepublic\/wp-json\/wp\/v2\/types\/page"}],"author":[{"embeddable":true,"href":"https:\/\/help.unhcr.org\/dominicanrepublic\/wp-json\/wp\/v2\/users\/92"}],"replies":[{"embeddable":true,"href":"https:\/\/help.unhcr.org\/dominicanrepublic\/wp-json\/wp\/v2\/comments?post=223"}],"version-history":[{"count":17,"href":"https:\/\/help.unhcr.org\/dominicanrepublic\/wp-json\/wp\/v2\/pages\/223\/revisions"}],"predecessor-version":[{"id":2361,"href":"https:\/\/help.unhcr.org\/dominicanrepublic\/wp-json\/wp\/v2\/pages\/223\/revisions\/2361"}],"wp:attachment":[{"href":"https:\/\/help.unhcr.org\/dominicanrepublic\/wp-json\/wp\/v2\/media?parent=223"}],"wp:term":[{"taxonomy":"topics","embeddable":true,"href":"https:\/\/help.unhcr.org\/dominicanrepublic\/wp-json\/wp\/v2\/topics?post=223"},{"taxonomy":"audiences","embeddable":true,"href":"https:\/\/help.unhcr.org\/dominicanrepublic\/wp-json\/wp\/v2\/audiences?post=223"}],"curies":[{"name":"wp","href":"https:\/\/api.w.org\/{rel}","templated":true}]}}