{"id":132,"date":"2018-10-08T18:06:04","date_gmt":"2018-10-08T18:06:04","guid":{"rendered":"http:\/\/help.unhcr.org\/dominicanrepublic\/?page_id=132"},"modified":"2026-04-08T15:03:51","modified_gmt":"2026-04-08T15:03:51","slug":"bienvenido-a","status":"publish","type":"page","link":"https:\/\/help.unhcr.org\/dominicanrepublic\/","title":{"rendered":"Bienvenida(o)!"},"content":{"rendered":"\t\t<div\n\t\t\tclass=\"unhcr-full-width-section heading-banner my-0 wp-block-help-unhcr-heading-banner\" id=\"heading-banner-270495b2-8776-4775-b1b7-b990e347ec8a\"\t\t>\t\n\t\t\t<div class=\"heading-banner__heading py-30 bg-primary text-white\">\n\t\t\t\t<div class=\"container-fluid\">\n\t\t\t\t\t\t\t\t\t\t\t\t\t\t\t\t<h2  class=\"heading-banner__title mb-30 pb-20 text-white h1 \">\n\t\t\t\t\t\t\tInformaci\u00f3n para solicitantes de la condici\u00f3n de refugiado, refugiados y personas en b\u00fasqueda de una soluci\u00f3n de nacionalidad en<mark style=\"background-color:#0072BC\" class=\"has-inline-color has-yellow-color\"> Rep\u00fablica Dominicana<\/mark>.\t\t\t\t\t\t<\/h2>\n\t\t\t\t\t\t\t\t\t\t<div class=\"row g-30 \">\n\t\t\t\t\t\t\n\n<p>Proporcionado por <strong>ACNUR, la Agencia de la ONU para los Refugiados.<\/strong><\/p>\n\n\t\t\t\t\t<\/div>\n\t\t\t\t<\/div>\n\t\t\t<\/div>\n\t\t<\/div>\n\t\t\n\n\n<div style=\"height:20px\" aria-hidden=\"true\" class=\"wp-block-spacer\"><\/div>\n\n\n\n<div class=\"wp-block-help-unhcr-alert alert alert-warning highlighted\" id=\"alert-95a19d5c-5206-4a0b-aed8-c0b258c6ad98\"><div class=\"alert__content alert__content d-flex align-items-center gap-8\"><div class=\"alert__icon d-flex\"><svg xmlns=\"http:\/\/www.w3.org\/2000\/svg\" width=\"16\" height=\"16\" viewBox=\"0 0 16 16\" fill=\"none\"><path fill-rule=\"evenodd\" clip-rule=\"evenodd\" d=\"M8 14.3995C6.30281 14.3995 4.67467 13.7253 3.4747 12.5254C2.27474 11.3254 1.60052 9.69728 1.60052 8.00006C1.60052 6.30283 2.27474 4.67472 3.4747 3.47476C4.67467 2.2748 6.30277 1.60058 8 1.60058C9.69723 1.60058 11.3253 2.2748 12.5253 3.47476C13.7253 4.67472 14.3995 6.30283 14.3995 8.00006C14.3995 9.69728 13.7253 11.3254 12.5253 12.5254C11.3253 13.7253 9.69723 14.3995 8 14.3995Z\" fill=\"#FAEB00\"><\/path><path d=\"M8 8.88889C8.49068 8.88889 8.88889 8.55694 8.88889 8.14791V5.18473C8.88889 4.7757 8.49068 4.44444 8 4.44444C7.50932 4.44444 7.11111 4.7757 7.11111 5.18473V8.14791C7.11111 8.34445 7.20525 8.53264 7.37187 8.67152C7.53849 8.8104 7.76424 8.88889 8 8.88889Z\" fill=\"black\"><\/path><path d=\"M7.11111 10.6667C7.11111 9.48148 8.88889 9.48148 8.88889 10.6667C8.88889 11.8519 7.11111 11.8519 7.11111 10.6667Z\" fill=\"black\"><\/path><path fill-rule=\"evenodd\" clip-rule=\"evenodd\" d=\"M0 8C0 5.87828 0.842968 3.84362 2.34367 2.34367C3.84372 0.842968 5.87828 0 8 0C10.1217 0 12.1564 0.842968 13.6563 2.34367C15.157 3.84372 16 5.87828 16 8C16 10.1217 15.157 12.1564 13.6563 13.6563C12.1563 15.157 10.1217 16 8 16C5.87828 16 3.84362 15.157 2.34367 13.6563C0.842968 12.1563 0 10.1217 0 8ZM3.52148 12.4785C4.70904 13.6661 6.32036 14.3333 8 14.3333C9.67968 14.3333 11.291 13.6661 12.4785 12.4785C13.6661 11.291 14.3333 9.67968 14.3333 8C14.3333 6.32032 13.6661 4.70904 12.4785 3.52148C11.291 2.33392 9.67968 1.66667 8 1.66667C6.32032 1.66667 4.70904 2.33392 3.52148 3.52148C2.33392 4.70904 1.66667 6.32032 1.66667 8C1.66667 9.67968 2.33392 11.291 3.52148 12.4785Z\" fill=\"black\"><\/path><\/svg><\/div><div class=\"alert__text\"><p class=\"alert__description\"><strong>Todos los servicios del ACNUR y sus socios son gratuitos<\/strong><br>Si le ofrecen servicios del ACNUR a cambio de dinero u otros favores, esto es <strong>fraude<\/strong>. Cont\u00e1ctanos para denunciarle.<\/p><\/div><\/div><\/div>\n\n\n\n<div id=\"contact-card-de106cba-ce5c-41e5-8840-d962ebee2492\" class=\"wp-block-help-unhcr-contact-card contact-card -card\"><div class=\"contact-card__container\"><div class=\"contact-card__head px-16 py-12 text-left\"><h4 class=\"contact-card__head-title mb-0\">\u00a1Cont\u00e1ctanos!<\/h4><\/div><div class=\"contact-card__body\">\n<div class=\"wp-block-help-unhcr-contact-card-inner contact-card-inner contact-card-inner__item py-12 px-16 contact-card-inner__item--1 d-flex gap-8 align-items-start has-bottom-border\" id=\"qa-c613d572-021d-4131-a9ff-3727a04936fb\"><div class=\"contact-card__icon\"><i class=\"contact-card-icon bi bi-whatsapp\"><\/i><\/div><div class=\"contact-card__information\">\n<p><strong>WhatsApp<\/strong>: <a href=\"tel:18493360001\"><strong>+1 (849) 336-0001<\/strong><\/a> (enviar un mensaje)<\/p>\n<\/div><\/div>\n\n\n\n<div class=\"wp-block-help-unhcr-contact-card-inner contact-card-inner contact-card-inner__item py-12 px-16 contact-card-inner__item--1 d-flex gap-8 align-items-start has-bottom-border\" id=\"qa-5f69c01f-5c52-4703-8048-9910a0442945\"><div class=\"contact-card__icon\"><i class=\"contact-card-icon bi bi-clock\"><\/i><\/div><div class=\"contact-card__information\">\n<p>ACNUR atender\u00e1 al p\u00fablico <strong>con cita previa<\/strong>&nbsp;en: <strong>Instituto Dominicano de Desarrollo Integral (IDDI)<\/strong><br>Calle H #17, esquina Diagonal, Zona Industrial de Herrera, Santo Domingo Oeste. De lunes a jueves de 9:00 a.m. a 4:00 p.m. y los viernes de 9:00 a.m. a 2:00 p.m.<br>\u23f0 <strong>Atenci\u00f3n <u>sin cita previa<\/u>:<\/strong><br>&nbsp;S\u00f3lo&nbsp;Martes y jueves<br>9:00 a.m. \u2013 12:00 p.m.<\/p>\n<\/div><\/div>\n\n\n\n<div class=\"wp-block-help-unhcr-contact-card-inner contact-card-inner contact-card-inner__item py-12 px-16 contact-card-inner__item--2 d-flex gap-8 align-items-start has-bottom-border\" id=\"qa-26897897-17d4-47ba-9a83-6a53568639f8\"><div class=\"contact-card__icon\"><i class=\"contact-card-icon bi bi-envelope-fill email\"><\/i><\/div><div class=\"contact-card__information\">\n<p><a href=\"mailto:domsasug@unhcr.org\">domsasug@unhcr.org<\/a><\/p>\n<\/div><\/div>\n<\/div><\/div><\/div>\n\n\n\t\t<div\n\t\t\tclass=\"topic-listing topic-listing__list-wrap content-listing__seven-styles content-listing__icon-style    wp-block-help-unhcr-topic-listing\"\t\t\t\t\t>\t\n\t\t\t\t\t\t\t<h2 class=\"topic-listing__heading\"  >Informaci\u00f3n sobre diversos temas:<\/h2>\n\t\t\t\t\t\t\t\t\t\t\t\t\t<div class=\"topic-listing__row  row g-16 content-listing__icon-style\">\n\t\t\t\t\t\t\t\t\t\t\t<div class=\" btn-info content-listing__item show-items-hover-wrap btn-has-center-icon col-sm-6 col-md-4 col-lg-3 col-xl-2 col-xxl-2\">\n\t\t\t\t\t\t\t<div class=\"btn rounded fw-bolder button-block-a__inner btn-info text-center\">\n\t\t\t\t\t\t\t\t\t\t\t\t\t\t\t\t\n\t\t\t\t\t\t\t\t\t\t\t\t\t\t\t\t\t<div class='button-block-a__inner-icon p-16 help-topic-svg-icon-wrap'>\n\t\t\t\t\t\t\t\t\t\t<img decoding=\"async\" src=\"https:\/\/help.unhcr.org\/dominicanrepublic\/wp-content\/themes\/help-unhcr\/images\/icons\/\/UNHCR.svg\" class=\"help-topic-svg-icon \" alt=\"UNHCR icon\">\t\t\t\t\t\t\t\t\t<\/div>\n\t\t\t\t\t\t\t\t\n\t\t\t\t\t\t\t\t\n\t\t\t\t\t\t\t\t\n\t\t\t\t\t\t\t\t\t\t\t\t\t\t\t\t\t\t\t\t\t\t\t\t\t\t\t\t\t\t\t\t\t\t\t\t\t\t\t\t\t\t\t\t\t\t\t\t\t\t\t\t\t<p class=\"button-block-a__inner-text  p-10 d-flex align-items-center justify-content-center\">\n\t\t\t\t\t\t\t\t\t\t<a href=\"https:\/\/help.unhcr.org\/dominicanrepublic\/como-trabaja-acnur\/\" >\u00bfC\u00f3mo trabaja el ACNUR en Rep\u00fablica Dominicana?<\/a>\n\t\t\t\t\t\t\t\t\t<\/p>\n\t\t\t\t\t\t\t\t\t\t\t\t\t\t\t\t\t\t\t\t\t\t\t\t<\/div>\n\t\t\t\t\t\t<\/div>\n\t\t\t\t\t\t\t\t\t\t\t\t<div class=\" btn-info content-listing__item show-items-hover-wrap btn-has-center-icon col-sm-6 col-md-4 col-lg-3 col-xl-2 col-xxl-2\">\n\t\t\t\t\t\t\t<div class=\"btn rounded fw-bolder button-block-a__inner btn-info text-center\">\n\t\t\t\t\t\t\t\t\t\t\t\t\t\t\t\t\n\t\t\t\t\t\t\t\t\t\t\t\t\t\t\t\t\t<div class='button-block-a__inner-icon p-16 help-topic-svg-icon-wrap'>\n\t\t\t\t\t\t\t\t\t\t<img decoding=\"async\" src=\"https:\/\/help.unhcr.org\/dominicanrepublic\/wp-content\/themes\/help-unhcr\/images\/icons\/\/Fleeing.svg\" class=\"help-topic-svg-icon \" alt=\"Fleeing icon\">\t\t\t\t\t\t\t\t\t<\/div>\n\t\t\t\t\t\t\t\t\n\t\t\t\t\t\t\t\t\n\t\t\t\t\t\t\t\t\n\t\t\t\t\t\t\t\t\t\t\t\t\t\t\t\t\t\t\t\t\t\t\t\t\t\t\t\t\t\t\t\t\t\t\t\t\t\t\t\t\t\t\t\t\t\t\t\t\t\t\t\t\t<p class=\"button-block-a__inner-text  p-10 d-flex align-items-center justify-content-center\">\n\t\t\t\t\t\t\t\t\t\t<a href=\"https:\/\/help.unhcr.org\/dominicanrepublic\/personas-acompanamos\/\" >Personas que acompa\u00f1amos en Rep\u00fablica Dominicana<\/a>\n\t\t\t\t\t\t\t\t\t<\/p>\n\t\t\t\t\t\t\t\t\t\t\t\t\t\t\t\t\t\t\t\t\t\t\t\t<\/div>\n\t\t\t\t\t\t<\/div>\n\t\t\t\t\t\t\t\t\t\t\t\t<div class=\" btn-info content-listing__item show-items-hover-wrap btn-has-center-icon col-sm-6 col-md-4 col-lg-3 col-xl-2 col-xxl-2\">\n\t\t\t\t\t\t\t<div class=\"btn rounded fw-bolder button-block-a__inner btn-info text-center\">\n\t\t\t\t\t\t\t\t\t\t\t\t\t\t\t\t\n\t\t\t\t\t\t\t\t\t\t\t\t\t\t\t\t\t<div class='button-block-a__inner-icon p-16 help-topic-svg-icon-wrap'>\n\t\t\t\t\t\t\t\t\t\t<img decoding=\"async\" src=\"https:\/\/help.unhcr.org\/dominicanrepublic\/wp-content\/themes\/help-unhcr\/images\/icons\/\/Asylum_refugee_status.svg\" class=\"help-topic-svg-icon \" alt=\"Asylum_refugee_status icon\">\t\t\t\t\t\t\t\t\t<\/div>\n\t\t\t\t\t\t\t\t\n\t\t\t\t\t\t\t\t\n\t\t\t\t\t\t\t\t\n\t\t\t\t\t\t\t\t\t\t\t\t\t\t\t\t\t\t\t\t\t\t\t\t\t\t\t\t\t\t\t\t\t\t\t\t\t\t\t\t\t\t\t\t\t\t\t\t\t\t\t\t\t<p class=\"button-block-a__inner-text  p-10 d-flex align-items-center justify-content-center\">\n\t\t\t\t\t\t\t\t\t\t<a href=\"https:\/\/help.unhcr.org\/dominicanrepublic\/solicitud-condicion-refugio\/\" >Solicitud de la Condici\u00f3n de Refugiado<\/a>\n\t\t\t\t\t\t\t\t\t<\/p>\n\t\t\t\t\t\t\t\t\t\t\t\t\t\t\t\t\t\t\t\t\t\t\t\t<\/div>\n\t\t\t\t\t\t<\/div>\n\t\t\t\t\t\t\t\t\t\t\t\t<div class=\" btn-info content-listing__item show-items-hover-wrap btn-has-center-icon col-sm-6 col-md-4 col-lg-3 col-xl-2 col-xxl-2\">\n\t\t\t\t\t\t\t<div class=\"btn rounded fw-bolder button-block-a__inner btn-info text-center\">\n\t\t\t\t\t\t\t\t\t\t\t\t\t\t\t\t\n\t\t\t\t\t\t\t\t\t\t\t\t\t\t\t\t\t<div class='button-block-a__inner-icon p-16 help-topic-svg-icon-wrap'>\n\t\t\t\t\t\t\t\t\t\t<img decoding=\"async\" src=\"https:\/\/help.unhcr.org\/dominicanrepublic\/wp-content\/themes\/help-unhcr\/images\/icons\/\/Partners.svg\" class=\"help-topic-svg-icon \" alt=\"Partners icon\">\t\t\t\t\t\t\t\t\t<\/div>\n\t\t\t\t\t\t\t\t\n\t\t\t\t\t\t\t\t\n\t\t\t\t\t\t\t\t\n\t\t\t\t\t\t\t\t\t\t\t\t\t\t\t\t\t\t\t\t\t\t\t\t\t\t\t\t\t\t\t\t\t\t\t\t\t\t\t\t\t\t\t\t\t\t\t\t\t\t\t\t\t<p class=\"button-block-a__inner-text  p-10 d-flex align-items-center justify-content-center\">\n\t\t\t\t\t\t\t\t\t\t<a href=\"https:\/\/help.unhcr.org\/dominicanrepublic\/donde-encontrar-ayuda\/\" >\u00bfD\u00f3nde encontrar ayuda?<\/a>\n\t\t\t\t\t\t\t\t\t<\/p>\n\t\t\t\t\t\t\t\t\t\t\t\t\t\t\t\t\t\t\t\t\t\t\t\t<\/div>\n\t\t\t\t\t\t<\/div>\n\t\t\t\t\t\t\t\t\t\t\t\t<div class=\" btn-info content-listing__item show-items-hover-wrap btn-has-center-icon col-sm-6 col-md-4 col-lg-3 col-xl-2 col-xxl-2\">\n\t\t\t\t\t\t\t<div class=\"btn rounded fw-bolder button-block-a__inner btn-info text-center\">\n\t\t\t\t\t\t\t\t\t\t\t\t\t\t\t\t\n\t\t\t\t\t\t\t\t\t\t\t\t\t\t\t\t\t<div class='button-block-a__inner-icon p-16 help-topic-svg-icon-wrap'>\n\t\t\t\t\t\t\t\t\t\t<img decoding=\"async\" src=\"https:\/\/help.unhcr.org\/dominicanrepublic\/wp-content\/themes\/help-unhcr\/images\/icons\/\/Gender_based_violence.svg\" class=\"help-topic-svg-icon \" alt=\"Gender_based_violence icon\">\t\t\t\t\t\t\t\t\t<\/div>\n\t\t\t\t\t\t\t\t\n\t\t\t\t\t\t\t\t\n\t\t\t\t\t\t\t\t\n\t\t\t\t\t\t\t\t\t\t\t\t\t\t\t\t\t\t\t\t\t\t\t\t\t\t\t\t\t\t\t\t\t\t\t\t\t\t\t\t\t\t\t\t\t\t\t\t\t\t\t\t\t<p class=\"button-block-a__inner-text  p-10 d-flex align-items-center justify-content-center\">\n\t\t\t\t\t\t\t\t\t\t<a href=\"https:\/\/help.unhcr.org\/dominicanrepublic\/explotacion-abuso-sexual\/\" >Explotaci\u00f3n y abuso sexual por trabajadores humanitarios<\/a>\n\t\t\t\t\t\t\t\t\t<\/p>\n\t\t\t\t\t\t\t\t\t\t\t\t\t\t\t\t\t\t\t\t\t\t\t\t<\/div>\n\t\t\t\t\t\t<\/div>\n\t\t\t\t\t\t\t\t\t\t\t\t<div class=\" btn-info content-listing__item show-items-hover-wrap btn-has-center-icon col-sm-6 col-md-4 col-lg-3 col-xl-2 col-xxl-2\">\n\t\t\t\t\t\t\t<div class=\"btn rounded fw-bolder button-block-a__inner btn-info text-center\">\n\t\t\t\t\t\t\t\t\t\t\t\t\t\t\t\t\n\t\t\t\t\t\t\t\t\t\t\t\t\t\t\t\t\t<div class='button-block-a__inner-icon p-16 help-topic-svg-icon-wrap'>\n\t\t\t\t\t\t\t\t\t\t<img decoding=\"async\" src=\"https:\/\/help.unhcr.org\/dominicanrepublic\/wp-content\/themes\/help-unhcr\/images\/icons\/\/Location.svg\" class=\"help-topic-svg-icon \" alt=\"Location icon\">\t\t\t\t\t\t\t\t\t<\/div>\n\t\t\t\t\t\t\t\t\n\t\t\t\t\t\t\t\t\n\t\t\t\t\t\t\t\t\n\t\t\t\t\t\t\t\t\t\t\t\t\t\t\t\t\t\t\t\t\t\t\t\t\t\t\t\t\t\t\t\t\t\t\t\t\t\t\t\t\t\t\t\t\t\t\t\t\t\t\t\t\t<p class=\"button-block-a__inner-text  p-10 d-flex align-items-center justify-content-center\">\n\t\t\t\t\t\t\t\t\t\t<a href=\"https:\/\/help.unhcr.org\/dominicanrepublic\/informaciones-generales\/\" >Informaci\u00f3n general sobre Rep\u00fablica Dominicana<\/a>\n\t\t\t\t\t\t\t\t\t<\/p>\n\t\t\t\t\t\t\t\t\t\t\t\t\t\t\t\t\t\t\t\t\t\t\t\t<\/div>\n\t\t\t\t\t\t<\/div>\n\t\t\t\t\t\t\t\t\t\t\t\t<div class=\" btn-info content-listing__item show-items-hover-wrap btn-has-center-icon col-sm-6 col-md-4 col-lg-3 col-xl-2 col-xxl-2\">\n\t\t\t\t\t\t\t<div class=\"btn rounded fw-bolder button-block-a__inner btn-info text-center\">\n\t\t\t\t\t\t\t\t\t\t\t\t\t\t\t\t\n\t\t\t\t\t\t\t\t\t\t\t\t\t\t\t\t\t<div class='button-block-a__inner-icon p-16 help-topic-svg-icon-wrap'>\n\t\t\t\t\t\t\t\t\t\t<img decoding=\"async\" src=\"https:\/\/help.unhcr.org\/dominicanrepublic\/wp-content\/themes\/help-unhcr\/images\/icons\/\/Complaint.svg\" class=\"help-topic-svg-icon \" alt=\"Complaint icon\">\t\t\t\t\t\t\t\t\t<\/div>\n\t\t\t\t\t\t\t\t\n\t\t\t\t\t\t\t\t\n\t\t\t\t\t\t\t\t\n\t\t\t\t\t\t\t\t\t\t\t\t\t\t\t\t\t\t\t\t\t\t\t\t\t\t\t\t\t\t\t\t\t\t\t\t\t\t\t\t\t\t\t\t\t\t\t\t\t\t\t\t\t<p class=\"button-block-a__inner-text  p-10 d-flex align-items-center justify-content-center\">\n\t\t\t\t\t\t\t\t\t\t<a href=\"https:\/\/help.unhcr.org\/dominicanrepublic\/buzon-quejas-sugerencias\/\" >Buz\u00f3n de quejas y sugerencias<\/a>\n\t\t\t\t\t\t\t\t\t<\/p>\n\t\t\t\t\t\t\t\t\t\t\t\t\t\t\t\t\t\t\t\t\t\t\t\t<\/div>\n\t\t\t\t\t\t<\/div>\n\t\t\t\t\t\t\t\t\t\t\t\t<div class=\" btn-info content-listing__item show-items-hover-wrap btn-has-center-icon col-sm-6 col-md-4 col-lg-3 col-xl-2 col-xxl-2\">\n\t\t\t\t\t\t\t<div class=\"btn rounded fw-bolder button-block-a__inner btn-info text-center\">\n\t\t\t\t\t\t\t\t\t\t\t\t\t\t\t\t\n\t\t\t\t\t\t\t\t\t\t\t\t\t\t\t\t\t<div class='button-block-a__inner-icon p-16 help-topic-svg-icon-wrap'>\n\t\t\t\t\t\t\t\t\t\t<img decoding=\"async\" src=\"https:\/\/help.unhcr.org\/dominicanrepublic\/wp-content\/themes\/help-unhcr\/images\/icons\/\/FAQ.svg\" class=\"help-topic-svg-icon \" alt=\"FAQ icon\">\t\t\t\t\t\t\t\t\t<\/div>\n\t\t\t\t\t\t\t\t\n\t\t\t\t\t\t\t\t\n\t\t\t\t\t\t\t\t\n\t\t\t\t\t\t\t\t\t\t\t\t\t\t\t\t\t\t\t\t\t\t\t\t\t\t\t\t\t\t\t\t\t\t\t\t\t\t\t\t\t\t\t\t\t\t\t\t\t\t\t\t\t<p class=\"button-block-a__inner-text  p-10 d-flex align-items-center justify-content-center\">\n\t\t\t\t\t\t\t\t\t\t<a href=\"https:\/\/help.unhcr.org\/dominicanrepublic\/preguntas-frecuentes\/\" >Preguntas frecuentes<\/a>\n\t\t\t\t\t\t\t\t\t<\/p>\n\t\t\t\t\t\t\t\t\t\t\t\t\t\t\t\t\t\t\t\t\t\t\t\t<\/div>\n\t\t\t\t\t\t<\/div>\n\t\t\t\t\t\t\t\t\t\t<\/div>\n\t\t\t\t\t<\/div>\n\t\t","protected":false},"excerpt":{"rendered":"","protected":false},"author":1,"featured_media":0,"parent":0,"menu_order":1,"comment_status":"closed","ping_status":"closed","template":"","meta":{"_acf_changed":false,"footnotes":""},"topics":[],"audiences":[],"class_list":["post-132","page","type-page","status-publish","hentry"],"acf":[],"_links":{"self":[{"href":"https:\/\/help.unhcr.org\/dominicanrepublic\/wp-json\/wp\/v2\/pages\/132","targetHints":{"allow":["GET"]}}],"collection":[{"href":"https:\/\/help.unhcr.org\/dominicanrepublic\/wp-json\/wp\/v2\/pages"}],"about":[{"href":"https:\/\/help.unhcr.org\/dominicanrepublic\/wp-json\/wp\/v2\/types\/page"}],"author":[{"embeddable":true,"href":"https:\/\/help.unhcr.org\/dominicanrepublic\/wp-json\/wp\/v2\/users\/1"}],"replies":[{"embeddable":true,"href":"https:\/\/help.unhcr.org\/dominicanrepublic\/wp-json\/wp\/v2\/comments?post=132"}],"version-history":[{"count":94,"href":"https:\/\/help.unhcr.org\/dominicanrepublic\/wp-json\/wp\/v2\/pages\/132\/revisions"}],"predecessor-version":[{"id":2468,"href":"https:\/\/help.unhcr.org\/dominicanrepublic\/wp-json\/wp\/v2\/pages\/132\/revisions\/2468"}],"wp:attachment":[{"href":"https:\/\/help.unhcr.org\/dominicanrepublic\/wp-json\/wp\/v2\/media?parent=132"}],"wp:term":[{"taxonomy":"topics","embeddable":true,"href":"https:\/\/help.unhcr.org\/dominicanrepublic\/wp-json\/wp\/v2\/topics?post=132"},{"taxonomy":"audiences","embeddable":true,"href":"https:\/\/help.unhcr.org\/dominicanrepublic\/wp-json\/wp\/v2\/audiences?post=132"}],"curies":[{"name":"wp","href":"https:\/\/api.w.org\/{rel}","templated":true}]}}