{"id":111,"date":"2021-04-16T11:16:06","date_gmt":"2021-04-16T11:16:06","guid":{"rendered":"http:\/\/help.unhcr.org\/djibouti\/?page_id=111"},"modified":"2022-01-09T12:35:46","modified_gmt":"2022-01-09T12:35:46","slug":"asile","status":"publish","type":"page","link":"https:\/\/help.unhcr.org\/djibouti\/asile\/","title":{"rendered":"Demander l&rsquo;asile"},"content":{"rendered":"\n<p>Si vous craignez de retourner dans votre pays d\u2019origine (ou dans votre pays de r\u00e9sidence pr\u00e9c\u00e9dente &nbsp;si vous \u00eates apatride) parce que vous risquez de subir un pr\u00e9judice grave pour des raisons li\u00e9es \u00e0 votre race, religion, nationalit\u00e9, opinion politique ou appartenance \u00e0 un groupe particulier social ou que vous fuyez la guerre, la torture ou les traitements inhumains et d\u00e9gradants, vous pouvez demander l\u2019asile (protection internationale) \u00e0 Djibouti.<\/p>\n\n\n\n<h2 class=\"wp-block-heading\">Enregistrement, documentation et proc\u00e9dure d\u2019asile \u00e0 Djibouti \u2013 Q&amp;A<\/h2>\n","protected":false},"excerpt":{"rendered":"<p>Si vous craignez de retourner dans votre pays d\u2019origine (ou dans votre pays de r\u00e9sidence pr\u00e9c\u00e9dente &nbsp;si vous \u00eates apatride) parce que vous risquez de subir un pr\u00e9judice grave pour des raisons li\u00e9es \u00e0 votre race, religion, nationalit\u00e9, opinion politique ou appartenance \u00e0 un groupe particulier social ou que vous fuyez la guerre, la torture [&hellip;]<\/p>\n","protected":false},"author":1,"featured_media":0,"parent":0,"menu_order":10,"comment_status":"closed","ping_status":"closed","template":"faq_page.php","meta":{"_acf_changed":false,"footnotes":""},"class_list":["post-111","page","type-page","status-publish","hentry"],"acf":[],"_links":{"self":[{"href":"https:\/\/help.unhcr.org\/djibouti\/wp-json\/wp\/v2\/pages\/111","targetHints":{"allow":["GET"]}}],"collection":[{"href":"https:\/\/help.unhcr.org\/djibouti\/wp-json\/wp\/v2\/pages"}],"about":[{"href":"https:\/\/help.unhcr.org\/djibouti\/wp-json\/wp\/v2\/types\/page"}],"author":[{"embeddable":true,"href":"https:\/\/help.unhcr.org\/djibouti\/wp-json\/wp\/v2\/users\/1"}],"replies":[{"embeddable":true,"href":"https:\/\/help.unhcr.org\/djibouti\/wp-json\/wp\/v2\/comments?post=111"}],"version-history":[{"count":32,"href":"https:\/\/help.unhcr.org\/djibouti\/wp-json\/wp\/v2\/pages\/111\/revisions"}],"predecessor-version":[{"id":320,"href":"https:\/\/help.unhcr.org\/djibouti\/wp-json\/wp\/v2\/pages\/111\/revisions\/320"}],"wp:attachment":[{"href":"https:\/\/help.unhcr.org\/djibouti\/wp-json\/wp\/v2\/media?parent=111"}],"curies":[{"name":"wp","href":"https:\/\/api.w.org\/{rel}","templated":true}]}}