{"id":901,"date":"2018-10-30T16:05:15","date_gmt":"2018-10-30T16:05:15","guid":{"rendered":"http:\/\/help.unhcr.org\/costarica\/?page_id=901"},"modified":"2026-01-15T23:49:03","modified_gmt":"2026-01-15T23:49:03","slug":"asistencialegal","status":"publish","type":"page","link":"https:\/\/help.unhcr.org\/costarica\/sobre-el-sitio\/asistencialegal","title":{"rendered":"Asistencia Legal"},"content":{"rendered":"\n<p>Te compartimos un listado de agencias socias del ACNUR, entidades estatales y organizaciones no gubernamentales (ONG) que brindan servicios de asistencia y asesor\u00eda legal:<\/p>\n\n\n\n<h2 class=\"wp-block-heading has-vivid-cyan-blue-color has-text-color has-link-color has-large-font-size wp-elements-a88241fafc590506286ee826759d2798\">Agencias socias del ACNUR<\/h2>\n\n\n\n<div class=\"wp-block-media-text is-stacked-on-mobile\" style=\"grid-template-columns:34% auto\"><figure class=\"wp-block-media-text__media\"><img loading=\"lazy\" decoding=\"async\" width=\"1024\" height=\"355\" src=\"https:\/\/help.unhcr.org\/costarica\/wp-content\/uploads\/sites\/2\/2025\/02\/logo-sjmcr-2022-horizontal-con-RJM-1024x355.png\" alt=\"\" class=\"wp-image-2777 size-full\" srcset=\"https:\/\/help.unhcr.org\/costarica\/wp-content\/uploads\/sites\/2\/2025\/02\/logo-sjmcr-2022-horizontal-con-RJM-1024x355.png 1024w, https:\/\/help.unhcr.org\/costarica\/wp-content\/uploads\/sites\/2\/2025\/02\/logo-sjmcr-2022-horizontal-con-RJM-300x104.png 300w, https:\/\/help.unhcr.org\/costarica\/wp-content\/uploads\/sites\/2\/2025\/02\/logo-sjmcr-2022-horizontal-con-RJM-768x267.png 768w, https:\/\/help.unhcr.org\/costarica\/wp-content\/uploads\/sites\/2\/2025\/02\/logo-sjmcr-2022-horizontal-con-RJM-1536x533.png 1536w, https:\/\/help.unhcr.org\/costarica\/wp-content\/uploads\/sites\/2\/2025\/02\/logo-sjmcr-2022-horizontal-con-RJM.png 2017w\" sizes=\"auto, (max-width: 1024px) 100vw, 1024px\" \/><\/figure><div class=\"wp-block-media-text__content\">\n<p><strong>El Servicio Jesuita para Migrantes Costa Rica (SJM)<\/strong> brinda asesor\u00eda y acompa\u00f1amiento legal en tr\u00e1mites de cambio de categor\u00eda migratoria, documentos de identidad y naturalizaci\u00f3n de forma gratuita.<\/p>\n\n\n\n<p>?<strong>WhatsApp:<\/strong> <a href=\"http:\/\/wa.me\/50687290521\">+506 8729-0521<\/a>                                        \u260e\ufe0f <strong>Tel\u00e9fono:<\/strong> 2280 4439<br>?<strong>Correo electr\u00f3nico:<\/strong> <a href=\"mailto:info@serviciojesuitacr.org\">info@serviciojesuitacr.org<\/a><br>?<strong>Facebook<\/strong>: <a href=\"https:\/\/www.facebook.com\/servjesuitacr\">https:\/\/www.facebook.com\/servjesuitacr<\/a><\/p>\n\n\n\n<p>?<strong>Direcci\u00f3n en San Jos\u00e9:<\/strong> <a href=\"https:\/\/maps.app.goo.gl\/vaDuUgfacUscMxS29\">https:\/\/maps.app.goo.gl\/vaDuUgfacUscMxS29<\/a> <\/p>\n\n\n\n<p>?<strong>Direcci\u00f3n en Upala: <\/strong><a href=\"https:\/\/maps.app.goo.gl\/kunkbKvuxmEdcDM76\">https:\/\/maps.app.goo.gl\/kunkbKvuxmEdcDM76<\/a> <br><\/p>\n<\/div><\/div>\n\n\n\n<h2 class=\"wp-block-heading has-vivid-cyan-blue-color has-text-color has-link-color has-large-font-size wp-elements-9d2c79575dc5016d2c3f7431004aafc7\">Organizaciones de sociedad civil<\/h2>\n\n\n\n<div class=\"wp-block-media-text is-stacked-on-mobile\" style=\"grid-template-columns:34% auto\"><figure class=\"wp-block-media-text__media\"><img loading=\"lazy\" decoding=\"async\" width=\"1024\" height=\"415\" src=\"https:\/\/help.unhcr.org\/costarica\/wp-content\/uploads\/sites\/2\/2024\/07\/DNI-1024x415.png\" alt=\"Defensa de ni\u00f1as y ni\u00f1os internacional-DNI logo\" class=\"wp-image-2271 size-full\" srcset=\"https:\/\/help.unhcr.org\/costarica\/wp-content\/uploads\/sites\/2\/2024\/07\/DNI-1024x415.png 1024w, https:\/\/help.unhcr.org\/costarica\/wp-content\/uploads\/sites\/2\/2024\/07\/DNI-300x122.png 300w, https:\/\/help.unhcr.org\/costarica\/wp-content\/uploads\/sites\/2\/2024\/07\/DNI-768x311.png 768w, https:\/\/help.unhcr.org\/costarica\/wp-content\/uploads\/sites\/2\/2024\/07\/DNI-1536x623.png 1536w, https:\/\/help.unhcr.org\/costarica\/wp-content\/uploads\/sites\/2\/2024\/07\/DNI-2048x830.png 2048w\" sizes=\"auto, (max-width: 1024px) 100vw, 1024px\" \/><\/figure><div class=\"wp-block-media-text__content\">\n<p><strong>DNI<\/strong> Costa Rica, apoya el bienestar y la protecci\u00f3n de la ni\u00f1ez refugiada y solicitante de la condici\u00f3n de refugio, as\u00ed como la promoci\u00f3n de los derechos humanos. Facilita acciones para el acceso a la educaci\u00f3n primaria y secundaria (equiparaci\u00f3n de t\u00edtulos, inscripciones, etc).<\/p>\n\n\n\n<p>\u260e\ufe0f <strong>Tel\u00e9fono:<\/strong> 2236 9134<br>? <strong>WhatsApp:<\/strong> +506 6014 2217 \/ +506 7289 5777           ? <strong>Correo electr\u00f3nico: <\/strong>grojas.oficialproteccionplandevida@dnicostarica.org       ? <strong>Facebook:<\/strong> <a href=\"https:\/\/www.facebook.com\/dni.costarica\">https:\/\/www.facebook.com\/dni.costarica<\/a><\/p>\n\n\n\n<p>?<strong>Direcci\u00f3n en San Jos\u00e9: <\/strong><a href=\"https:\/\/maps.app.goo.gl\/pKMbU9w9mG75x6bE8\">https:\/\/maps.app.goo.gl\/pKMbU9w9mG75x6bE8<\/a><br><\/p>\n<\/div><\/div>\n\n\n\n<h2 class=\"wp-block-heading has-vivid-cyan-blue-color has-text-color has-link-color has-large-font-size wp-elements-7952c2b33126fbc3945472923177d973\">Instituciones del Estado<\/h2>\n\n\n\n<div class=\"wp-block-media-text has-media-on-the-right is-stacked-on-mobile\" style=\"grid-template-columns:auto 34%\"><div class=\"wp-block-media-text__content\">\n<p><strong>La Defensor\u00eda de los Habitantes de la Rep\u00fablica (DHR) <\/strong>protege a las y los habitantes dentro de Costa Rica, sin importar su pa\u00eds de origen, en casos donde una instituci\u00f3n p\u00fablica haya atropellado sus derechos. Cuenta con oficinas en distintas regiones del pa\u00eds. <\/p>\n\n\n\n<p>Aprenda m\u00e1s sobre la DHR en este video \u27a1\ufe0f <a href=\"https:\/\/youtu.be\/6_NcCNVlUmA\">https:\/\/youtu.be\/6_NcCNVlUmA<\/a><\/p>\n\n\n\n<p><br>\u260e\ufe0f<strong>Tel\u00e9fono gratuito:<\/strong> 800-258-7474<br>\u260e\ufe0f<strong>Central telef\u00f3nica:<\/strong> 4000-8500<br>?<strong>WhatsApp:<\/strong> 85926670<br>?<strong>P\u00e1gina web:<\/strong> <a href=\"http:\/\/www.dhr.go.cr\/\">http:\/\/www.dhr.go.cr\/<\/a><br><\/p>\n<\/div><figure class=\"wp-block-media-text__media\"><img loading=\"lazy\" decoding=\"async\" width=\"1024\" height=\"867\" src=\"https:\/\/help.unhcr.org\/costarica\/wp-content\/uploads\/sites\/2\/2024\/07\/dhr-vertical-contorno-1024x867.png\" alt=\"\" class=\"wp-image-2339 size-full\" srcset=\"https:\/\/help.unhcr.org\/costarica\/wp-content\/uploads\/sites\/2\/2024\/07\/dhr-vertical-contorno-1024x867.png 1024w, https:\/\/help.unhcr.org\/costarica\/wp-content\/uploads\/sites\/2\/2024\/07\/dhr-vertical-contorno-300x254.png 300w, https:\/\/help.unhcr.org\/costarica\/wp-content\/uploads\/sites\/2\/2024\/07\/dhr-vertical-contorno-768x651.png 768w, https:\/\/help.unhcr.org\/costarica\/wp-content\/uploads\/sites\/2\/2024\/07\/dhr-vertical-contorno.png 1184w\" sizes=\"auto, (max-width: 1024px) 100vw, 1024px\" \/><\/figure><\/div>\n\n\n\n<div class=\"wp-block-media-text is-stacked-on-mobile\" style=\"grid-template-columns:34% auto\"><figure class=\"wp-block-media-text__media\"><img loading=\"lazy\" decoding=\"async\" width=\"275\" height=\"183\" src=\"https:\/\/help.unhcr.org\/costarica\/wp-content\/uploads\/sites\/2\/2024\/07\/FacultadDerechoUCR.jpg\" alt=\"UCR \" class=\"wp-image-2346 size-full\" \/><\/figure><div class=\"wp-block-media-text__content\">\n<p><br><strong>La Cl\u00ednica de Refugio, Migraci\u00f3n y Protecci\u00f3n Internacional de la Facultad de Derecho de la Universidad de Costa Rica<\/strong> brinda asesor\u00eda legal, jur\u00eddica y apoyo psicol\u00f3gico a personas refugiadas y migrantes que no cuenten con recursos para contratar a una persona abogada, sobre tr\u00e1mites de regularizaci\u00f3n migratoria (refugio, residencia, naturalizaci\u00f3n, etc) y acceso a derechos y servicios.<\/p>\n\n\n\n<p>\u260e\ufe0f<strong>Tel\u00e9fono:<\/strong> 2511 1553<br>?<strong>Correo electr\u00f3nico:<\/strong> consultamigratoria.fd@ucr.ac.cr<br>?<strong>Facebook: <\/strong><a href=\"https:\/\/www.facebook.com\/ClinicaRefugioMigracionyProteccionInternacional\">https:\/\/www.facebook.com\/ClinicaRefugioMigracionyProteccionInternacional<\/a><br>?<strong>Direcci\u00f3n en San Jos\u00e9: <\/strong><a href=\"https:\/\/maps.app.goo.gl\/HnLWitammRhFxLCz6\">https:\/\/maps.app.goo.gl\/HnLWitammRhFxLCz6<\/a><\/p>\n<\/div><\/div>\n\n\n\n<div class=\"wp-block-media-text has-media-on-the-right is-stacked-on-mobile\" style=\"grid-template-columns:auto 34%\"><div class=\"wp-block-media-text__content\">\n<p><br><strong>La<\/strong> <strong>Casa de Derechos de la Municipalidad de Desamparados<\/strong> brinda servicios gratuitos de atenci\u00f3n y acompa\u00f1amiento psicosocial o legal para dar una mejora atenci\u00f3n a la poblaci\u00f3n refugiada, migrante o nacional v\u00edctima de violencia basada en g\u00e9nero.<br>Tambi\u00e9n brinda asesor\u00eda legal en el proceso de solicitud de la condici\u00f3n de refugiado.<\/p>\n\n\n\n<p>\u260e\ufe0f<strong> Tel\u00e9fono:<\/strong> 2250-9105 \/ 2219-4976<br>\u23f0 <strong>Horario de atenci\u00f3n<\/strong>: 8:00 am a 4:00 pm.<br>? <strong>Sitio web:  <\/strong><a href=\"https:\/\/www.desamparados.go.cr\/en\/services\/social-programs\/cultura\/servicios-de-casa-de-derechos-municipalidad-de-desamparados\">https:\/\/www.desamparados.go.cr\/en\/services\/social-programs\/cultura\/servicios-de-casa-de-derechos-municipalidad-de-desamparados<\/a><br>?<strong>Direcci\u00f3n: <\/strong><a href=\"https:\/\/maps.app.goo.gl\/5usraLoi8pqoNKGc9\">https:\/\/maps.app.goo.gl\/5usraLoi8pqoNKGc9<\/a><\/p>\n<\/div><figure class=\"wp-block-media-text__media\"><img loading=\"lazy\" decoding=\"async\" width=\"1024\" height=\"791\" src=\"https:\/\/help.unhcr.org\/costarica\/wp-content\/uploads\/sites\/2\/2024\/07\/logo_casa_de_derechos-01_1-1024x791.png\" alt=\"\" class=\"wp-image-2347 size-full\" srcset=\"https:\/\/help.unhcr.org\/costarica\/wp-content\/uploads\/sites\/2\/2024\/07\/logo_casa_de_derechos-01_1-1024x791.png 1024w, https:\/\/help.unhcr.org\/costarica\/wp-content\/uploads\/sites\/2\/2024\/07\/logo_casa_de_derechos-01_1-300x232.png 300w, https:\/\/help.unhcr.org\/costarica\/wp-content\/uploads\/sites\/2\/2024\/07\/logo_casa_de_derechos-01_1-768x593.png 768w, https:\/\/help.unhcr.org\/costarica\/wp-content\/uploads\/sites\/2\/2024\/07\/logo_casa_de_derechos-01_1-1536x1187.png 1536w, https:\/\/help.unhcr.org\/costarica\/wp-content\/uploads\/sites\/2\/2024\/07\/logo_casa_de_derechos-01_1.png 1650w\" sizes=\"auto, (max-width: 1024px) 100vw, 1024px\" \/><\/figure><\/div>\n","protected":false},"excerpt":{"rendered":"<p>Te compartimos un listado de agencias socias del ACNUR, entidades estatales y organizaciones no gubernamentales (ONG) que brindan servicios de asistencia y asesor\u00eda legal: Agencias socias del ACNUR El Servicio Jesuita para Migrantes Costa Rica (SJM) brinda asesor\u00eda y acompa\u00f1amiento legal en tr\u00e1mites de cambio de categor\u00eda migratoria, documentos de identidad y naturalizaci\u00f3n de forma [&hellip;]<\/p>\n","protected":false},"author":397,"featured_media":0,"parent":55,"menu_order":5,"comment_status":"closed","ping_status":"closed","template":"page-templates\/listing_page.php","meta":{"_acf_changed":false,"footnotes":""},"class_list":["post-901","page","type-page","status-publish","hentry"],"acf":[],"_links":{"self":[{"href":"https:\/\/help.unhcr.org\/costarica\/wp-json\/wp\/v2\/pages\/901","targetHints":{"allow":["GET"]}}],"collection":[{"href":"https:\/\/help.unhcr.org\/costarica\/wp-json\/wp\/v2\/pages"}],"about":[{"href":"https:\/\/help.unhcr.org\/costarica\/wp-json\/wp\/v2\/types\/page"}],"author":[{"embeddable":true,"href":"https:\/\/help.unhcr.org\/costarica\/wp-json\/wp\/v2\/users\/397"}],"replies":[{"embeddable":true,"href":"https:\/\/help.unhcr.org\/costarica\/wp-json\/wp\/v2\/comments?post=901"}],"version-history":[{"count":23,"href":"https:\/\/help.unhcr.org\/costarica\/wp-json\/wp\/v2\/pages\/901\/revisions"}],"predecessor-version":[{"id":3026,"href":"https:\/\/help.unhcr.org\/costarica\/wp-json\/wp\/v2\/pages\/901\/revisions\/3026"}],"up":[{"embeddable":true,"href":"https:\/\/help.unhcr.org\/costarica\/wp-json\/wp\/v2\/pages\/55"}],"wp:attachment":[{"href":"https:\/\/help.unhcr.org\/costarica\/wp-json\/wp\/v2\/media?parent=901"}],"curies":[{"name":"wp","href":"https:\/\/api.w.org\/{rel}","templated":true}]}}