{"id":839,"date":"2018-10-17T22:37:06","date_gmt":"2018-10-17T22:37:06","guid":{"rendered":"http:\/\/help.unhcr.org\/costarica\/?page_id=839"},"modified":"2026-01-22T16:06:16","modified_gmt":"2026-01-22T16:06:16","slug":"refugiocostarica","status":"publish","type":"page","link":"https:\/\/help.unhcr.org\/costarica\/sobre-el-sitio\/refugiocostarica","title":{"rendered":"Solicitar refugio (asilo) en Costa Rica"},"content":{"rendered":"\n<figure class=\"wp-block-embed is-type-video is-provider-youtube wp-block-embed-youtube wp-embed-aspect-9-16 wp-has-aspect-ratio\"><div class=\"wp-block-embed__wrapper\">\n<iframe loading=\"lazy\" title=\"\u00bfC\u00f3mo solicitar #refugio en #CostaRica?\" width=\"540\" height=\"960\" src=\"https:\/\/www.youtube.com\/embed\/EinMPN96REA?feature=oembed\" frameborder=\"0\" allow=\"accelerometer; autoplay; clipboard-write; encrypted-media; gyroscope; picture-in-picture; web-share\" referrerpolicy=\"strict-origin-when-cross-origin\" allowfullscreen><\/iframe>\n<\/div><\/figure>\n\n\n\n<p><em>Escucha la informaci\u00f3n de esta p\u00e1gina web dando &#8220;play&#8221; al siguiente audio:<\/em><\/p>\n\n\n\n<figure class=\"wp-block-audio\"><audio controls src=\"https:\/\/help.unhcr.org\/costarica\/wp-content\/uploads\/sites\/2\/2025\/05\/1-Solicitud-de-Refugio-WA-1.mp3\"><\/audio><\/figure>\n\n\n\n<p><\/p>\n\n\n\n<p><strong>Una persona refugiada es aquella que se ha visto obligada a abandonar su pa\u00eds de origen o de residencia habitual debido a situaciones de persecuci\u00f3n por motivos de su raza, religi\u00f3n, nacionalidad, pertenencia a determinado grupo social, opiniones pol\u00edticas o g\u00e9nero<\/strong> y por esta raz\u00f3n debe solicitar protecci\u00f3n internacional de otro Estado. Cada pa\u00eds establece su propio mecanismo para determinar si una persona es o no refugiada.<\/p>\n\n\n\n<p>Cualquier persona, independientemente de su nacionalidad, tiene derecho a solicitar refugio o asilo pol\u00edtico, as\u00ed lo establece la Declaraci\u00f3n Universal de los Derechos Humanos (1948) y la Convenci\u00f3n sobre el Estatuto de Los Refugiados (1951). Hist\u00f3ricamente, Costa Rica recibe personas desplazadas por la fuerza de pa\u00edses como Nicaragua, Venezuela, Cuba, Colombia, entre otros.<\/p>\n\n\n\n<p>ACNUR trabaja junto al Estado Costarricense para que todas las personas refugiadas obtengan la protecci\u00f3n que requieren. El primer paso para poder lograrlo, es que ellas y ellos cuenten con un documento de identidad que reconoce su condici\u00f3n como refugiado\/a.<\/p>\n\n\n\n<p>A este documento se accede mediante un proceso llamado &#8220;solicitud de asilo&#8221; o &#8220;solicitud de reconocimiento de la condici\u00f3n de refugio&#8221;. En Costa Rica se le conoce popularmente como &#8220;<strong>solicitud de refugio&#8221;.<\/strong><\/p>\n\n\n\n<p><strong>Para solicitar refugio o asilo el primer requisito es que usted se encuentre en territorio costarricense.&nbsp;<\/strong><\/p>\n\n\n\n<p>Solicitar el reconocimiento de tu condici\u00f3n de refugio es un proceso gratuito, personal (no requiere de personas intermediarias) y confidencial, lo que significa que la informaci\u00f3n que brindas a las autoridades es de uso exclusivo de dicha instituci\u00f3n y no ser\u00e1 compartida con personas externas ni con autoridades de tu pa\u00eds de origen.<\/p>\n\n\n\n<p>Sigue leyendo para m\u00e1s informaci\u00f3n.<\/p>\n","protected":false},"excerpt":{"rendered":"<p>Escucha la informaci\u00f3n de esta p\u00e1gina web dando &#8220;play&#8221; al siguiente audio: Una persona refugiada es aquella que se ha visto obligada a abandonar su pa\u00eds de origen o de residencia habitual debido a situaciones de persecuci\u00f3n por motivos de su raza, religi\u00f3n, nacionalidad, pertenencia a determinado grupo social, opiniones pol\u00edticas o g\u00e9nero y por [&hellip;]<\/p>\n","protected":false},"author":397,"featured_media":0,"parent":55,"menu_order":0,"comment_status":"closed","ping_status":"closed","template":"page-templates\/sectioned.php","meta":{"_acf_changed":false,"footnotes":""},"class_list":["post-839","page","type-page","status-publish","hentry"],"acf":[],"_links":{"self":[{"href":"https:\/\/help.unhcr.org\/costarica\/wp-json\/wp\/v2\/pages\/839","targetHints":{"allow":["GET"]}}],"collection":[{"href":"https:\/\/help.unhcr.org\/costarica\/wp-json\/wp\/v2\/pages"}],"about":[{"href":"https:\/\/help.unhcr.org\/costarica\/wp-json\/wp\/v2\/types\/page"}],"author":[{"embeddable":true,"href":"https:\/\/help.unhcr.org\/costarica\/wp-json\/wp\/v2\/users\/397"}],"replies":[{"embeddable":true,"href":"https:\/\/help.unhcr.org\/costarica\/wp-json\/wp\/v2\/comments?post=839"}],"version-history":[{"count":48,"href":"https:\/\/help.unhcr.org\/costarica\/wp-json\/wp\/v2\/pages\/839\/revisions"}],"predecessor-version":[{"id":3032,"href":"https:\/\/help.unhcr.org\/costarica\/wp-json\/wp\/v2\/pages\/839\/revisions\/3032"}],"up":[{"embeddable":true,"href":"https:\/\/help.unhcr.org\/costarica\/wp-json\/wp\/v2\/pages\/55"}],"wp:attachment":[{"href":"https:\/\/help.unhcr.org\/costarica\/wp-json\/wp\/v2\/media?parent=839"}],"curies":[{"name":"wp","href":"https:\/\/api.w.org\/{rel}","templated":true}]}}