{"id":55,"date":"2017-03-09T09:44:01","date_gmt":"2017-03-09T09:44:01","guid":{"rendered":"http:\/\/help.unhcr.org\/costarica\/?page_id=55"},"modified":"2025-09-24T17:14:42","modified_gmt":"2025-09-24T17:14:42","slug":"sobre-el-sitio","status":"publish","type":"page","link":"https:\/\/help.unhcr.org\/costarica","title":{"rendered":"\u00a1Bienvenido\/a a la p\u00e1gina de ayuda de ACNUR Costa Rica!"},"content":{"rendered":"<h4 class=\"wp-block-site-tagline\">Informaci\u00f3n \u00fatil para personas refugiadas, solicitantes de asilo, migrantes y ap\u00e1tridas en Costa Rica.<\/h4>\n\n<form role=\"search\" method=\"get\" action=\"https:\/\/help.unhcr.org\/costarica\/\" class=\"wp-block-search__button-outside wp-block-search__text-button wp-block-search\"    ><label class=\"wp-block-search__label\" for=\"wp-block-search__input-1\" >Buscar<\/label><div class=\"wp-block-search__inside-wrapper \" ><input class=\"wp-block-search__input\" id=\"wp-block-search__input-1\" placeholder=\"\u00bfSobre qu\u00e9 tema quiere saber?\" value=\"\" type=\"search\" name=\"s\" required \/><button aria-label=\"Search\" class=\"wp-block-search__button wp-element-button\" type=\"submit\" >Search<\/button><\/div><\/form>\n\n\n<div style=\"height:35px\" aria-hidden=\"true\" class=\"wp-block-spacer\"><\/div>\n\n\n\n<figure class=\"wp-block-embed is-type-video is-provider-youtube wp-block-embed-youtube wp-embed-aspect-16-9 wp-has-aspect-ratio\"><div class=\"wp-block-embed__wrapper\">\n<iframe loading=\"lazy\" title=\"\u00bfQui\u00e9n es una persona refugiada?\" width=\"640\" height=\"360\" src=\"https:\/\/www.youtube.com\/embed\/vX0WnlNBR4E?feature=oembed\" frameborder=\"0\" allow=\"accelerometer; autoplay; clipboard-write; encrypted-media; gyroscope; picture-in-picture; web-share\" referrerpolicy=\"strict-origin-when-cross-origin\" allowfullscreen><\/iframe>\n<\/div><\/figure>\n\n\n\n<p class=\"has-background is-style-solid-color has-text-color\" style=\"color:#0072bc;background-color:#faeb00\"><strong>Si te encuentras en una emergencia dentro de Costa Rica, llama gratis al 911. <\/strong><\/p>\n\n\n\n<p><strong>Todos los programas del ACNUR y sus organizaciones socias son gratuitos.<\/strong> En caso de que alguien te solicite dinero u otro tipo de remuneraci\u00f3n a cambio de estos, denuncia escribiendo al correo fraudecr@unhcr.org.<\/p>\n\n\n\n<h2 class=\"wp-block-heading has-vivid-cyan-blue-color has-text-color has-link-color has-large-font-size wp-elements-659f8e58ecd1ac8c98e112a29b681b6b\" style=\"font-style:normal;font-weight:800\">\u00bfQu\u00e9 informaci\u00f3n te interesa saber?<\/h2>\n","protected":false},"excerpt":{"rendered":"<p>Todos los programas del ACNUR y sus organizaciones socias son gratuitos. En caso de que alguien te solicite dinero u otro tipo de remuneraci\u00f3n a cambio de estos, denuncia escribiendo al correo fraudecr@unhcr.org. \u00bfQu\u00e9 informaci\u00f3n te interesa saber?<\/p>\n","protected":false},"author":397,"featured_media":0,"parent":0,"menu_order":0,"comment_status":"closed","ping_status":"closed","template":"page-templates\/listing_page.php","meta":{"_acf_changed":false,"footnotes":""},"class_list":["post-55","page","type-page","status-publish","hentry"],"acf":[],"_links":{"self":[{"href":"https:\/\/help.unhcr.org\/costarica\/wp-json\/wp\/v2\/pages\/55","targetHints":{"allow":["GET"]}}],"collection":[{"href":"https:\/\/help.unhcr.org\/costarica\/wp-json\/wp\/v2\/pages"}],"about":[{"href":"https:\/\/help.unhcr.org\/costarica\/wp-json\/wp\/v2\/types\/page"}],"author":[{"embeddable":true,"href":"https:\/\/help.unhcr.org\/costarica\/wp-json\/wp\/v2\/users\/397"}],"replies":[{"embeddable":true,"href":"https:\/\/help.unhcr.org\/costarica\/wp-json\/wp\/v2\/comments?post=55"}],"version-history":[{"count":166,"href":"https:\/\/help.unhcr.org\/costarica\/wp-json\/wp\/v2\/pages\/55\/revisions"}],"predecessor-version":[{"id":2968,"href":"https:\/\/help.unhcr.org\/costarica\/wp-json\/wp\/v2\/pages\/55\/revisions\/2968"}],"wp:attachment":[{"href":"https:\/\/help.unhcr.org\/costarica\/wp-json\/wp\/v2\/media?parent=55"}],"curies":[{"name":"wp","href":"https:\/\/api.w.org\/{rel}","templated":true}]}}