{"id":3000,"date":"2026-01-12T22:29:45","date_gmt":"2026-01-12T22:29:45","guid":{"rendered":"https:\/\/help.unhcr.org\/costarica?page_id=3000"},"modified":"2026-01-12T23:15:18","modified_gmt":"2026-01-12T23:15:18","slug":"informacion-para-personas-indigenas-miskitu","status":"publish","type":"page","link":"https:\/\/help.unhcr.org\/costarica\/sobre-el-sitio\/informacion-para-personas-indigenas-miskitu","title":{"rendered":"Informaci\u00f3n para personas ind\u00edgenas miskitu"},"content":{"rendered":"\n<p>Muskitu sm\u00e3 k\u00e2ka, nahki \u201crefugio\u201d saka ba tanka briaya sip sm\u00e3; dia wauhkataya nitsma brikaya, y\u00e2 hel mai muna sip sa bara ani nani ba raitkam nani ba sin l\u00e3n taka sip sma:<\/p>\n\n\n\n<h2 class=\"wp-block-heading\">1. Nahki \u201crefugio\u201d ba sakaya? <\/h2>\n\n\n\n<figure class=\"wp-block-embed is-type-video is-provider-youtube wp-block-embed-youtube wp-embed-aspect-16-9 wp-has-aspect-ratio\"><div class=\"wp-block-embed__wrapper\">\n<iframe loading=\"lazy\" title=\"Nahki \u201crefugio\u201d ba sakaya? (C\u00f3mo solicitar #refugio en miskitu)\" width=\"640\" height=\"360\" src=\"https:\/\/www.youtube.com\/embed\/C_UlruUvG_E?feature=oembed\" frameborder=\"0\" allow=\"accelerometer; autoplay; clipboard-write; encrypted-media; gyroscope; picture-in-picture; web-share\" referrerpolicy=\"strict-origin-when-cross-origin\" allowfullscreen><\/iframe>\n<\/div><\/figure>\n\n\n\n<h2 class=\"wp-block-heading\">2. Dia dauka nitsma \u201ccita\u201d sakaya bara \u201crefugio\u201d sakaya ba t\u00e3 krikaya dukiara? <\/h2>\n\n\n\n<figure class=\"wp-block-embed is-type-video is-provider-youtube wp-block-embed-youtube wp-embed-aspect-16-9 wp-has-aspect-ratio\"><div class=\"wp-block-embed__wrapper\">\n<iframe loading=\"lazy\" title=\"Dia dauka nitsma \u201ccita\u201d sakaya bara \u201crefugio\u201d sakaya ba t\u00e3 krikaya dukiara?\" width=\"640\" height=\"360\" src=\"https:\/\/www.youtube.com\/embed\/CinaKrqHnhM?feature=oembed\" frameborder=\"0\" allow=\"accelerometer; autoplay; clipboard-write; encrypted-media; gyroscope; picture-in-picture; web-share\" referrerpolicy=\"strict-origin-when-cross-origin\" allowfullscreen><\/iframe>\n<\/div><\/figure>\n\n\n\n<h2 class=\"wp-block-heading\">3. Apis nani ta briba bara asla takanka nani help ka laka yabi ba \u201crefugio\u201d sakaya ba dukiara. <\/h2>\n\n\n\n<figure class=\"wp-block-embed is-type-video is-provider-youtube wp-block-embed-youtube wp-embed-aspect-16-9 wp-has-aspect-ratio\"><div class=\"wp-block-embed__wrapper\">\n<iframe loading=\"lazy\" title=\"Apis nani ta briba bara asla takanka nani help ka laka yabi ba \u201crefugio\u201d sakaya ba dukiara.\" width=\"640\" height=\"360\" src=\"https:\/\/www.youtube.com\/embed\/yG4BcXbe_Ic?feature=oembed\" frameborder=\"0\" allow=\"accelerometer; autoplay; clipboard-write; encrypted-media; gyroscope; picture-in-picture; web-share\" referrerpolicy=\"strict-origin-when-cross-origin\" allowfullscreen><\/iframe>\n<\/div><\/figure>\n\n\n\n<h2 class=\"wp-block-heading\">4. Upla nani \u201crefugio\u201d sakiba raitka nani ani nani sa?<\/h2>\n\n\n\n<figure class=\"wp-block-embed is-type-video is-provider-youtube wp-block-embed-youtube wp-embed-aspect-16-9 wp-has-aspect-ratio\"><div class=\"wp-block-embed__wrapper\">\n<iframe loading=\"lazy\" title=\"Upla nani \u201crefugio\u201d sakiba raitka nani ani nani sa?\" width=\"640\" height=\"360\" src=\"https:\/\/www.youtube.com\/embed\/UQiRdlL4sIs?feature=oembed\" frameborder=\"0\" allow=\"accelerometer; autoplay; clipboard-write; encrypted-media; gyroscope; picture-in-picture; web-share\" referrerpolicy=\"strict-origin-when-cross-origin\" allowfullscreen><\/iframe>\n<\/div><\/figure>\n","protected":false},"excerpt":{"rendered":"<p>Muskitu sm\u00e3 k\u00e2ka, nahki \u201crefugio\u201d saka ba tanka briaya sip sm\u00e3; dia wauhkataya nitsma brikaya, y\u00e2 hel mai muna sip sa bara ani nani ba raitkam nani ba sin l\u00e3n taka sip sma: 1. Nahki \u201crefugio\u201d ba sakaya? 2. Dia dauka nitsma \u201ccita\u201d sakaya bara \u201crefugio\u201d sakaya ba t\u00e3 krikaya dukiara? 3. Apis nani ta [&hellip;]<\/p>\n","protected":false},"author":397,"featured_media":0,"parent":55,"menu_order":6,"comment_status":"closed","ping_status":"closed","template":"","meta":{"_acf_changed":false,"footnotes":""},"class_list":["post-3000","page","type-page","status-publish","hentry"],"acf":[],"_links":{"self":[{"href":"https:\/\/help.unhcr.org\/costarica\/wp-json\/wp\/v2\/pages\/3000","targetHints":{"allow":["GET"]}}],"collection":[{"href":"https:\/\/help.unhcr.org\/costarica\/wp-json\/wp\/v2\/pages"}],"about":[{"href":"https:\/\/help.unhcr.org\/costarica\/wp-json\/wp\/v2\/types\/page"}],"author":[{"embeddable":true,"href":"https:\/\/help.unhcr.org\/costarica\/wp-json\/wp\/v2\/users\/397"}],"replies":[{"embeddable":true,"href":"https:\/\/help.unhcr.org\/costarica\/wp-json\/wp\/v2\/comments?post=3000"}],"version-history":[{"count":3,"href":"https:\/\/help.unhcr.org\/costarica\/wp-json\/wp\/v2\/pages\/3000\/revisions"}],"predecessor-version":[{"id":3007,"href":"https:\/\/help.unhcr.org\/costarica\/wp-json\/wp\/v2\/pages\/3000\/revisions\/3007"}],"up":[{"embeddable":true,"href":"https:\/\/help.unhcr.org\/costarica\/wp-json\/wp\/v2\/pages\/55"}],"wp:attachment":[{"href":"https:\/\/help.unhcr.org\/costarica\/wp-json\/wp\/v2\/media?parent=3000"}],"curies":[{"name":"wp","href":"https:\/\/api.w.org\/{rel}","templated":true}]}}